000
CXUS53 KARX 011809
CF6ONA
PRELIMINARY LOCAL CLIMATOLOGICAL DATA (WS FORM: F-6)
STATION: WINONA_MUNI_(AWOS) MN
MONTH: MARCH
YEAR: 2020
LATITUDE: 44 4 N
LONGITUDE: 91 42 W
TEMPERATURE IN F: :PCPN: SNOW: WIND :SUNSHINE: SKY :PK WND
================================================================================
1 2 3 4 5 6A 6B 7 8 9 10 11 12 13 14 15 16 17 18
12Z AVG MX 2MIN
DY MAX MIN AVG DEP HDD CDD WTR SNW DPTH SPD SPD DIR MIN PSBL S-S WX SPD DR
================================================================================
1 46 34 40 M 25 0 0.00 0.0 M 7.5 15 290 M M 0 24 290
2 36 28 32 M 33 0 0.00 0.0 M 5.8 9 240 M M 6 M M
3 41 28 35 M 30 0 M M M 7.3 18 300 M M 5 24 300
4 41 28 35 M 30 0 0.00 0.0 M 5.9 10 300 M M 2 8 16 300
5 43 32 38 M 27 0 0.02 0.0 M 11.2 20 340 M M 9 33 350
6 39 23 31 M 34 0 0.00 0.0 M 4.7 13 340 M M 0 20 340
7 54 27 41 M 24 0 0.00 0.0 M 6.8 12 170 M M 0 24 190
8 63 45 54 M 11 0 0.00 0.0 0 6.2 15 210 M M 0 21 210
9 55 32 44 M 21 0 T 0.0 0 7.6 12 220 M M 7 18 230
10 43 25 34 M 31 0 0.11 0.0 0 2.8 10 220 M M 5 16 220
11 46 32 39 M 26 0 0.14 0.0 M 3.0 7 130 M M 6 1 M M
12 50 36 43 M 22 0 M 0.0 M 9.4 18 290 M M 8 32 290
13 39 30 35 M 30 0 0.00 0.0 0 11.0 16 310 M M 1 27 300
14 34 28 31 M 34 0 0.00 0.0 0 3.0 6 70 M M 4 M M
15 39 19 29 M 36 0 0.00 0.0 0 3.7 9 110 M M 0 M M
16 37 32 35 M 30 0 0.00 0.0 0 6.0 17 310 M M 9 1 29 310
17 45 30 38 M 27 0 0.00 0.0 0 5.7 15 300 M M 3 22 300
18 41 36 39 M 26 0 0.00 0.0 0 5.9 9 130 M M 10 1 M M
19 41 34 38 M 27 0 0.80 0.0 0 5.5 12 350 M M 10 1 17 350
20 36 27 32 M 33 0 M M M 9.9 22 330 M M 6 30 330
21 36 21 29 M 36 0 M M 0 6.1 9 150 M M 5 M M
22 43 30 37 M 28 0 M M M 7.9 15 160 M M 8 18 150
23 41 32 37 M 28 0 M M M 1.2 4 140 M M 10 M M
24 52 37 45 M 20 0 0.00 0.0 0 4.3 14 150 M M 9 21 150
25 48 41 45 M 20 0 M 0.0 0 2.9 9 220 M M 9 1 16 220
26 50 37 44 M 21 0 0.00 0.0 0 2.8 8 130 M M 9 M M
27 55 36 46 M 19 0 0.35 0.0 0 4.1 10 120 M M 5 M M
28 45 43 44 M 21 0 0.36 0.0 0 9.4 17 100 M M 10 1 25 100
29 45 37 41 M 24 0 0.34 0.0 0 11.6 21 320 M M 9 29 320
30 59 32 46 M 19 0 0.00 0.0 0 4.9 8 330 M M 0 M M
31 50 32 41 M 24 0 0.00 0.0 0 4.6 12 120 M M 1 M M
================================================================================
SM 1393 984 817 0 2.12 0.0 188.7 M 166
================================================================================
AV 44.9 31.7 6.1 FASTST M M 5 MAX(MPH)
MISC ----> # 22 330 # 33 350
================================================================================
NOTES:
# LAST OF SEVERAL OCCURRENCES
COLUMN 17 PEAK WIND IN M.P.H.
PRELIMINARY LOCAL CLIMATOLOGICAL DATA (WS FORM: F-6) , PAGE 2
STATION: WINONA_MUNI_(AWOS) MN
MONTH: MARCH
YEAR: 2020
LATITUDE: 44 4 N
LONGITUDE: 91 42 W
[TEMPERATURE DATA] [PRECIPITATION DATA] SYMBOLS USED IN COLUMN 16
AVERAGE MONTHLY: 38.3 TOTAL FOR MONTH: 2.12 1 = FOG OR MIST
DPTR FM NORMAL: M DPTR FM NORMAL: M 2 = FOG REDUCING VISIBILITY
HIGHEST: 63 ON 8 GRTST 24HR 0.80 ON 19-19 TO 1/4 MILE OR LESS
LOWEST: 19 ON 15 3 = THUNDER
SNOW, ICE PELLETS, HAIL 4 = ICE PELLETS
TOTAL MONTH: 0.0 INCH 5 = HAIL
GRTST 24HR 0.0 6 = FREEZING RAIN OR DRIZZLE
GRTST DEPTH: 0 7 = DUSTSTORM OR SANDSTORM:
VSBY 1/2 MILE OR LESS
8 = SMOKE OR HAZE
[NO. OF DAYS WITH] [WEATHER - DAYS WITH] 9 = BLOWING SNOW
X = TORNADO
MAX 32 OR BELOW: 0 0.01 INCH OR MORE: 7
MAX 90 OR ABOVE: 0 0.10 INCH OR MORE: 6
MIN 32 OR BELOW: 20 0.50 INCH OR MORE: 1
MIN 0 OR BELOW: 0 1.00 INCH OR MORE: 0
[HDD (BASE 65) ]
TOTAL THIS MO. 817 CLEAR (SCALE 0-3) 9
DPTR FM NORMAL M PTCLDY (SCALE 4-7) 12
TOTAL FM JUL 1 5459 CLOUDY (SCALE 8-10) 10
DPTR FM NORMAL M
[CDD (BASE 65) ]
TOTAL THIS MO. 0
DPTR FM NORMAL M [PRESSURE DATA]
TOTAL FM JAN 1 0 HIGHEST SLP M ON M
DPTR FM NORMAL M LOWEST SLP M ON M
[REMARKS]
#FINAL-03-20#