000
CXUS53 KARX 011232
CF6ONA
PRELIMINARY LOCAL CLIMATOLOGICAL DATA (WS FORM: F-6)
STATION: WINONA_MUNI_(AWOS) MN
MONTH: SEPTEMBER
YEAR: 2023
LATITUDE: 44 4 N
LONGITUDE: 91 42 W
TEMPERATURE IN F: :PCPN: SNOW: WIND :SUNSHINE: SKY :PK WND
================================================================================
1 2 3 4 5 6A 6B 7 8 9 10 11 12 13 14 15 16 17 18
12Z AVG MX 2MIN
DY MAX MIN AVG DEP HDD CDD WTR SNW DPTH SPD SPD DIR MIN PSBL S-S WX SPD DR
================================================================================
1 86 57 72 M 0 7 0.00 0.0 0 4.9 12 200 M M 0 20 210
2 97 64 81 M 0 16 0.00 0.0 0 5.4 13 210 M M 0 22 210
3 99 70 85 M 0 20 0.00 0.0 0 4.1 9 220 M M 0 22 220
4 97 68 83 M 0 18 0.00 0.0 0 4.5 9 220 M M 0 20 200
5 90 77 84 M 0 19 0.00 0.0 0 6.9 13 160 M M 2 21 160
6 77 63 70 M 0 5 0.00 0.0 0 9.4 15 330 M M 9 24 320
7 63 55 59 M 6 0 0.00 0.0 0 4.4 7 340 M M 9 M M
8 72 54 63 M 2 0 0.00 0.0 0 1.0 6 20 M M 4 1 M M
9 81 52 67 M 0 2 0.05 0.0 0 2.2 8 120 M M 3 1 M M
10 70 61 66 M 0 1 0.00 0.0 0 4.1 6 340 M M 10 1 M M
11 73 50 62 M 3 0 0.00 0.0 0 2.7 8 330 M M 5 16 360
12 68 48 58 M 7 0 0.23 0.0 0 3.2 13 330 M M 5 1 M M
13 M 46 M M M M 0.00 0.0 0 2.6 6 130 M M 7 M M
14 81 48 65 M 0 0 0.00 0.0 0 6.0 9 210 M M 2 1 17 210
15 68 54 61 M 4 0 0.02 0.0 0 3.2 10 210 M M 6 1 17 210
16 72 52 62 M 3 0 T 0.0 0 1.2 8 130 M M 6 12 M M
17 73 50 62 M 3 0 0.00 0.0 0 2.2 7 300 M M 2 M M
18 77 46 62 M 3 0 0.00 0.0 0 4.9 10 110 M M 3 16 150
19 79 59 69 M 0 4 0.00 0.0 0 6.6 10 110 M M 1 M M
20 81 55 68 M 0 3 0.00 0.0 0 3.9 9 130 M M 1 1 M M
21 82 59 71 M 0 6 0.04 0.0 0 2.0 14 80 M M 3 12 25 80
22 72 61 67 M 0 2 0.81 0.0 0 4.7 12 120 M M 9 M M
23 70 63 67 M 0 2 0.50 0.0 0 6.6 15 130 M M 9 22 130
24 73 59 66 M 0 1 0.20 0.0 0 8.2 14 140 M M 7 25 140
25 70 59 65 M 0 0 0.28 0.0 0 3.2 8 120 M M 5 1 M M
26 68 57 63 M 2 0 0.45 0.0 0 2.8 8 70 M M 10 M M
27 72 63 68 M 0 3 0.06 0.0 0 4.0 9 130 M M 10 M M
28 68 59 64 M 1 0 0.00 0.0 0 5.6 9 120 M M 8 M M
29 79 57 68 M 0 3 0.00 0.0 0 7.6 15 120 M M 3 20 120
30 84 64 74 M 0 9 0.11 0.0 0 5.4 13 140 M M 3 17 140
================================================================================
SM 2242 1730 34 121 2.75 0.0 133.5 M 142
================================================================================
AV 77.3 57.7 4.4 FASTST M M 5 MAX(MPH)
MISC ----> # 15 330 # 25 80
================================================================================
NOTES:
# LAST OF SEVERAL OCCURRENCES
COLUMN 17 PEAK WIND IN M.P.H.
PRELIMINARY LOCAL CLIMATOLOGICAL DATA (WS FORM: F-6) , PAGE 2
STATION: WINONA_MUNI_(AWOS) MN
MONTH: SEPTEMBER
YEAR: 2023
LATITUDE: 44 4 N
LONGITUDE: 91 42 W
[TEMPERATURE DATA] [PRECIPITATION DATA] SYMBOLS USED IN COLUMN 16
AVERAGE MONTHLY: 67.5 TOTAL FOR MONTH: 2.75 1 = FOG OR MIST
DPTR FM NORMAL: 0.0 DPTR FM NORMAL: M 2 = FOG REDUCING VISIBILITY
HIGHEST: 99 ON 3 GRTST 24HR 0.81 ON 22-22 TO 1/4 MILE OR LESS
LOWEST: 46 ON 18,13 3 = THUNDER
SNOW, ICE PELLETS, HAIL 4 = ICE PELLETS
TOTAL MONTH: 0.0 INCH 5 = HAIL
GRTST 24HR 0.0 6 = FREEZING RAIN OR DRIZZLE
GRTST DEPTH: 0 7 = DUSTSTORM OR SANDSTORM:
VSBY 1/2 MILE OR LESS
8 = SMOKE OR HAZE
[NO. OF DAYS WITH] [WEATHER - DAYS WITH] 9 = BLOWING SNOW
X = TORNADO
MAX 32 OR BELOW: 0 0.01 INCH OR MORE: 11
MAX 90 OR ABOVE: 4 0.10 INCH OR MORE: 7
MIN 32 OR BELOW: 0 0.50 INCH OR MORE: 1
MIN 0 OR BELOW: 0 1.00 INCH OR MORE: 0
[HDD (BASE 65) ]
TOTAL THIS MO. 34 CLEAR (SCALE 0-3) 11
DPTR FM NORMAL M PTCLDY (SCALE 4-7) 11
TOTAL FM JUL 1 52 CLOUDY (SCALE 8-10) 8
DPTR FM NORMAL M
[CDD (BASE 65) ]
TOTAL THIS MO. 121
DPTR FM NORMAL M [PRESSURE DATA]
TOTAL FM JAN 1 764 HIGHEST SLP M ON M
DPTR FM NORMAL M LOWEST SLP M ON M
[REMARKS]
#FINAL-09-23#