000
CXUS56 KBOI 011002
CF6ONO
PRELIMINARY LOCAL CLIMATOLOGICAL DATA (WS FORM: F-6)
STATION: ONTARIO OR
MONTH: JUNE
YEAR: 2022
LATITUDE: 44 1 N
LONGITUDE: 117 1 W
TEMPERATURE IN F: :PCPN: SNOW: WIND :SUNSHINE: SKY :PK WND
================================================================================
1 2 3 4 5 6A 6B 7 8 9 10 11 12 13 14 15 16 17 18
12Z AVG MX 2MIN
DY MAX MIN AVG DEP HDD CDD WTR SNW DPTH SPD SPD DIR MIN PSBL S-S WX SPD DR
================================================================================
1 78 45 62 -4 3 0 0.00 M M 2.5 8 290 M M 0 14 280
2 88 55 72 6 0 7 T M M 6.0 26 200 M M 1 36 200
3 83 57 70 3 0 5 0.01 M M 6.2 23 340 M M 2 3 30 340
4 73 60 67 0 0 2 0.09 M M 5.8 15 170 M M 6 21 150
5 71 56 64 -3 1 0 0.18 M M 6.2 28 330 M M 7 3 37 340
6 76 48 62 -5 3 0 0.00 M M 5.6 21 340 M M 2 26 340
7 80 48 64 -4 1 0 0.00 M M 3.9 10 260 M M 0 16 320
8 78 57 68 0 0 3 0.01 M M 4.4 12 170 M M 4 16 140
9 88 55 72 4 0 7 0.00 0.0 0 4.5 8 360 M M 0 13 140
10 93 58 76 8 0 11 0.00 0.0 0 3.7 18 330 M M 1 25 330
11 83 66 75 7 0 10 T 0.0 0 9.0 31 350 M M 3 41 350
12 67 52 60 -9 5 0 0.75 M M 7.0 23 300 M M 9 13 30 270
13 67 45 56 -13 9 0 0.00 M M 11.4 21 310 M M 4 29 290
14 65 44 55 -14 10 0 0.01 M M 7.7 17 360 M M 3 25 240
15 79 39 59 -10 6 0 0.00 M M 2.7 12 160 M M 0 20 150
16 86 51 69 -1 0 4 0.00 M M 6.6 21 320 M M 0 26 320
17 81 61 71 1 0 6 0.00 M M 10.1 24 320 M M 2 30 320
18 78 57 68 -2 0 3 0.00 M M 12.8 26 330 M M 2 35 330
19 77 50 64 -6 1 0 0.00 M M 15.9 24 330 M M 2 33 320
20 79 51 65 -6 0 0 0.00 M M 5.9 16 320 M M 3 22 320
21 85 50 68 -3 0 3 0.00 M M 3.7 10 150 M M 0 14 160
22 92 49 71 0 0 6 0.00 M M 2.8 10 140 M M 0 16 150
23 92 61 77 5 0 12 0.00 M M 10.8 23 330 M M 0 32 20
24 86 54 70 -2 0 5 0.00 M M 11.1 20 320 M M 0 27 350
25 89 51 70 -2 0 5 0.00 M M 4.7 12 310 M M 0 16 20
26 95 49 72 -1 0 7 0.00 M M 3.3 12 160 M M 0 17 160
27 104 55 80 7 0 15 0.00 M M 1.8 9 180 M M 0 11 180
28 100 63 82 9 0 17 0.00 M M 7.8 30 330 M M 0 41 330
29 89 62 76 2 0 11 0.00 M M 8.7 32 330 M M 0 42 320
30 95 57 76 2 0 11 0.00 M M 4.0 14 330 M M 0 17 330
================================================================================
SM 2497 1606 39 150 1.05 0.0 196.6 M 51
================================================================================
AV 83.2 53.5 6.6 FASTST M M 2 MAX(MPH)
MISC ----> 32 330 42 320
================================================================================
NOTES:
# LAST OF SEVERAL OCCURRENCES
COLUMN 17 PEAK WIND IN M.P.H.
PRELIMINARY LOCAL CLIMATOLOGICAL DATA (WS FORM: F-6) , PAGE 2
STATION: ONTARIO OR
MONTH: JUNE
YEAR: 2022
LATITUDE: 44 1 N
LONGITUDE: 117 1 W
[TEMPERATURE DATA] [PRECIPITATION DATA] SYMBOLS USED IN COLUMN 16
AVERAGE MONTHLY: 68.4 TOTAL FOR MONTH: 1.05 1 = FOG OR MIST
DPTR FM NORMAL: -1.4 DPTR FM NORMAL: 0.33 2 = FOG REDUCING VISIBILITY
HIGHEST: 104 ON 27 GRTST 24HR 0.75 ON 12-12 TO 1/4 MILE OR LESS
LOWEST: 39 ON 15 3 = THUNDER
SNOW, ICE PELLETS, HAIL 4 = ICE PELLETS
TOTAL MONTH: 0.0 INCH 5 = HAIL
GRTST 24HR 0.0 6 = FREEZING RAIN OR DRIZZLE
GRTST DEPTH: 0 7 = DUSTSTORM OR SANDSTORM:
VSBY 1/2 MILE OR LESS
8 = SMOKE OR HAZE
[NO. OF DAYS WITH] [WEATHER - DAYS WITH] 9 = BLOWING SNOW
X = TORNADO
MAX 32 OR BELOW: 0 0.01 INCH OR MORE: 6
MAX 90 OR ABOVE: 7 0.10 INCH OR MORE: 2
MIN 32 OR BELOW: 0 0.50 INCH OR MORE: 1
MIN 0 OR BELOW: 0 1.00 INCH OR MORE: 0
[HDD (BASE 65) ]
TOTAL THIS MO. 39 CLEAR (SCALE 0-3) 25
DPTR FM NORMAL 7 PTCLDY (SCALE 4-7) 4
TOTAL FM JUL 1 5332 CLOUDY (SCALE 8-10) 1
DPTR FM NORMAL 133
[CDD (BASE 65) ]
TOTAL THIS MO. 150
DPTR FM NORMAL -26 [PRESSURE DATA]
TOTAL FM JAN 1 168 HIGHEST SLP M ON M
DPTR FM NORMAL -67 LOWEST SLP 29.51 ON 17
[REMARKS]
#FINAL-06-22#