000
CXUS52 KMFL 011130
CF6OPF
PRELIMINARY LOCAL CLIMATOLOGICAL DATA (WS FORM: F-6)
STATION: OPA-LOCKA ARPT
MONTH: FEBRUARY
YEAR: 2022
LATITUDE: 25 53 N
LONGITUDE: 80 17 W
TEMPERATURE IN F: :PCPN: SNOW: WIND :SUNSHINE: SKY :PK WND
================================================================================
1 2 3 4 5 6A 6B 7 8 9 10 11 12 13 14 15 16 17 18
12Z AVG MX 2MIN
DY MAX MIN AVG DEP HDD CDD WTR SNW DPTH SPD SPD DIR MIN PSBL S-S WX SPD DR
================================================================================
1 75 53 64 -4 1 0 0.00 M M 10.2 22 90 M M 3 27 120
2 79 65 72 3 0 7 0.00 0.0 0 12.9 21 130 M M 2 29 110
3 80 67 74 5 0 9 0.00 M M 11.9 21 130 M M 1 31 110
4 82 67 75 6 0 10 0.00 M M 9.2 17 150 M M 4 22 110
5 82 63 73 4 0 8 0.00 M M 4.4 13 90 M M 4 1 17 120
6 82 66 74 5 0 9 0.00 M M 4.7 13 130 M M 6 8 15 150
7 83 64 74 5 0 9 T M M 5.4 14 160 M M 4 12 22 230
8 81 66 74 5 0 9 0.01 M M 6.3 16 340 M M 6 1 21 340
9 66 61 64 -5 1 0 0.34 M M 8.2 20 330 M M 8 18 23 330
10 78 56 67 -3 0 2 0.00 M M 7.5 16 50 M M 0 23 90
11 82 61 72 2 0 7 0.00 0.0 0 4.6 15 80 M M 4 25 110
12 83 65 74 4 0 9 0.00 0.0 0 5.7 14 80 M M 2 16 80
13 74 62 68 -2 0 3 0.65 0.0 M 9.0 25 300 M M 5 13 30 310
14 71 54 63 -7 2 0 0.00 0.0 0 12.9 20 30 M M 1 26 20
15 75 56 66 -4 0 1 T 0.0 0 14.3 28 90 M M 5 34 60
16 79 70 75 5 0 10 0.03 0.0 0 14.7 25 90 M M 6 8 33 90
17 81 72 77 7 0 12 0.01 0.0 0 12.4 22 130 M M 7 27 120
18 86 67 77 7 0 12 0.00 0.0 0 7.9 15 150 M M 3 20 160
19 86 69 78 8 0 13 0.17 0.0 0 6.6 18 50 M M 6 23 40
20 79 68 74 3 0 9 0.00 0.0 0 10.3 20 80 M M 7 25 90
21 80 65 73 2 0 8 0.00 M M 6.3 18 90 M M 3 23 80
22 82 69 76 5 0 11 0.00 M M 11.2 21 90 M M 4 26 100
23 82 70 76 5 0 11 0.00 0.0 0 8.6 17 100 M M 3 23 80
24 82 66 74 3 0 9 0.00 0.0 0 7.0 17 120 M M 2 23 120
25 83 67 75 4 0 10 0.00 0.0 0 7.8 18 110 M M 3 22 110
26 82 68 75 4 0 10 0.00 M M 7.3 16 90 M M 2 20 90
27 84 67 76 5 0 11 0.80 0.0 0 7.0 17 320 M M 3 18 25 130
28 83 70 77 6 0 12 0.01 0.0 0 7.3 17 250 M M 6 1 22 260
================================================================================
SM 2242 1814 4 221 2.02 0.0 241.6 M 110
================================================================================
AV 80.1 64.8 8.6 FASTST M M 4 MAX(MPH)
MISC ----> 28 90 34 60
================================================================================
NOTES:
# LAST OF SEVERAL OCCURRENCES
COLUMN 17 PEAK WIND IN M.P.H.
PRELIMINARY LOCAL CLIMATOLOGICAL DATA (WS FORM: F-6) , PAGE 2
STATION: OPA-LOCKA ARPT
MONTH: FEBRUARY
YEAR: 2022
LATITUDE: 25 53 N
LONGITUDE: 80 17 W
[TEMPERATURE DATA] [PRECIPITATION DATA] SYMBOLS USED IN COLUMN 16
AVERAGE MONTHLY: 72.4 TOTAL FOR MONTH: 2.02 1 = FOG OR MIST
DPTR FM NORMAL: 2.4 DPTR FM NORMAL: -0.64 2 = FOG REDUCING VISIBILITY
HIGHEST: 86 ON 19,18 GRTST 24HR 0.81 ON 27-28 TO 1/4 MILE OR LESS
LOWEST: 53 ON 1 3 = THUNDER
SNOW, ICE PELLETS, HAIL 4 = ICE PELLETS
TOTAL MONTH: 0.0 INCH 5 = HAIL
GRTST 24HR 0.0 6 = FREEZING RAIN OR DRIZZLE
GRTST DEPTH: 0 7 = DUSTSTORM OR SANDSTORM:
VSBY 1/2 MILE OR LESS
8 = SMOKE OR HAZE
[NO. OF DAYS WITH] [WEATHER - DAYS WITH] 9 = BLOWING SNOW
X = TORNADO
MAX 32 OR BELOW: 0 0.01 INCH OR MORE: 8
MAX 90 OR ABOVE: 0 0.10 INCH OR MORE: 4
MIN 32 OR BELOW: 0 0.50 INCH OR MORE: 2
MIN 0 OR BELOW: 0 1.00 INCH OR MORE: 0
[HDD (BASE 65) ]
TOTAL THIS MO. 4 CLEAR (SCALE 0-3) 9
DPTR FM NORMAL -21 PTCLDY (SCALE 4-7) 19
TOTAL FM JUL 1 61 CLOUDY (SCALE 8-10) 0
DPTR FM NORMAL -52
[CDD (BASE 65) ]
TOTAL THIS MO. 221
DPTR FM NORMAL 56 [PRESSURE DATA]
TOTAL FM JAN 1 387 HIGHEST SLP 30.38 ON 15
DPTR FM NORMAL 84 LOWEST SLP 29.95 ON 28
[REMARKS]
#FINAL-02-22#