000
CXUS56 KMFR 010930
CF6OTH
PRELIMINARY LOCAL CLIMATOLOGICAL DATA (WS FORM: F-6)
STATION: NORTH BEND OR
MONTH: JULY
YEAR: 2023
LATITUDE: 43 25 N
LONGITUDE: 124 15 W
TEMPERATURE IN F: :PCPN: SNOW: WIND :SUNSHINE: SKY :PK WND
================================================================================
1 2 3 4 5 6A 6B 7 8 9 10 11 12 13 14 15 16 17 18
12Z AVG MX 2MIN
DY MAX MIN AVG DEP HDD CDD WTR SNW DPTH SPD SPD DIR MIN PSBL S-S WX SPD DR
================================================================================
1 65 49 57 -2 8 0 0.00 M M 15.7 33 360 M M 0 39 360
2 63 51 57 -2 8 0 0.00 M M 19.6 36 360 M M 1 1 43 360
3 64 50 57 -2 8 0 0.00 M M 17.0 32 360 M M 4 1 41 10
4 64 51 58 -1 7 0 T M M 10.3 25 350 M M 5 12 32 350
5 63 52 58 -1 7 0 0.00 M M 8.4 18 340 M M 10 18 22 340
6 63 54 59 0 6 0 0.01 M M 9.2 17 350 M M 10 18 22 350
7 64 55 60 1 5 0 0.00 M M 5.6 14 300 M M 9 1 16 290
8 64 55 60 1 5 0 0.00 M M 5.1 15 320 M M 6 17 310
9 64 55 60 0 5 0 0.00 M M 4.4 17 310 M M 10 21 320
10 68 54 61 1 4 0 0.00 M M 8.3 18 340 M M 5 1 21 340
11 68 54 61 1 4 0 T M M 9.0 20 350 M M 4 1 24 340
12 67 55 61 1 4 0 0.00 M M 8.0 15 360 M M 4 18 350
13 70 54 62 2 3 0 T M M 10.0 25 350 M M 2 1 30 360
14 72 54 63 3 2 0 T M M 12.4 26 350 M M 1 12 32 350
15 65 54 60 0 5 0 T M M 13.8 31 350 M M 8 12 35 350
16 66 54 60 0 5 0 T M M 10.9 21 350 M M 9 1 26 350
17 71 57 64 4 1 0 0.00 M M 13.3 28 360 M M 4 36 360
18 67 52 60 0 5 0 0.00 M M 16.1 33 360 M M 2 1 43 360
19 64 54 59 -1 6 0 T M M 10.2 22 20 M M 10 1 26 360
20 67 57 62 2 3 0 T M M 7.2 18 340 M M 9 1 22 330
21 67 56 62 2 3 0 T M M 9.6 20 340 M M 8 1 23 340
22 70 54 62 2 3 0 T M M 10.7 24 350 M M 5 12 31 350
23 70 57 64 4 1 0 0.00 M M 9.2 17 320 M M 4 22 330
24 74 55 65 5 0 0 0.04 M M 8.4 18 260 M M 2 1 22 260
25 70 58 64 4 1 0 0.03 M M 11.7 23 360 M M 6 1 31 340
26 68 51 60 0 5 0 0.00 M M 11.3 28 360 M M M 33 350
27 68 58 63 3 2 0 0.00 M M 12.9 23 350 M M 5 30 350
28 68 58 63 3 2 0 0.00 M M 8.9 21 340 M M 5 26 340
29 70 53 62 2 3 0 0.00 M M 7.3 17 330 M M 3 22 350
30 70 54 62 2 3 0 0.00 M M 9.6 22 350 M M 3 1 26 350
31 69 51 60 0 5 0 0.00 M M 12.1 25 360 M M 3 1 36 350
================================================================================
SM 2083 1676 129 0 0.08 M 326.3 M 157
================================================================================
AV 67.2 54.1 10.5 FASTST M M 5 MAX(MPH)
MISC ----> 36 360 # 43 360
================================================================================
NOTES:
# LAST OF SEVERAL OCCURRENCES
COLUMN 17 PEAK WIND IN M.P.H.
PRELIMINARY LOCAL CLIMATOLOGICAL DATA (WS FORM: F-6) , PAGE 2
STATION: NORTH BEND OR
MONTH: JULY
YEAR: 2023
LATITUDE: 43 25 N
LONGITUDE: 124 15 W
[TEMPERATURE DATA] [PRECIPITATION DATA] SYMBOLS USED IN COLUMN 16
AVERAGE MONTHLY: 60.6 TOTAL FOR MONTH: 0.08 1 = FOG OR MIST
DPTR FM NORMAL: 0.8 DPTR FM NORMAL: -0.27 2 = FOG REDUCING VISIBILITY
HIGHEST: 74 ON 24 GRTST 24HR 0.07 ON 24-25 TO 1/4 MILE OR LESS
LOWEST: 49 ON 1 3 = THUNDER
SNOW, ICE PELLETS, HAIL 4 = ICE PELLETS
TOTAL MONTH: M 5 = HAIL
GRTST 24HR M ON M 6 = FREEZING RAIN OR DRIZZLE
GRTST DEPTH: M ON M 7 = DUSTSTORM OR SANDSTORM:
VSBY 1/2 MILE OR LESS
8 = SMOKE OR HAZE
[NO. OF DAYS WITH] [WEATHER - DAYS WITH] 9 = BLOWING SNOW
X = TORNADO
MAX 32 OR BELOW: 0 0.01 INCH OR MORE: 3
MAX 90 OR ABOVE: 0 0.10 INCH OR MORE: 0
MIN 32 OR BELOW: 0 0.50 INCH OR MORE: 0
MIN 0 OR BELOW: 0 1.00 INCH OR MORE: 0
[HDD (BASE 65) ]
TOTAL THIS MO. 129 CLEAR (SCALE 0-3) 7
DPTR FM NORMAL -32 PTCLDY (SCALE 4-7) 15
TOTAL FM JUL 1 129 CLOUDY (SCALE 8-10) 9
DPTR FM NORMAL -35
[CDD (BASE 65) ]
TOTAL THIS MO. 0
DPTR FM NORMAL -1 [PRESSURE DATA]
TOTAL FM JAN 1 9 HIGHEST SLP 30.21 ON 25
DPTR FM NORMAL 8 LOWEST SLP 29.94 ON 4
[REMARKS]
#FINAL-07-23#