000
CXAK56 PAFG 010955
CF6OTZ
PRELIMINARY LOCAL CLIMATOLOGICAL DATA (WS FORM: F-6)
STATION: KOTZEBUE AK
MONTH: JULY
YEAR: 2022
LATITUDE: 66 52 N
LONGITUDE: 162 38 W
TEMPERATURE IN F: :PCPN: SNOW: WIND :SUNSHINE: SKY :PK WND
================================================================================
1 2 3 4 5 6A 6B 7 8 9 10 11 12 13 14 15 16 17 18
12Z AVG MX 2MIN
DY MAX MIN AVG DEP HDD CDD WTR SNW DPTH SPD SPD DIR MIN PSBL S-S WX SPD DR
================================================================================
1 69 60 65 9 0 0 0.00 M M 11.5 20 130 M M 2 8 22 120
2 66 55 61 5 4 0 0.01 M M 6.1 14 190 M M 3 8 16 170
3 64 57 61 5 4 0 0.00 M M 4.4 9 260 M M 0 18 11 220
4 62 57 60 4 5 0 0.00 M M 6.5 12 260 M M 1 18 15 290
5 60 52 56 -1 9 0 T M M 7.2 15 280 M M 9 18 17 290
6 64 54 59 2 6 0 0.00 M M 4.8 9 360 M M 4 17 320
7 65 57 61 4 4 0 0.05 M M 5.4 12 20 M M 6 18 14 330
8 66 58 62 5 3 0 0.00 M M 7.4 14 300 M M 2 1 16 300
9 67 57 62 5 3 0 0.00 M M 11.0 22 300 M M 0 24 300
10 58 49 54 -3 11 0 0.00 M M 13.2 20 290 M M 0 22 290
11 49 43 46 -11 19 0 0.02 M M 14.0 18 280 M M 6 12 23 290
12 48 42 45 -12 20 0 0.00 M M 16.6 24 270 M M 1 1 27 290
13 55 41 48 -9 17 0 0.00 M M 8.5 16 290 M M 7 12 19 290
14 54 47 51 -6 14 0 0.00 M M 9.9 18 270 M M 2 1 22 280
15 60 48 54 -3 11 0 0.00 M M 9.8 17 280 M M 1 18 19 280
16 53 43 48 -9 17 0 0.00 M M 14.2 20 270 M M 2 21 260
17 64 45 55 -2 10 0 0.02 M M 10.7 25 190 M M 2 1 38 190
18 48 38 43 -14 22 0 0.14 M M 22.9 35 240 M M 8 1 46 250
19 46 39 43 -14 22 0 0.33 M M 16.4 28 120 M M 8 1 41 120
20 51 41 46 -11 19 0 0.32 M M 16.2 29 90 M M 8 1 35 80
21 53 45 49 -8 16 0 0.06 M M 19.3 29 80 M M 6 1 37 90
22 56 43 50 -7 15 0 0.00 M M 11.5 20 110 M M 3 23 110
23 54 49 52 -4 13 0 0.00 M M 8.5 16 140 M M 5 21 150
24 57 48 53 -3 12 0 0.09 M M 7.0 13 50 M M 6 1 M M
25 57 51 54 -2 11 0 0.39 M M 16.3 24 150 M M 9 1 35 80
26 50 41 46 -10 19 0 0.50 M M 25.1 33 230 M M 10 1 43 230
27 46 41 44 -12 21 0 0.01 M M 19.2 23 240 M M 10 1 30 230
28 49 41 45 -11 20 0 0.00 M M 13.6 21 300 M M 6 24 300
29 52 44 48 -8 17 0 0.00 M M 9.1 15 290 M M 1 17 290
30 53 44 49 -7 16 0 0.00 M M 8.8 17 280 M M 2 12 20 270
31 48 43 46 -10 19 0 0.00 M M 5.8 14 280 M M 9 12 16 250
================================================================================
SM 1744 1473 399 0 1.94 M 360.9 M 139
================================================================================
AV 56.3 47.5 11.6 FASTST M M 4 MAX(MPH)
MISC ----> 35 240 46 250
================================================================================
NOTES:
# LAST OF SEVERAL OCCURRENCES
COLUMN 17 PEAK WIND IN M.P.H.
PRELIMINARY LOCAL CLIMATOLOGICAL DATA (WS FORM: F-6) , PAGE 2
STATION: KOTZEBUE AK
MONTH: JULY
YEAR: 2022
LATITUDE: 66 52 N
LONGITUDE: 162 38 W
[TEMPERATURE DATA] [PRECIPITATION DATA] SYMBOLS USED IN COLUMN 16
AVERAGE MONTHLY: 51.9 TOTAL FOR MONTH: 1.94 1 = FOG OR MIST
DPTR FM NORMAL: -4.7 DPTR FM NORMAL: 0.34 2 = FOG REDUCING VISIBILITY
HIGHEST: 69 ON 1 GRTST 24HR 0.50 ON 26-26 TO 1/4 MILE OR LESS
LOWEST: 38 ON 18 3 = THUNDER
SNOW, ICE PELLETS, HAIL 4 = ICE PELLETS
TOTAL MONTH: M 5 = HAIL
GRTST 24HR M ON M 6 = FREEZING RAIN OR DRIZZLE
GRTST DEPTH: M ON M 7 = DUSTSTORM OR SANDSTORM:
VSBY 1/2 MILE OR LESS
8 = SMOKE OR HAZE
[NO. OF DAYS WITH] [WEATHER - DAYS WITH] 9 = BLOWING SNOW
X = TORNADO
MAX 32 OR BELOW: 0 0.01 INCH OR MORE: 12
MAX 90 OR ABOVE: 0 0.10 INCH OR MORE: 5
MIN 32 OR BELOW: 0 0.50 INCH OR MORE: 1
MIN 0 OR BELOW: 0 1.00 INCH OR MORE: 0
[HDD (BASE 65) ]
TOTAL THIS MO. 399 CLEAR (SCALE 0-3) 15
DPTR FM NORMAL 133 PTCLDY (SCALE 4-7) 10
TOTAL FM JUL 1 399 CLOUDY (SCALE 8-10) 6
DPTR FM NORMAL 135
[CDD (BASE 65) ]
TOTAL THIS MO. 0
DPTR FM NORMAL -5 [PRESSURE DATA]
TOTAL FM JAN 1 0 HIGHEST SLP M ON M
DPTR FM NORMAL -7 LOWEST SLP 29.35 ON 20
[REMARKS]
#FINAL-07-22#