000
CXUS56 KLKN 161900
CF6P68
PRELIMINARY LOCAL CLIMATOLOGICAL DATA (WS FORM: F-6)
STATION: EUREKA AIRPORT NV
MONTH: JUNE
YEAR: 2022
LATITUDE: 39 30 N
LONGITUDE: 115 58 W
TEMPERATURE IN F: :PCPN: SNOW: WIND :SUNSHINE: SKY :PK WND
================================================================================
1 2 3 4 5 6A 6B 7 8 9 10 11 12 13 14 15 16 17 18
12Z AVG MX 2MIN
DY MAX MIN AVG DEP HDD CDD WTR SNW DPTH SPD SPD DIR MIN PSBL S-S WX SPD DR
================================================================================
1 76 27 52 -5 13 0 0.00 M M 4.0 13 90 M M M 18 60
2 81 35 58 1 7 0 0.00 M M 5.7 23 250 M M M 37 240
3 79 45 62 4 3 0 0.00 M M 5.5 24 220 M M M 37 240
4 73 44 59 1 6 0 0.00 M M 6.0 20 250 M M M 28 280
5 77 39 58 0 7 0 0.01 M M 5.4 23 180 M M M 29 190
6 80 39 60 2 5 0 0.00 M M 6.5 17 270 M M M 32 250
7 83 35 59 0 6 0 0.00 M M 6.7 17 10 M M M 23 340
8 91 42 67 8 0 2 0.00 M M 6.7 20 290 M M M 29 300
9 93 45 69 9 0 4 0.00 M M 5.7 15 350 M M M 23 99
10 95 48 72 12 0 7 0.00 M M 7.7 23 260 M M M 31 250
11 94 50 72 12 0 7 0.00 M M 9.2 26 260 M M M 39 250
12 92 51 72 12 0 7 0.00 M M 12.8 33 250 M M M 50 230
13 69 35 52 -9 13 0 0.00 M M 11.6 30 310 M M M 45 320
14 73 26 50 -11 15 0 0.00 M M 8.4 24 300 M M M 41 280
15 84 29 57 -5 8 0 0.00 M M 5.0 15 150 M M M 20 160
16 92 47 70 8 0 5 0.00 M M 17.5 37 180 M M M 48 210
17 83 54 69 7 0 4 0.00 M M 26.1 45 200 M M M 60 200
18 74 34 54 -8 11 0 0.00 M M 9.0 32 230 M M M 49 240
19 63 32 48 -15 17 0 0.00 M M 7.7 31 270 M M M 44 260
20 73 28 51 -12 14 0 0.00 M M 5.7 15 360 M M M 20 350
21 82 32 57 -7 8 0 0.00 M M 5.0 17 350 M M M 22 360
22 85 39 62 -2 3 0 0.00 M M 5.7 21 260 M M M 27 250
23 80 51 66 2 0 1 0.07 M M 6.3 23 270 M M M 30 270
24 85 42 64 -1 1 0 0.00 M M 6.2 21 360 M M M 27 350
25 88 47 68 3 0 3 0.00 M M 7.6 30 180 M M M 40 230
26 89 47 68 3 0 3 0.00 M M 4.9 30 170 M M M 45 170
27 94 49 72 6 0 7 0.00 M M 5.6 20 260 M M M 26 170
28 94 54 74 8 0 9 0.00 M M 8.1 22 260 M M M 30 260
29 92 55 74 8 0 9 0.00 M M 4.9 20 280 M M M 27 250
30 90 51 71 4 0 6 0.00 M M 6.6 17 280 M M M 25 280
================================================================================
SM 2504 1252 137 74 0.08 M 233.8 M M
================================================================================
AV 83.5 41.7 7.8 FASTST M M M MAX(MPH)
MISC ----> 45 200 60 200
================================================================================
NOTES:
# LAST OF SEVERAL OCCURRENCES
COLUMN 17 PEAK WIND IN M.P.H.
PRELIMINARY LOCAL CLIMATOLOGICAL DATA (WS FORM: F-6) , PAGE 2
STATION: EUREKA AIRPORT NV
MONTH: JUNE
YEAR: 2022
LATITUDE: 39 30 N
LONGITUDE: 115 58 W
[TEMPERATURE DATA] [PRECIPITATION DATA] SYMBOLS USED IN COLUMN 16
AVERAGE MONTHLY: 62.6 TOTAL FOR MONTH: 0.08 1 = FOG OR MIST
DPTR FM NORMAL: 0.9 DPTR FM NORMAL: -0.55 2 = FOG REDUCING VISIBILITY
HIGHEST: 95 ON 10 GRTST 24HR 0.07 ON 23-23 TO 1/4 MILE OR LESS
LOWEST: 26 ON 14 3 = THUNDER
SNOW, ICE PELLETS, HAIL 4 = ICE PELLETS
TOTAL MONTH: M 5 = HAIL
GRTST 24HR M ON M 6 = FREEZING RAIN OR DRIZZLE
GRTST DEPTH: M ON M 7 = DUSTSTORM OR SANDSTORM:
VSBY 1/2 MILE OR LESS
8 = SMOKE OR HAZE
[NO. OF DAYS WITH] [WEATHER - DAYS WITH] 9 = BLOWING SNOW
X = TORNADO
MAX 32 OR BELOW: 0 0.01 INCH OR MORE: 2
MAX 90 OR ABOVE: 10 0.10 INCH OR MORE: 0
MIN 32 OR BELOW: 6 0.50 INCH OR MORE: 0
MIN 0 OR BELOW: 0 1.00 INCH OR MORE: 0
[HDD (BASE 65) ]
TOTAL THIS MO. 137 CLEAR (SCALE 0-3) 0
DPTR FM NORMAL -4 PTCLDY (SCALE 4-7) 0
TOTAL FM JUL 1 6991 CLOUDY (SCALE 8-10) 30
DPTR FM NORMAL -162
[CDD (BASE 65) ]
TOTAL THIS MO. 74
DPTR FM NORMAL 30 [PRESSURE DATA]
TOTAL FM JAN 1 77 HIGHEST SLP 30.18 ON 21
DPTR FM NORMAL 29 LOWEST SLP 29.42 ON 17
[REMARKS]
#FINAL-06-22#