000
CXUS56 KLKN 161855
CF6P68
PRELIMINARY LOCAL CLIMATOLOGICAL DATA (WS FORM: F-6)
STATION: EUREKA AIRPORT NV
MONTH: FEBRUARY
YEAR: 2022
LATITUDE: 39 30 N
LONGITUDE: 115 58 W
TEMPERATURE IN F: :PCPN: SNOW: WIND :SUNSHINE: SKY :PK WND
================================================================================
1 2 3 4 5 6A 6B 7 8 9 10 11 12 13 14 15 16 17 18
12Z AVG MX 2MIN
DY MAX MIN AVG DEP HDD CDD WTR SNW DPTH SPD SPD DIR MIN PSBL S-S WX SPD DR
================================================================================
1 29 3 16 -11 49 0 0.00 M M 5.8 16 360 M M M 20 20
2 27 8 18 -9 47 0 0.00 M M 8.1 22 340 M M M 30 360
3 34 9 22 -5 43 0 0.00 M M 4.3 13 20 M M M 15 30
4 39 7 23 -4 42 0 0.00 M M 3.7 10 200 M M M 13 200
5 44 13 29 2 36 0 0.00 M M 4.1 12 200 M M M 14 220
6 43 11 27 -1 38 0 0.00 M M 3.6 11 200 M M M 11 200
7 47 14 31 3 34 0 0.00 M M 3.4 12 180 M M M 13 180
8 49 19 34 6 31 0 0.00 M M 4.2 10 200 M M M 11 190
9 49 21 35 7 30 0 0.00 M M 4.1 10 20 M M M 14 20
10 49 21 35 7 30 0 0.00 M M 3.7 8 190 M M M 10 190
11 53 24 39 11 26 0 0.00 M M 4.5 10 200 M M M 13 210
12 53 22 38 10 27 0 0.00 M M 4.7 12 200 M M M 14 210
13 58 26 42 13 23 0 0.00 M M 6.9 14 180 M M M 16 250
14 58 26 42 13 23 0 0.00 M M 5.4 17 160 M M M 20 160
15 38 19 29 0 36 0 0.12 M M 9.1 23 360 M M M 32 360
16 35 10 23 -7 42 0 0.00 M M 7.3 21 340 M M M 29 320
17 39 10 25 -5 40 0 0.00 M M 3.8 8 200 M M M 11 350
18 48 17 33 3 32 0 0.00 M M 5.4 9 200 M M M 12 10
19 52 23 38 8 27 0 0.00 M M 5.1 12 210 M M M 14 210
20 48 25 37 6 28 0 0.00 M M 7.1 16 10 M M M 25 10
21 33 11 22 -9 43 0 0.09 M M 8.2 18 290 M M M 26 290
22 27 10 19 -12 46 0 0.04 M M 5.5 15 20 M M M 19 270
23 24 2 13 -19 52 0 0.00 M M 9.1 17 350 M M M 23 350
24 35 1 18 -14 47 0 0.00 M M 8.4 22 320 M M M 32 310
25 32 4 18 -14 47 0 0.00 M M 5.3 12 50 M M M 15 60
26 41 7 24 -9 41 0 0.00 M M 3.8 10 200 M M M 13 200
27 49 20 35 2 30 0 0.00 M M 4.4 10 70 M M M 12 60
28 57 22 40 7 25 0 0.00 M M 6.2 12 190 M M M 13 180
================================================================================
SM 1190 405 1015 0 0.25 M 155.2 M M
================================================================================
AV 42.5 14.5 5.5 FASTST M M M MAX(MPH)
MISC ----> 23 360 # 32 360
================================================================================
NOTES:
# LAST OF SEVERAL OCCURRENCES
COLUMN 17 PEAK WIND IN M.P.H.
PRELIMINARY LOCAL CLIMATOLOGICAL DATA (WS FORM: F-6) , PAGE 2
STATION: EUREKA AIRPORT NV
MONTH: FEBRUARY
YEAR: 2022
LATITUDE: 39 30 N
LONGITUDE: 115 58 W
[TEMPERATURE DATA] [PRECIPITATION DATA] SYMBOLS USED IN COLUMN 16
AVERAGE MONTHLY: 28.5 TOTAL FOR MONTH: 0.25 1 = FOG OR MIST
DPTR FM NORMAL: -1.0 DPTR FM NORMAL: -0.53 2 = FOG REDUCING VISIBILITY
HIGHEST: 58 ON 14,13 GRTST 24HR 0.12 ON 15-15 TO 1/4 MILE OR LESS
LOWEST: 1 ON 24 3 = THUNDER
SNOW, ICE PELLETS, HAIL 4 = ICE PELLETS
TOTAL MONTH: M 5 = HAIL
GRTST 24HR M ON M 6 = FREEZING RAIN OR DRIZZLE
GRTST DEPTH: M ON M 7 = DUSTSTORM OR SANDSTORM:
VSBY 1/2 MILE OR LESS
8 = SMOKE OR HAZE
[NO. OF DAYS WITH] [WEATHER - DAYS WITH] 9 = BLOWING SNOW
X = TORNADO
MAX 32 OR BELOW: 5 0.01 INCH OR MORE: 3
MAX 90 OR ABOVE: 0 0.10 INCH OR MORE: 1
MIN 32 OR BELOW: 28 0.50 INCH OR MORE: 0
MIN 0 OR BELOW: 0 1.00 INCH OR MORE: 0
[HDD (BASE 65) ]
TOTAL THIS MO. 1015 CLEAR (SCALE 0-3) 0
DPTR FM NORMAL 21 PTCLDY (SCALE 4-7) 0
TOTAL FM JUL 1 4947 CLOUDY (SCALE 8-10) 28
DPTR FM NORMAL -175
[CDD (BASE 65) ]
TOTAL THIS MO. 0
DPTR FM NORMAL 0 [PRESSURE DATA]
TOTAL FM JAN 1 0 HIGHEST SLP M ON M
DPTR FM NORMAL 0 LOWEST SLP 29.52 ON 15
[REMARKS]
#FINAL-02-22#