000
CXUS53 KPAH 280730
CF6PAH
PRELIMINARY LOCAL CLIMATOLOGICAL DATA (WS FORM: F-6)
STATION: PADUCAH KY
MONTH: MARCH
YEAR: 2024
LATITUDE: 37 4 N
LONGITUDE: 88 46 W
TEMPERATURE IN F: :PCPN: SNOW: WIND :SUNSHINE: SKY :PK WND
================================================================================
1 2 3 4 5 6A 6B 7 8 9 10 11 12 13 14 15 16 17 18
12Z AVG MX 2MIN
DY MAX MIN AVG DEP HDD CDD WTR SNW DPTH SPD SPD DIR MIN PSBL S-S WX SPD DR
================================================================================
1 45 38 42 -2 23 0 0.16 0.0 0 3.9 12 160 M M 10 1 19 180
2 56 36 46 1 19 0 0.00 0.0 0 4.2 13 130 M M 5 12 20 140
3 75 38 57 12 8 0 0.00 0.0 0 7.0 15 200 M M 1 12 27 180
4 80 61 71 26 0 6 0.00 0.0 0 8.1 17 170 M M 3 30 220
5 75 58 67 21 0 2 0.22 0.0 0 6.2 20 60 M M 5 13 27 50
6 62 51 57 11 8 0 T 0.0 0 7.0 16 360 M M 10 18 23 10
7 60 49 55 9 10 0 0.05 0.0 0 4.5 15 140 M M 9 18 20 150
8 61 53 57 11 8 0 0.57 0.0 0 4.1 16 120 M M 10 13 20 110
9 53 35 44 -3 21 0 T 0.0 0 7.7 16 350 M M 7 24 340
10 55 30 43 -4 22 0 0.00 0.0 0 4.3 13 320 M M 0 19 320
11 64 29 47 0 18 0 0.00 0.0 0 3.9 13 230 M M 0 21 210
12 70 37 54 6 11 0 0.00 0.0 0 5.0 16 180 M M 0 26 220
13 78 55 67 19 0 2 0.00 0.0 0 5.9 13 180 M M 2 20 190
14 77 59 68 20 0 3 0.19 0.0 0 8.6 25 310 M M 4 3 43 320
15 66 39 53 4 12 0 T 0.0 0 5.3 17 360 M M 5 1 25 360
16 67 35 51 2 14 0 0.00 0.0 0 4.8 12 240 M M 0 1 21 220
17 58 39 49 0 16 0 0.00 0.0 0 7.8 18 330 M M 0 24 320
18 45 27 36 -14 29 0 0.00 0.0 0 6.5 20 330 M M 1 8 30 340
19 58 24 41 -9 24 0 0.00 0.0 0 8.1 18 220 M M 0 32 220
20 70 43 57 7 8 0 0.00 0.0 0 6.3 14 350 M M 1 23 360
21 65 40 53 2 12 0 0.00 0.0 0 8.0 15 80 M M 1 21 80
22 74 46 60 9 5 0 T 0.0 0 6.9 20 350 M M 7 29 350
23 56 37 47 -4 18 0 T 0.0 0 9.8 22 360 M M 3 8 31 360
24 68 36 52 0 13 0 0.00 0.0 0 7.8 18 130 M M 0 22 110
25 71 56 64 12 1 0 1.53 0.0 0 15.4 30 140 M M 4 13 43 150
26 60 41 51 -1 14 0 T 0.0 0 9.3 20 230 M M 5 1 40 220
27 59 35 47 -5 18 0 0.00 0.0 0 2.4 12 340 M M 2 17 350
================================================================================
SM 1728 1127 332 13 2.72 0.0 178.8 M 95
================================================================================
AV 64.0 41.7 6.6 FASTST M M 4 MAX(MPH)
MISC ----> 30 140 # 43 320
================================================================================
NOTES:
# LAST OF SEVERAL OCCURRENCES
COLUMN 17 PEAK WIND IN M.P.H.
PRELIMINARY LOCAL CLIMATOLOGICAL DATA (WS FORM: F-6) , PAGE 2
STATION: PADUCAH KY
MONTH: MARCH
YEAR: 2024
LATITUDE: 37 4 N
LONGITUDE: 88 46 W
[TEMPERATURE DATA] [PRECIPITATION DATA] SYMBOLS USED IN COLUMN 16
AVERAGE MONTHLY: 52.9 TOTAL FOR MONTH: 2.72 1 = FOG OR MIST
DPTR FM NORMAL: 4.5 DPTR FM NORMAL: -1.33 2 = FOG REDUCING VISIBILITY
HIGHEST: 80 ON 4 GRTST 24HR 1.53 ON 25-25 TO 1/4 MILE OR LESS
LOWEST: 24 ON 19 3 = THUNDER
SNOW, ICE PELLETS, HAIL 4 = ICE PELLETS
TOTAL MONTH: 0.0 INCH 5 = HAIL
GRTST 24HR 0.0 6 = FREEZING RAIN OR DRIZZLE
GRTST DEPTH: 0 7 = DUSTSTORM OR SANDSTORM:
VSBY 1/2 MILE OR LESS
8 = SMOKE OR HAZE
[NO. OF DAYS WITH] [WEATHER - DAYS WITH] 9 = BLOWING SNOW
X = TORNADO
MAX 32 OR BELOW: 0 0.01 INCH OR MORE: 6
MAX 90 OR ABOVE: 0 0.10 INCH OR MORE: 5
MIN 32 OR BELOW: 4 0.50 INCH OR MORE: 2
MIN 0 OR BELOW: 0 1.00 INCH OR MORE: 1
[HDD (BASE 65) ]
TOTAL THIS MO. 332 CLEAR (SCALE 0-3) 15
DPTR FM NORMAL -122 PTCLDY (SCALE 4-7) 8
TOTAL FM JUL 1 3026 CLOUDY (SCALE 8-10) 4
DPTR FM NORMAL -572
[CDD (BASE 65) ]
TOTAL THIS MO. 13
DPTR FM NORMAL 13 [PRESSURE DATA]
TOTAL FM JAN 1 19 HIGHEST SLP M ON M
DPTR FM NORMAL 18 LOWEST SLP 29.45 ON 25
[REMARKS]