000
CXUS53 KPAH 010700
CF6PAH
PRELIMINARY LOCAL CLIMATOLOGICAL DATA (WS FORM: F-6)
STATION: PADUCAH KY
MONTH: JUNE
YEAR: 2021
LATITUDE: 37 4 N
LONGITUDE: 88 46 W
TEMPERATURE IN F: :PCPN: SNOW: WIND :SUNSHINE: SKY :PK WND
================================================================================
1 2 3 4 5 6A 6B 7 8 9 10 11 12 13 14 15 16 17 18
12Z AVG MX 2MIN
DY MAX MIN AVG DEP HDD CDD WTR SNW DPTH SPD SPD DIR MIN PSBL S-S WX SPD DR
================================================================================
1 67 61 64 -9 1 0 0.89 0.0 0 4.6 10 110 M M 7 1 15 110
2 77 65 71 -2 0 6 0.36 0.0 0 3.5 10 340 M M 9 18 15 340
3 80 62 71 -3 0 6 0.00 0.0 0 3.7 15 330 M M 5 13 22 330
4 85 58 72 -2 0 7 0.00 0.0 0 1.9 9 170 M M 0 18 14 170
5 88 63 76 2 0 11 0.01 0.0 0 2.4 9 190 M M 2 1 15 190
6 81 70 76 2 0 11 0.73 0.0 0 5.9 15 180 M M 9 18 23 200
7 81 70 76 1 0 11 0.21 0.0 0 4.8 10 220 M M 7 13 18 250
8 80 71 76 1 0 11 0.09 0.0 0 5.2 13 180 M M 7 18 21 160
9 85 71 78 3 0 13 0.02 0.0 0 2.0 8 170 M M 9 18 13 230
10 85 73 79 3 0 14 0.85 0.0 0 2.5 9 240 M M 6 1238 15 250
11 92 71 82 6 0 17 0.00 0.0 0 1.5 8 290 M M 1 18 13 280
12 96 73 85 9 0 20 0.20 0.0 0 2.7 22 140 M M 1 138 31 120
13 92 71 82 6 0 17 T 0.0 0 4.2 13 360 M M 1 138 20 340
14 93 66 80 4 0 15 0.00 0.0 0 2.5 10 40 M M 0 1 15 30
15 87 64 76 -1 0 11 0.00 0.0 0 4.2 13 10 M M 0 21 350
16 90 64 77 0 0 12 0.00 0.0 0 1.9 9 310 M M 2 8 14 330
17 93 66 80 3 0 15 0.00 0.0 0 1.7 8 220 M M 1 18 14 210
18 93 75 84 7 0 19 0.00 0.0 0 7.2 16 230 M M 0 8 26 230
19 89 72 81 3 0 16 0.00 0.0 0 3.9 12 190 M M 1 18 220
20 92 73 83 5 0 18 0.00 0.0 0 6.4 13 230 M M 1 22 230
21 85 63 74 -4 0 9 0.22 0.0 0 7.1 20 330 M M 5 138 31 330
22 78 56 67 -11 0 2 0.00 0.0 0 5.0 17 20 M M 0 27 40
23 82 55 69 -9 0 4 0.00 0.0 0 5.0 15 140 M M 0 22 130
24 85 67 76 -2 0 11 0.00 0.0 0 6.6 14 150 M M 1 20 150
25 90 78 84 6 0 19 0.00 0.0 0 9.5 17 170 M M 3 28 200
26 89 76 83 4 0 18 0.00 0.0 0 8.6 16 170 M M 2 29 180
27 91 76 84 5 0 19 T 0.0 0 5.8 13 220 M M 1 20 230
28 92 74 83 4 0 18 0.00 0.0 0 3.7 12 160 M M 1 17 180
29 95 71 83 4 0 18 T 0.0 0 2.9 18 180 M M 2 3 33 160
30 90 70 80 1 0 15 0.03 0.0 0 3.0 15 210 M M 3 13 29 200
================================================================================
SM 2603 2045 1 383 3.61 0.0 129.9 M 87
================================================================================
AV 86.8 68.2 4.3 FASTST M M 3 MAX(MPH)
MISC ----> 22 140 33 160
================================================================================
NOTES:
# LAST OF SEVERAL OCCURRENCES
COLUMN 17 PEAK WIND IN M.P.H.
PRELIMINARY LOCAL CLIMATOLOGICAL DATA (WS FORM: F-6) , PAGE 2
STATION: PADUCAH KY
MONTH: JUNE
YEAR: 2021
LATITUDE: 37 4 N
LONGITUDE: 88 46 W
[TEMPERATURE DATA] [PRECIPITATION DATA] SYMBOLS USED IN COLUMN 16
AVERAGE MONTHLY: 77.5 TOTAL FOR MONTH: 3.61 1 = FOG OR MIST
DPTR FM NORMAL: 1.0 DPTR FM NORMAL: -0.90 2 = FOG REDUCING VISIBILITY
HIGHEST: 96 ON 12 GRTST 24HR 1.14 ON 1- 2 TO 1/4 MILE OR LESS
LOWEST: 55 ON 23 3 = THUNDER
SNOW, ICE PELLETS, HAIL 4 = ICE PELLETS
TOTAL MONTH: 0.0 INCH 5 = HAIL
GRTST 24HR 0.0 6 = FREEZING RAIN OR DRIZZLE
GRTST DEPTH: 0 7 = DUSTSTORM OR SANDSTORM:
VSBY 1/2 MILE OR LESS
8 = SMOKE OR HAZE
[NO. OF DAYS WITH] [WEATHER - DAYS WITH] 9 = BLOWING SNOW
X = TORNADO
MAX 32 OR BELOW: 0 0.01 INCH OR MORE: 11
MAX 90 OR ABOVE: 13 0.10 INCH OR MORE: 7
MIN 32 OR BELOW: 0 0.50 INCH OR MORE: 3
MIN 0 OR BELOW: 0 1.00 INCH OR MORE: 0
[HDD (BASE 65) ]
TOTAL THIS MO. 1 CLEAR (SCALE 0-3) 21
DPTR FM NORMAL -1 PTCLDY (SCALE 4-7) 6
TOTAL FM JUL 1 3889 CLOUDY (SCALE 8-10) 3
DPTR FM NORMAL -35
[CDD (BASE 65) ]
TOTAL THIS MO. 383
DPTR FM NORMAL 35 [PRESSURE DATA]
TOTAL FM JAN 1 530 HIGHEST SLP M ON M
DPTR FM NORMAL -28 LOWEST SLP 29.69 ON 20
[REMARKS]
#FINAL-06-21#