000
CXUS54 KLZK 250859
CF6PBF
PRELIMINARY LOCAL CLIMATOLOGICAL DATA (WS FORM: F-6)
STATION: PINE BLUFF
MONTH: APRIL
YEAR: 2023
LATITUDE: 34 10 N
LONGITUDE: 91 56 W
TEMPERATURE IN F: :PCPN: SNOW: WIND :SUNSHINE: SKY :PK WND
================================================================================
1 2 3 4 5 6A 6B 7 8 9 10 11 12 13 14 15 16 17 18
12Z AVG MX 2MIN
DY MAX MIN AVG DEP HDD CDD WTR SNW DPTH SPD SPD DIR MIN PSBL S-S WX SPD DR
================================================================================
1 77 50 64 5 1 0 0.00 0.0 0 8.7 24 300 M M 0 34 310
2 78 45 62 2 3 0 1.03 0.0 0 6.8 18 170 M M 2 13 22 170
3 82 60 71 11 0 6 T 0.0 0 9.0 24 140 M M 7 1 28 140
4 87 70 79 19 0 14 T 0.0 0 14.7 23 190 M M 2 35 180
5 79 54 67 7 0 2 1.44 0.0 0 11.8 31 290 M M 9 13 41 300
6 55 52 54 -7 11 0 0.94 0.0 0 12.4 23 20 M M 10 1 32 10
7 60 51 56 -5 9 0 0.00 0.0 0 12.5 18 50 M M 9 25 50
8 66 53 60 -1 5 0 0.00 0.0 0 8.1 14 10 M M 9 M M
9 68 56 62 1 3 0 0.00 0.0 0 7.3 12 100 M M 6 M M
10 75 55 65 3 0 0 0.00 0.0 0 3.0 13 90 M M 6 17 80
11 77 51 64 2 1 0 0.00 0.0 0 3.3 12 60 M M 0 16 50
12 80 50 65 3 0 0 0.00 0.0 0 1.8 9 130 M M 0 M M
13 80 60 70 8 0 5 T 0.0 0 7.0 17 30 M M 5 25 30
14 83 52 68 5 0 3 0.00 0.0 0 4.6 10 190 M M 0 M M
15 84 56 70 7 0 5 0.32 0.0 0 10.7 22 330 M M 6 13 38 310
16 70 49 60 -3 5 0 0.00 0.0 0 10.5 21 300 M M 0 33 320
17 78 46 62 -2 3 0 0.00 0.0 0 6.0 10 330 M M 0 8 M M
18 81 52 67 3 0 2 0.00 0.0 0 9.7 20 170 M M 0 26 180
19 85 55 70 6 0 5 0.00 0.0 0 12.2 23 170 M M 1 28 180
20 82 64 73 9 0 8 1.32 0.0 0 13.1 22 190 M M 6 13 31 190
21 67 54 61 -4 4 0 0.66 0.0 0 8.0 25 360 M M 7 1 41 10
22 73 48 61 -4 4 0 0.01 0.0 0 6.4 15 310 M M 4 1 30 320
23 57 46 52 -13 13 0 T 0.0 0 7.2 21 20 M M 8 27 10
24 66 42 54 -11 11 0 0.00 0.0 0 5.8 16 60 M M 1 1 20 60
25 62 52 57 -9 8 0 0.22 0.0 0 7.4 17 30 M M 9 13 23 30
26 60 51 56 -10 9 0 0.62 0.0 0 7.5 12 50 M M 10 13 15 40
27 75 58 67 1 0 2 0.07 0.0 0 5.1 14 320 M M 7 13 18 320
28 71 57 64 -2 1 0 0.04 0.0 0 5.4 9 70 M M 7 1 13 50
29 68 58 63 -4 2 0 0.50 0.0 0 9.9 28 10 M M 7 1 36 20
30 77 52 65 -2 0 0 0.00 0.0 0 10.0 23 310 M M 0 34 300
================================================================================
SM 2203 1599 93 52 7.17 0.0 245.9 M 138
================================================================================
AV 73.4 53.3 8.2 FASTST M M 5 MAX(MPH)
MISC ----> 31 290 41 10
================================================================================
NOTES:
# LAST OF SEVERAL OCCURRENCES
COLUMN 17 PEAK WIND IN M.P.H.
PRELIMINARY LOCAL CLIMATOLOGICAL DATA (WS FORM: F-6) , PAGE 2
STATION: PINE BLUFF
MONTH: APRIL
YEAR: 2023
LATITUDE: 34 10 N
LONGITUDE: 91 56 W
[TEMPERATURE DATA] [PRECIPITATION DATA] SYMBOLS USED IN COLUMN 16
AVERAGE MONTHLY: 63.4 TOTAL FOR MONTH: 7.17 1 = FOG OR MIST
DPTR FM NORMAL: 0.3 DPTR FM NORMAL: 1.82 2 = FOG REDUCING VISIBILITY
HIGHEST: 87 ON 4 GRTST 24HR 2.36 ON 5- 6 TO 1/4 MILE OR LESS
LOWEST: 42 ON 24 3 = THUNDER
SNOW, ICE PELLETS, HAIL 4 = ICE PELLETS
TOTAL MONTH: 0.0 INCH 5 = HAIL
GRTST 24HR 0.0 6 = FREEZING RAIN OR DRIZZLE
GRTST DEPTH: 0 7 = DUSTSTORM OR SANDSTORM:
VSBY 1/2 MILE OR LESS
8 = SMOKE OR HAZE
[NO. OF DAYS WITH] [WEATHER - DAYS WITH] 9 = BLOWING SNOW
X = TORNADO
MAX 32 OR BELOW: 0 0.01 INCH OR MORE: 12
MAX 90 OR ABOVE: 0 0.10 INCH OR MORE: 9
MIN 32 OR BELOW: 0 0.50 INCH OR MORE: 7
MIN 0 OR BELOW: 0 1.00 INCH OR MORE: 3
[HDD (BASE 65) ]
TOTAL THIS MO. 93 CLEAR (SCALE 0-3) 12
DPTR FM NORMAL -31 PTCLDY (SCALE 4-7) 12
TOTAL FM JUL 1 2182 CLOUDY (SCALE 8-10) 6
DPTR FM NORMAL -633
[CDD (BASE 65) ]
TOTAL THIS MO. 52
DPTR FM NORMAL -17 [PRESSURE DATA]
TOTAL FM JAN 1 116 HIGHEST SLP 30.36 ON 6
DPTR FM NORMAL 24 LOWEST SLP 29.65 ON 27
[REMARKS]
#FINAL-04-23#