000
CXUS54 KLZK 011130
CF6PBF
PRELIMINARY LOCAL CLIMATOLOGICAL DATA (WS FORM: F-6)
STATION: PINE BLUFF
MONTH: JULY
YEAR: 2021
LATITUDE: 34 10 N
LONGITUDE: 91 56 W
TEMPERATURE IN F: :PCPN: SNOW: WIND :SUNSHINE: SKY :PK WND
================================================================================
1 2 3 4 5 6A 6B 7 8 9 10 11 12 13 14 15 16 17 18
12Z AVG MX 2MIN
DY MAX MIN AVG DEP HDD CDD WTR SNW DPTH SPD SPD DIR MIN PSBL S-S WX SPD DR
================================================================================
1 91 75 83 2 0 18 0.35 0.0 0 3.8 20 220 M M 3 3 28 230
2 87 69 78 -3 0 13 0.03 0.0 0 7.8 20 30 M M 5 1 25 40
3 86 62 74 -7 0 9 0.00 0.0 0 6.4 16 20 M M 0 19 20
4 88 63 76 -6 0 11 0.00 0.0 0 3.3 12 80 M M 0 15 70
5 91 66 79 -3 0 14 0.00 0.0 0 2.5 12 50 M M 0 18 16 50
6 94 71 83 1 0 18 T 0.0 0 3.0 14 160 M M 3 8 18 50
7 95 72 84 2 0 19 0.00 0.0 0 4.2 12 200 M M 1 18 15 100
8 94 73 84 2 0 19 T 0.0 0 5.8 14 200 M M 1 18 190
9 94 76 85 3 0 20 0.00 0.0 0 7.5 16 210 M M 1 24 200
10 92 75 84 2 0 19 0.07 0.0 0 8.4 18 200 M M 3 8 23 200
11 85 70 78 -4 0 13 0.82 0.0 0 8.3 23 330 M M 5 13 35 320
12 87 70 79 -3 0 14 0.01 0.0 0 5.5 14 210 M M 3 18 240
13 92 73 83 1 0 18 0.00 0.0 0 5.9 13 270 M M 2 19 290
14 94 74 84 2 0 19 0.00 0.0 0 5.8 13 190 M M 1 16 190
15 93 74 84 2 0 19 T 0.0 0 7.1 17 160 M M 1 3 23 160
16 91 73 82 0 0 17 0.02 0.0 0 7.0 16 340 M M 3 23 340
17 86 73 80 -2 0 15 0.01 0.0 0 5.8 15 130 M M 4 18 20 90
18 83 73 78 -4 0 13 0.03 0.0 0 4.6 13 310 M M 3 15 300
19 88 74 81 -1 0 16 0.18 0.0 0 5.8 15 320 M M 6 138 18 320
20 88 74 81 -1 0 16 0.10 0.0 0 8.7 21 70 M M 5 3 26 70
21 89 73 81 -1 0 16 0.09 0.0 0 6.1 20 100 M M 4 3 26 110
22 95 72 84 2 0 19 T 0.0 0 2.3 12 310 M M 2 128 13 320
23 95 76 86 4 0 21 0.00 0.0 0 3.8 10 50 M M 1 18 16 320
24 96 77 87 5 0 22 0.00 0.0 0 3.7 10 210 M M 2 15 40
25 98 77 88 6 0 23 0.00 0.0 0 3.5 14 340 M M 1 20 310
26 99 78 89 7 0 24 T 0.0 0 2.8 17 110 M M 2 3 22 80
27 98 78 88 6 0 23 0.00 0.0 0 3.1 12 70 M M 1 18 14 90
28 98 78 88 6 0 23 0.00 0.0 0 4.1 13 60 M M 0 18 20 80
29 98 75 87 5 0 22 0.00 0.0 0 1.9 7 60 M M 1 18 11 330
30 101 76 89 7 0 24 0.00 0.0 0 2.3 12 130 M M 1 18 14 120
31 100 78 89 7 0 24 0.00 0.0 0 4.3 12 270 M M 0 16 280
================================================================================
SM 2866 2268 0 561 1.71 0.0 155.1 M 65
================================================================================
AV 92.5 73.2 5.0 FASTST M M 2 MAX(MPH)
MISC ----> 23 330 35 320
================================================================================
NOTES:
# LAST OF SEVERAL OCCURRENCES
COLUMN 17 PEAK WIND IN M.P.H.
PRELIMINARY LOCAL CLIMATOLOGICAL DATA (WS FORM: F-6) , PAGE 2
STATION: PINE BLUFF
MONTH: JULY
YEAR: 2021
LATITUDE: 34 10 N
LONGITUDE: 91 56 W
[TEMPERATURE DATA] [PRECIPITATION DATA] SYMBOLS USED IN COLUMN 16
AVERAGE MONTHLY: 82.8 TOTAL FOR MONTH: 1.71 1 = FOG OR MIST
DPTR FM NORMAL: 0.9 DPTR FM NORMAL: -1.98 2 = FOG REDUCING VISIBILITY
HIGHEST: 101 ON 30 GRTST 24HR 0.84 ON 10-11 TO 1/4 MILE OR LESS
LOWEST: 62 ON 3 3 = THUNDER
SNOW, ICE PELLETS, HAIL 4 = ICE PELLETS
TOTAL MONTH: 0.0 INCH 5 = HAIL
GRTST 24HR 0.0 6 = FREEZING RAIN OR DRIZZLE
GRTST DEPTH: 0 7 = DUSTSTORM OR SANDSTORM:
VSBY 1/2 MILE OR LESS
8 = SMOKE OR HAZE
[NO. OF DAYS WITH] [WEATHER - DAYS WITH] 9 = BLOWING SNOW
X = TORNADO
MAX 32 OR BELOW: 0 0.01 INCH OR MORE: 11
MAX 90 OR ABOVE: 21 0.10 INCH OR MORE: 4
MIN 32 OR BELOW: 0 0.50 INCH OR MORE: 1
MIN 0 OR BELOW: 0 1.00 INCH OR MORE: 0
[HDD (BASE 65) ]
TOTAL THIS MO. 0 CLEAR (SCALE 0-3) 23
DPTR FM NORMAL 0 PTCLDY (SCALE 4-7) 8
TOTAL FM JUL 1 0 CLOUDY (SCALE 8-10) 0
DPTR FM NORMAL 0
[CDD (BASE 65) ]
TOTAL THIS MO. 561
DPTR FM NORMAL 37 [PRESSURE DATA]
TOTAL FM JAN 1 1316 HIGHEST SLP 30.22 ON 14
DPTR FM NORMAL 53 LOWEST SLP 29.85 ON 7
[REMARKS]
#FINAL-07-21#