000
CXUS54 KLZK 011230
CF6PBF
PRELIMINARY LOCAL CLIMATOLOGICAL DATA (WS FORM: F-6)
STATION: PINE BLUFF
MONTH: SEPTEMBER
YEAR: 2023
LATITUDE: 34 10 N
LONGITUDE: 91 56 W
TEMPERATURE IN F: :PCPN: SNOW: WIND :SUNSHINE: SKY :PK WND
================================================================================
1 2 3 4 5 6A 6B 7 8 9 10 11 12 13 14 15 16 17 18
12Z AVG MX 2MIN
DY MAX MIN AVG DEP HDD CDD WTR SNW DPTH SPD SPD DIR MIN PSBL S-S WX SPD DR
================================================================================
1 90 64 77 -2 0 12 0.00 0.0 0 4.7 14 360 M M 0 17 360
2 94 71 83 5 0 18 T 0.0 0 4.5 15 50 M M 1 19 60
3 101 73 87 9 0 22 0.00 0.0 0 5.0 16 160 M M 1 21 70
4 102 74 88 10 0 23 0.03 0.0 0 7.2 24 170 M M 2 3 30 180
5 98 73 86 8 0 21 0.00 0.0 0 5.6 13 180 M M 3 17 200
6 104 74 89 11 0 24 0.08 0.0 0 5.3 31 270 M M 1 3 43 270
7 94 68 81 4 0 16 0.00 0.0 0 4.2 13 50 M M 0 18 17 30
8 88 66 77 0 0 12 0.06 0.0 0 5.8 23 10 M M 1 13 28 10
9 89 65 77 0 0 12 0.00 0.0 0 8.2 17 20 M M 0 8 23 20
10 88 61 75 -1 0 10 0.00 0.0 0 8.1 18 10 M M 0 8 25 20
11 91 63 77 1 0 12 0.00 0.0 0 3.9 12 70 M M 0 15 60
12 83 69 76 0 0 11 0.06 0.0 0 7.2 17 20 M M 5 21 10
13 86 68 77 1 0 12 0.00 0.0 0 8.2 14 50 M M 5 22 40
14 83 63 73 -2 0 8 T 0.0 0 5.8 13 20 M M 7 19 70
15 88 59 74 -1 0 9 0.00 0.0 0 5.3 16 20 M M 0 22 20
16 90 60 75 0 0 10 0.00 0.0 0 4.0 16 20 M M 0 23 10
17 92 64 78 4 0 13 0.00 0.0 0 5.5 18 320 M M 2 24 340
18 90 56 73 -1 0 8 0.00 0.0 0 2.7 12 340 M M 0 20 300
19 93 57 75 1 0 10 0.00 0.0 0 5.4 16 180 M M 0 8 22 180
20 90 64 77 3 0 12 0.00 0.0 0 4.9 14 190 M M 1 20 220
21 95 66 81 8 0 16 0.00 0.0 0 4.7 12 140 M M 2 18 170
22 90 70 80 7 0 15 T 0.0 0 3.9 12 10 M M 4 15 360
23 97 66 82 10 0 17 0.00 0.0 0 4.0 12 140 M M 2 18 17 230
24 81 70 76 4 0 11 0.26 0.0 0 4.6 12 120 M M 6 3 14 270
25 93 71 82 10 0 17 0.00 0.0 0 4.5 14 40 M M 3 18 22 40
26 96 68 82 11 0 17 0.00 0.0 0 3.5 14 50 M M 1 18 60
27 96 64 80 9 0 15 0.00 0.0 0 2.1 13 40 M M 1 16 140
28 97 66 82 11 0 17 0.00 0.0 0 4.4 13 180 M M 1 16 180
29 96 61 79 9 0 14 0.00 0.0 0 3.3 14 100 M M 0 12 19 50
30 97 63 80 10 0 15 0.00 0.0 0 2.5 14 80 M M 0 20 80
================================================================================
SM 2772 1977 0 429 0.49 0.0 149.0 M 49
================================================================================
AV 92.4 65.9 5.0 FASTST M M 2 MAX(MPH)
MISC ----> 31 270 43 270
================================================================================
NOTES:
# LAST OF SEVERAL OCCURRENCES
COLUMN 17 PEAK WIND IN M.P.H.
PRELIMINARY LOCAL CLIMATOLOGICAL DATA (WS FORM: F-6) , PAGE 2
STATION: PINE BLUFF
MONTH: SEPTEMBER
YEAR: 2023
LATITUDE: 34 10 N
LONGITUDE: 91 56 W
[TEMPERATURE DATA] [PRECIPITATION DATA] SYMBOLS USED IN COLUMN 16
AVERAGE MONTHLY: 79.2 TOTAL FOR MONTH: 0.49 1 = FOG OR MIST
DPTR FM NORMAL: 4.5 DPTR FM NORMAL: -2.60 2 = FOG REDUCING VISIBILITY
HIGHEST: 104 ON 6 GRTST 24HR 0.26 ON 24-24 TO 1/4 MILE OR LESS
LOWEST: 56 ON 18 3 = THUNDER
SNOW, ICE PELLETS, HAIL 4 = ICE PELLETS
TOTAL MONTH: 0.0 INCH 5 = HAIL
GRTST 24HR 0.0 6 = FREEZING RAIN OR DRIZZLE
GRTST DEPTH: 0 7 = DUSTSTORM OR SANDSTORM:
VSBY 1/2 MILE OR LESS
8 = SMOKE OR HAZE
[NO. OF DAYS WITH] [WEATHER - DAYS WITH] 9 = BLOWING SNOW
X = TORNADO
MAX 32 OR BELOW: 0 0.01 INCH OR MORE: 5
MAX 90 OR ABOVE: 22 0.10 INCH OR MORE: 1
MIN 32 OR BELOW: 0 0.50 INCH OR MORE: 0
MIN 0 OR BELOW: 0 1.00 INCH OR MORE: 0
[HDD (BASE 65) ]
TOTAL THIS MO. 0 CLEAR (SCALE 0-3) 23
DPTR FM NORMAL -8 PTCLDY (SCALE 4-7) 7
TOTAL FM JUL 1 0 CLOUDY (SCALE 8-10) 0
DPTR FM NORMAL -5
[CDD (BASE 65) ]
TOTAL THIS MO. 429
DPTR FM NORMAL 130 [PRESSURE DATA]
TOTAL FM JAN 1 2540 HIGHEST SLP 30.15 ON 30
DPTR FM NORMAL 484 LOWEST SLP 29.83 ON 24
[REMARKS]
#FINAL-09-23#