000
CXUS52 KMFL 011000
CF6PBI
PRELIMINARY LOCAL CLIMATOLOGICAL DATA (WS FORM: F-6)
STATION: WEST PALM BEACH
MONTH: APRIL
YEAR: 2020
LATITUDE: 26 40 N
LONGITUDE: 80 7 W
TEMPERATURE IN F: :PCPN: SNOW: WIND :SUNSHINE: SKY :PK WND
================================================================================
1 2 3 4 5 6A 6B 7 8 9 10 11 12 13 14 15 16 17 18
12Z AVG MX 2MIN
DY MAX MIN AVG DEP HDD CDD WTR SNW DPTH SPD SPD DIR MIN PSBL S-S WX SPD DR
================================================================================
1 83 66 75 3 0 10 0.18 0.0 0 11.2 23 270 M M 5 1 31 280
2 82 61 72 0 0 7 0.00 0.0 0 6.7 14 90 M M 3 19 70
3 83 64 74 2 0 9 0.00 0.0 0 5.8 15 80 M M 4 21 80
4 86 68 77 5 0 12 0.00 0.0 0 6.8 16 140 M M 5 21 110
5 83 72 78 6 0 13 0.22 0.0 0 5.7 20 100 M M 9 1 24 80
6 81 66 74 2 0 9 0.15 0.0 0 15.2 24 100 M M 8 1 29 90
7 85 76 81 8 0 16 0.00 0.0 0 10.0 17 110 M M 6 21 130
8 92 74 83 10 0 18 0.00 0.0 0 8.6 17 130 M M 5 21 250
9 93 73 83 10 0 18 0.00 0.0 0 12.2 22 300 M M 4 27 290
10 93 75 84 11 0 19 T 0.0 0 12.7 24 280 M M 6 3 30 280
11 81 76 79 6 0 14 T 0.0 0 13.1 18 100 M M 9 23 90
12 87 78 83 10 0 18 0.00 0.0 0 17.4 25 140 M M 8 33 130
13 92 79 86 13 0 21 0.00 0.0 0 15.0 23 160 M M 7 30 160
14 91 75 83 9 0 18 0.00 0.0 0 9.8 22 140 M M 3 27 140
15 96 76 86 12 0 21 0.00 0.0 0 9.5 21 140 M M 4 29 230
16 91 73 82 8 0 17 0.04 0.0 0 9.7 24 360 M M 6 1 28 10
17 85 74 80 6 0 15 1.18 0.0 0 13.3 18 100 M M 8 13 24 130
18 90 73 82 8 0 17 0.58 0.0 0 5.9 23 300 M M 3 13 28 330
19 89 72 81 7 0 16 0.00 0.0 0 9.2 23 140 M M 3 3 30 160
20 93 78 86 12 0 21 0.00 0.0 0 13.4 28 240 M M 6 35 270
21 89 71 80 6 0 15 0.07 0.0 0 8.0 21 280 M M 4 1 24 270
22 86 64 75 0 0 10 0.00 0.0 0 10.2 18 100 M M 4 23 100
23 88 77 83 8 0 18 0.00 0.0 0 15.4 26 140 M M 5 34 140
24 94 74 84 9 0 19 0.01 0.0 0 12.9 25 330 M M 8 3 32 330
25 89 72 81 6 0 16 T 0.0 0 8.7 20 140 M M 7 23 150
26 87 63 75 0 0 10 0.24 0.0 0 6.2 56 320 M M 8 138 71 320
27 80 65 73 -2 0 8 0.00 0.0 0 10.4 17 50 M M 4 21 40
28 82 66 74 -2 0 9 0.00 0.0 0 11.9 20 100 M M 5 26 70
29 86 74 80 4 0 15 0.00 0.0 0 14.3 22 130 M M 5 28 150
30 82 69 76 0 0 11 0.32 0.0 0 8.2 28 270 M M 6 13 39 250
================================================================================
SM 2619 2144 0 440 2.99 0.0 317.4 M 168
================================================================================
AV 87.3 71.5 10.6 FASTST M M 6 MAX(MPH)
MISC ----> # 56 320 # 71 320
================================================================================
NOTES:
# LAST OF SEVERAL OCCURRENCES
COLUMN 17 PEAK WIND IN M.P.H.
PRELIMINARY LOCAL CLIMATOLOGICAL DATA (WS FORM: F-6) , PAGE 2
STATION: WEST PALM BEACH
MONTH: APRIL
YEAR: 2020
LATITUDE: 26 40 N
LONGITUDE: 80 7 W
[TEMPERATURE DATA] [PRECIPITATION DATA] SYMBOLS USED IN COLUMN 16
AVERAGE MONTHLY: 79.4 TOTAL FOR MONTH: 2.99 1 = FOG OR MIST
DPTR FM NORMAL: 5.6 DPTR FM NORMAL: -0.67 2 = FOG REDUCING VISIBILITY
HIGHEST: 96 ON 15 GRTST 24HR 1.18 ON 17-17 TO 1/4 MILE OR LESS
LOWEST: 61 ON 2 3 = THUNDER
SNOW, ICE PELLETS, HAIL 4 = ICE PELLETS
TOTAL MONTH: 0.0 INCH 5 = HAIL
GRTST 24HR 0.0 6 = FREEZING RAIN OR DRIZZLE
GRTST DEPTH: 0 7 = DUSTSTORM OR SANDSTORM:
VSBY 1/2 MILE OR LESS
8 = SMOKE OR HAZE
[NO. OF DAYS WITH] [WEATHER - DAYS WITH] 9 = BLOWING SNOW
X = TORNADO
MAX 32 OR BELOW: 0 0.01 INCH OR MORE: 10
MAX 90 OR ABOVE: 10 0.10 INCH OR MORE: 7
MIN 32 OR BELOW: 0 0.50 INCH OR MORE: 2
MIN 0 OR BELOW: 0 1.00 INCH OR MORE: 1
[HDD (BASE 65) ]
TOTAL THIS MO. 0 CLEAR (SCALE 0-3) 3
DPTR FM NORMAL -4 PTCLDY (SCALE 4-7) 24
TOTAL FM JUL 1 75 CLOUDY (SCALE 8-10) 3
DPTR FM NORMAL -158
[CDD (BASE 65) ]
TOTAL THIS MO. 440
DPTR FM NORMAL 173 [PRESSURE DATA]
TOTAL FM JAN 1 1264 HIGHEST SLP 30.18 ON 28
DPTR FM NORMAL 569 LOWEST SLP 29.70 ON 1
[REMARKS]
#FINAL-04-20#