000
CXUS56 KPDT 011910
CF6PDT
PRELIMINARY LOCAL CLIMATOLOGICAL DATA (WS FORM: F-6)
STATION: PENDLETON OR
MONTH: DECEMBER
YEAR: 2020
LATITUDE: 45 40 N
LONGITUDE: 118 51 W
TEMPERATURE IN F: :PCPN: SNOW: WIND :SUNSHINE: SKY :PK WND
================================================================================
1 2 3 4 5 6A 6B 7 8 9 10 11 12 13 14 15 16 17 18
12Z AVG MX 2MIN
DY MAX MIN AVG DEP HDD CDD WTR SNW DPTH SPD SPD DIR MIN PSBL S-S WX SPD DR
================================================================================
1 45 24 35 -1 30 0 0.00 0.0 0 4.9 12 40 M M 0 13 50
2 37 21 29 -7 36 0 0.00 0.0 0 2.6 8 310 M M 2 12 11 330
3 36 20 28 -7 37 0 0.00 0.0 0 2.2 7 140 M M 2 12 9 160
4 37 23 30 -5 35 0 0.00 0.0 0 5.3 16 330 M M 5 12 19 330
5 29 26 28 -7 37 0 T T 0 2.0 8 260 M M 10 12 10 280
6 36 25 31 -3 34 0 T T 0 5.0 18 300 M M 8 1 22 310
7 32 28 30 -4 35 0 T T 0 4.2 14 320 M M 10 12 17 310
8 47 30 39 5 26 0 T T 0 5.0 15 310 M M 3 12 23 300
9 51 31 41 7 24 0 0.01 0.0 0 9.6 25 260 M M 5 1 33 260
10 41 27 34 0 31 0 T T 0 6.4 15 30 M M 5 12 18 40
11 44 31 38 5 27 0 T T 0 4.6 16 20 M M 8 1 20 30
12 39 25 32 -1 33 0 T T 0 5.0 14 20 M M 6 1 18 30
13 35 27 31 -2 34 0 0.03 0.4 0 5.4 15 290 M M 8 12 19 290
14 43 31 37 4 28 0 0.01 0.4 T 4.0 10 170 M M 7 126 11 170
15 49 32 41 8 24 0 0.02 0.0 0 10.2 23 190 M M 8 29 210
16 51 35 43 10 22 0 0.09 0.0 0 8.9 25 210 M M 7 33 200
17 50 37 44 12 21 0 T 0.0 0 15.3 32 260 M M 5 40 260
18 51 33 42 10 23 0 T 0.0 0 8.1 22 230 M M 5 32 230
19 53 46 50 18 15 0 0.01 0.0 0 12.5 30 250 M M 7 38 250
20 59 45 52 20 13 0 0.26 0.0 0 10.6 25 240 M M 10 1 37 240
21 65 41 53 21 12 0 0.06 0.0 0 12.5 47 250 M M 5 1 65 240
22 44 28 36 4 29 0 0.00 0.0 0 20.2 43 250 M M 2 56 250
23 42 24 33 1 32 0 0.00 0.0 0 5.7 13 60 M M 0 15 60
24 36 18 27 -5 38 0 0.00 0.0 0 3.5 9 10 M M 0 1 12 10
25 37 20 29 -3 36 0 0.10 0.4 0 5.8 17 320 M M 7 126 20 320
26 43 28 36 4 29 0 0.21 0.0 T 7.4 17 310 M M 6 126 20 300
27 44 28 36 3 29 0 0.00 0.0 0 5.6 15 310 M M 4 12 18 310
28 31 28 30 -3 35 0 0.00 0.0 0 5.3 9 160 M M 10 12 11 160
29 32 29 31 -2 34 0 0.00 0.0 0 3.8 10 120 M M 8 12 130
30 46 31 39 6 26 0 0.21 0.0 0 6.5 18 280 M M 9 126 26 280
31 50 41 46 13 19 0 T 0.0 0 10.4 29 270 M M 10 36 270
================================================================================
SM 1335 913 884 0 1.01 1.2 218.5 M 182
================================================================================
AV 43.1 29.5 7.0 FASTST M M 6 MAX(MPH)
MISC ----> 47 250 65 240
================================================================================
NOTES:
# LAST OF SEVERAL OCCURRENCES
COLUMN 17 PEAK WIND IN M.P.H.
PRELIMINARY LOCAL CLIMATOLOGICAL DATA (WS FORM: F-6) , PAGE 2
STATION: PENDLETON OR
MONTH: DECEMBER
YEAR: 2020
LATITUDE: 45 40 N
LONGITUDE: 118 51 W
[TEMPERATURE DATA] [PRECIPITATION DATA] SYMBOLS USED IN COLUMN 16
AVERAGE MONTHLY: 36.3 TOTAL FOR MONTH: 1.01 1 = FOG OR MIST
DPTR FM NORMAL: 3.1 DPTR FM NORMAL: -0.46 2 = FOG REDUCING VISIBILITY
HIGHEST: 65 ON 21 GRTST 24HR 0.32 ON 20-21 TO 1/4 MILE OR LESS
LOWEST: 18 ON 24 3 = THUNDER
SNOW, ICE PELLETS, HAIL 4 = ICE PELLETS
TOTAL MONTH: 1.2 INCHES 5 = HAIL
GRTST 24HR 0.4 ON 13-13 6 = FREEZING RAIN OR DRIZZLE
GRTST DEPTH: T 7 = DUSTSTORM OR SANDSTORM:
VSBY 1/2 MILE OR LESS
8 = SMOKE OR HAZE
[NO. OF DAYS WITH] [WEATHER - DAYS WITH] 9 = BLOWING SNOW
X = TORNADO
MAX 32 OR BELOW: 4 0.01 INCH OR MORE: 11
MAX 90 OR ABOVE: 0 0.10 INCH OR MORE: 4
MIN 32 OR BELOW: 24 0.50 INCH OR MORE: 0
MIN 0 OR BELOW: 0 1.00 INCH OR MORE: 0
[HDD (BASE 65) ]
TOTAL THIS MO. 884 CLEAR (SCALE 0-3) 6
DPTR FM NORMAL -102 PTCLDY (SCALE 4-7) 17
TOTAL FM JUL 1 1968 CLOUDY (SCALE 8-10) 8
DPTR FM NORMAL -262
[CDD (BASE 65) ]
TOTAL THIS MO. 0
DPTR FM NORMAL 0 [PRESSURE DATA]
TOTAL FM JAN 1 751 HIGHEST SLP 30.66 ON 4
DPTR FM NORMAL 118 LOWEST SLP 29.50 ON 21
[REMARKS]
#FINAL-12-20#