000
CXUS56 KPQR 011155
CF6PDX
PRELIMINARY LOCAL CLIMATOLOGICAL DATA (WS FORM: F-6)
STATION: PORTLAND OR
MONTH: JULY
YEAR: 2022
LATITUDE: 45 35 N
LONGITUDE: 122 36 W
TEMPERATURE IN F: :PCPN: SNOW: WIND :SUNSHINE: SKY :PK WND
================================================================================
1 2 3 4 5 6A 6B 7 8 9 10 11 12 13 14 15 16 17 18
12Z AVG MX 2MIN
DY MAX MIN AVG DEP HDD CDD WTR SNW DPTH SPD SPD DIR MIN PSBL S-S WX SPD DR
================================================================================
1 79 59 69 2 0 4 0.00 0.0 0 6.4 16 330 M M 5 24 320
2 72 58 65 -3 0 0 0.00 0.0 0 7.2 14 310 M M 8 18 320
3 73 59 66 -2 0 1 0.00 0.0 0 5.8 12 320 M M 7 17 350
4 78 56 67 -1 0 2 0.00 0.0 0 5.6 12 290 M M 4 16 280
5 78 60 69 1 0 4 0.01 0.0 0 2.9 13 290 M M 8 14 300
6 75 64 70 2 0 5 0.16 0.0 0 5.8 13 90 M M 8 1 16 80
7 80 61 71 2 0 6 T 0.0 0 4.4 13 320 M M 6 1 16 320
8 82 62 72 3 0 7 0.00 0.0 0 5.9 14 320 M M 5 8 18 320
9 82 60 71 2 0 6 0.00 0.0 0 6.9 14 330 M M 5 20 350
10 81 59 70 1 0 5 0.00 0.0 0 4.5 14 310 M M 5 20 290
11 96 63 80 10 0 15 0.00 0.0 0 6.7 14 320 M M 2 18 320
12 92 61 77 7 0 12 0.00 0.0 0 8.5 18 310 M M 1 23 320
13 80 58 69 -1 0 4 0.00 0.0 0 7.0 14 290 M M 1 17 290
14 85 57 71 1 0 6 0.00 0.0 0 6.0 13 280 M M 1 15 280
15 85 59 72 2 0 7 0.00 0.0 0 4.5 14 320 M M 1 17 310
16 76 64 70 -1 0 5 0.00 0.0 0 7.8 16 320 M M 7 21 320
17 74 60 67 -4 0 2 0.00 0.0 0 9.2 17 310 M M 6 21 310
18 80 55 68 -3 0 3 0.00 0.0 0 7.9 16 310 M M 2 22 290
19 91 61 76 5 0 11 0.00 0.0 0 6.1 13 290 M M 0 16 290
20 92 63 78 7 0 13 0.00 0.0 0 6.1 13 290 M M 1 16 290
21 86 61 74 3 0 9 0.00 0.0 0 5.6 14 300 M M 3 18 360
22 78 62 70 -1 0 5 T 0.0 0 5.2 14 320 M M 6 19 300
23 77 60 69 -3 0 4 0.00 0.0 0 7.2 15 320 M M 6 20 310
24 92 59 76 4 0 11 T 0.0 0 6.9 20 320 M M 2 24 320
25 99 66 83 11 0 18 0.00 0.0 0 4.7 13 280 M M 1 16 320
26 102 67 85 13 0 20 0.00 0.0 0 3.8 9 290 M M 0 12 280
27 96 67 82 10 0 17 0.00 0.0 0 5.2 12 300 M M 2 15 270
28 96 67 82 10 0 17 0.00 0.0 0 5.0 12 300 M M 1 14 300
29 100 69 85 13 0 20 0.00 0.0 M 5.2 13 300 M M 0 17 320
30 102 69 86 14 0 21 0.00 0.0 M 6.8 17 320 M M 2 21 310
31 98 69 84 12 0 19 0.00 0.0 0 4.4 12 290 M M 3 14 290
================================================================================
SM 2657 1915 0 279 0.17 0.0 185.2 M 109
================================================================================
AV 85.7 61.8 6.0 FASTST M M 4 MAX(MPH)
MISC ----> 20 320 # 24 320
================================================================================
NOTES:
# LAST OF SEVERAL OCCURRENCES
COLUMN 17 PEAK WIND IN M.P.H.
PRELIMINARY LOCAL CLIMATOLOGICAL DATA (WS FORM: F-6) , PAGE 2
STATION: PORTLAND OR
MONTH: JULY
YEAR: 2022
LATITUDE: 45 35 N
LONGITUDE: 122 36 W
[TEMPERATURE DATA] [PRECIPITATION DATA] SYMBOLS USED IN COLUMN 16
AVERAGE MONTHLY: 73.7 TOTAL FOR MONTH: 0.17 1 = FOG OR MIST
DPTR FM NORMAL: 3.5 DPTR FM NORMAL: -0.33 2 = FOG REDUCING VISIBILITY
HIGHEST: 102 ON 30,26 GRTST 24HR 0.17 ON 5- 6 TO 1/4 MILE OR LESS
LOWEST: 55 ON 18 3 = THUNDER
SNOW, ICE PELLETS, HAIL 4 = ICE PELLETS
TOTAL MONTH: 0.0 INCH 5 = HAIL
GRTST 24HR 0.0 6 = FREEZING RAIN OR DRIZZLE
GRTST DEPTH: 0 7 = DUSTSTORM OR SANDSTORM:
VSBY 1/2 MILE OR LESS
8 = SMOKE OR HAZE
[NO. OF DAYS WITH] [WEATHER - DAYS WITH] 9 = BLOWING SNOW
X = TORNADO
MAX 32 OR BELOW: 0 0.01 INCH OR MORE: 2
MAX 90 OR ABOVE: 12 0.10 INCH OR MORE: 1
MIN 32 OR BELOW: 0 0.50 INCH OR MORE: 0
MIN 0 OR BELOW: 0 1.00 INCH OR MORE: 0
[HDD (BASE 65) ]
TOTAL THIS MO. 0 CLEAR (SCALE 0-3) 16
DPTR FM NORMAL -10 PTCLDY (SCALE 4-7) 14
TOTAL FM JUL 1 0 CLOUDY (SCALE 8-10) 1
DPTR FM NORMAL -5
[CDD (BASE 65) ]
TOTAL THIS MO. 279
DPTR FM NORMAL 108 [PRESSURE DATA]
TOTAL FM JAN 1 354 HIGHEST SLP 30.34 ON 10
DPTR FM NORMAL 104 LOWEST SLP 29.76 ON 25
[REMARKS]
#FINAL-07-22#