000
CXUS56 KPQR 250837
CF6PDX
PRELIMINARY LOCAL CLIMATOLOGICAL DATA (WS FORM: F-6)
STATION: PORTLAND OR
MONTH: DECEMBER
YEAR: 2023
LATITUDE: 45 35 N
LONGITUDE: 122 36 W
TEMPERATURE IN F: :PCPN: SNOW: WIND :SUNSHINE: SKY :PK WND
================================================================================
1 2 3 4 5 6A 6B 7 8 9 10 11 12 13 14 15 16 17 18
12Z AVG MX 2MIN
DY MAX MIN AVG DEP HDD CDD WTR SNW DPTH SPD SPD DIR MIN PSBL S-S WX SPD DR
================================================================================
1 52 38 45 1 20 0 0.56 0.0 0 8.4 17 200 M M 9 1 25 150
2 53 46 50 7 15 0 0.96 0.0 0 8.6 29 300 M M 10 1 38 200
3 61 47 54 11 11 0 0.81 0.0 0 6.6 16 120 M M 10 1 21 220
4 67 56 62 19 3 0 0.06 0.0 0 10.4 24 200 M M 10 1 32 220
5 64 57 61 18 4 0 1.48 0.0 0 9.2 17 160 M M 10 1 23 160
6 59 49 54 12 11 0 1.68 0.0 0 6.7 16 200 M M 10 1 22 210
7 50 44 47 5 18 0 0.08 0.0 0 8.2 25 200 M M 8 33 200
8 49 39 44 2 21 0 T 0.0 0 3.5 10 120 M M 7 13 110
9 44 35 40 -2 25 0 0.44 0.0 0 9.7 18 120 M M 9 1 23 110
10 54 42 48 6 17 0 0.77 0.0 0 6.0 18 100 M M 10 1 22 100
11 51 39 45 3 20 0 0.08 0.0 0 3.1 9 140 M M 8 12 10 140
12 53 36 45 3 20 0 0.00 0.0 0 14.6 28 90 M M 4 12 34 90
13 54 48 51 9 14 0 0.00 0.0 0 16.1 25 100 M M 7 33 110
14 52 42 47 6 18 0 0.01 0.0 0 5.0 17 120 M M 8 22 110
15 53 37 45 4 20 0 0.00 0.0 0 6.2 20 100 M M 3 1 26 100
16 51 30 41 0 24 0 0.00 0.0 0 1.6 9 120 M M 4 1 11 120
17 50 30 40 -1 25 0 0.00 0.0 0 8.1 18 120 M M 8 12 23 120
18 49 43 46 5 19 0 T 0.0 0 9.2 17 120 M M 9 22 120
19 49 41 45 4 20 0 0.51 0.0 0 10.2 23 110 M M 9 18 28 110
20 52 35 44 3 21 0 0.00 0.0 0 2.7 10 290 M M 6 12 13 300
21 51 34 43 2 22 0 0.00 0.0 0 2.3 9 140 M M 6 12 12 110
22 48 37 43 2 22 0 0.36 0.0 0 2.9 16 300 M M 7 1 22 250
23 41 32 37 -4 28 0 0.00 0.0 0 3.7 10 290 M M 8 12 12 300
24 46 34 40 -1 25 0 0.02 0.0 0 12.2 22 110 M M 10 18 28 130
25 43 40 42 1 23 0 0.49 0.0 0 17.3 28 110 M M 10 18 34 110
26 48 41 45 4 20 0 0.03 0.0 0 11.0 29 100 M M 9 1 37 100
27 49 45 47 6 18 0 0.12 0.0 0 15.1 30 100 M M 10 38 100
28 50 44 47 6 18 0 0.02 0.0 0 8.1 17 100 M M 9 20 100
29 55 47 51 10 14 0 0.10 0.0 0 13.8 24 100 M M 8 32 110
30 50 41 46 5 19 0 0.15 0.0 0 8.0 18 110 M M 8 1 22 100
31 46 38 42 1 23 0 0.00 0.0 0 1.3 6 130 M M 10 128 6 300
================================================================================
SM 1594 1267 578 0 8.73 0.0 249.8 M 254
================================================================================
AV 51.4 40.9 8.1 FASTST M M 8 MAX(MPH)
MISC ----> 30 100 # 38 200
================================================================================
NOTES:
# LAST OF SEVERAL OCCURRENCES
COLUMN 17 PEAK WIND IN M.P.H.
PRELIMINARY LOCAL CLIMATOLOGICAL DATA (WS FORM: F-6) , PAGE 2
STATION: PORTLAND OR
MONTH: DECEMBER
YEAR: 2023
LATITUDE: 45 35 N
LONGITUDE: 122 36 W
[TEMPERATURE DATA] [PRECIPITATION DATA] SYMBOLS USED IN COLUMN 16
AVERAGE MONTHLY: 46.1 TOTAL FOR MONTH: 8.73 1 = FOG OR MIST
DPTR FM NORMAL: 4.5 DPTR FM NORMAL: 2.96 2 = FOG REDUCING VISIBILITY
HIGHEST: 67 ON 4 GRTST 24HR 2.14 ON 5- 6 TO 1/4 MILE OR LESS
LOWEST: 30 ON 17,16 3 = THUNDER
SNOW, ICE PELLETS, HAIL 4 = ICE PELLETS
TOTAL MONTH: 0.0 INCH 5 = HAIL
GRTST 24HR 0.0 6 = FREEZING RAIN OR DRIZZLE
GRTST DEPTH: 0 7 = DUSTSTORM OR SANDSTORM:
VSBY 1/2 MILE OR LESS
8 = SMOKE OR HAZE
[NO. OF DAYS WITH] [WEATHER - DAYS WITH] 9 = BLOWING SNOW
X = TORNADO
MAX 32 OR BELOW: 0 0.01 INCH OR MORE: 20
MAX 90 OR ABOVE: 0 0.10 INCH OR MORE: 13
MIN 32 OR BELOW: 3 0.50 INCH OR MORE: 7
MIN 0 OR BELOW: 0 1.00 INCH OR MORE: 2
[HDD (BASE 65) ]
TOTAL THIS MO. 578 CLEAR (SCALE 0-3) 1
DPTR FM NORMAL -149 PTCLDY (SCALE 4-7) 10
TOTAL FM JUL 1 1364 CLOUDY (SCALE 8-10) 20
DPTR FM NORMAL -274
[CDD (BASE 65) ]
TOTAL THIS MO. 0
DPTR FM NORMAL 0 [PRESSURE DATA]
TOTAL FM JAN 1 898 HIGHEST SLP 30.46 ON 8
DPTR FM NORMAL 390 LOWEST SLP 29.44 ON 19
[REMARKS]
#FINAL-12-23#