101
CXUS51 KPHI 011331 CCA
CF6PHL
PRELIMINARY LOCAL CLIMATOLOGICAL DATA (WS FORM: F-6)
STATION: PHILADELPHIA PA
MONTH: FEBRUARY
YEAR: 2021
LATITUDE: 39 52 N
LONGITUDE: 75 15 W
TEMPERATURE IN F: :PCPN: SNOW: WIND :SUNSHINE: SKY :PK WND
================================================================================
1 2 3 4 5 6A 6B 7 8 9 10 11 12 13 14 15 16 17 18
12Z AVG MX 2MIN
DY MAX MIN AVG DEP HDD CDD WTR SNW DPTH SPD SPD DIR MIN PSBL S-S WX SPD DR
================================================================================
1 33 25 29 -5 36 0 0.40 3.8 3 20.0 30 40 M M 10 146 37 40
2 36 30 33 -1 32 0 0.09 1.3 6 16.1 23 330 M M 10 1 30 340
3 37 30 34 0 31 0 T 0.2 5 13.2 25 320 M M 9 1 30 300
4 44 30 37 3 28 0 0.00 0.0 5 10.2 18 290 M M 3 26 290
5 50 33 42 8 23 0 0.07 0.0 3 9.9 22 210 M M 7 31 180
6 46 30 38 4 27 0 0.00 0.0 T 10.0 30 270 M M 6 40 250
7 38 29 34 0 31 0 0.51 1.7 0 8.7 20 290 M M 8 1 26 290
8 32 20 26 -8 39 0 0.00 0.0 1 6.9 18 300 M M 2 24 290
9 38 24 31 -4 34 0 T 0.0 T 6.6 16 340 M M 8 1 23 330
10 37 27 32 -3 33 0 0.01 0.4 0 4.5 9 360 M M 8 1 13 360
11 32 28 30 -5 35 0 0.17 2.7 3 8.6 15 10 M M 10 1 25 360
12 29 23 26 -9 39 0 0.00 0.0 1 6.5 15 10 M M 10 18 10
13 30 26 28 -7 37 0 0.05 T T 10.4 16 40 M M 10 46 23 90
14 36 26 31 -5 34 0 T 0.0 0 7.3 15 10 M M 10 6 23 360
15 38 33 36 0 29 0 0.01 0.0 0 9.2 16 70 M M 10 1 21 40
16 51 30 41 5 24 0 0.74 0.0 0 13.6 28 290 M M 8 1 36 290
17 33 24 29 -7 36 0 0.00 0.0 0 8.7 22 310 M M 4 26 320
18 30 25 28 -8 37 0 0.53 2.8 1 10.8 20 30 M M 9 146 25 40
19 33 28 31 -5 34 0 0.16 0.6 3 9.3 15 40 M M 10 146 21 340
20 33 26 30 -7 35 0 0.00 0.0 3 14.2 23 270 M M 5 30 270
21 37 22 30 -7 35 0 0.00 0.0 2 8.5 16 300 M M 2 23 310
22 36 30 33 -4 32 0 0.51 0.8 2 6.9 20 190 M M 9 146 24 190
23 50 31 41 4 24 0 T 0.0 2 11.4 28 270 M M 7 1 33 260
24 56 32 44 6 21 0 0.00 0.0 0 9.7 22 190 M M 4 30 180
25 50 34 42 4 23 0 0.00 0.0 0 11.6 25 320 M M 2 32 340
26 48 34 41 3 24 0 0.03 0.0 0 5.3 13 190 M M 7 17 330
27 52 34 43 5 22 0 0.36 T 0 8.5 18 250 M M 9 1 22 270
28 45 39 42 3 23 0 1.00 0.0 0 5.8 15 80 M M 10 1 19 40
================================================================================
SM 1110 803 858 0 4.64 14.3 272.4 M 207
================================================================================
AV 39.6 28.7 9.7 FASTST M M 7 MAX(MPH)
MISC ----> # 30 40 40 250
================================================================================
NOTES:
# LAST OF SEVERAL OCCURRENCES
COLUMN 17 PEAK WIND IN M.P.H.
PRELIMINARY LOCAL CLIMATOLOGICAL DATA (WS FORM: F-6) , PAGE 2
STATION: PHILADELPHIA PA
MONTH: FEBRUARY
YEAR: 2021
LATITUDE: 39 52 N
LONGITUDE: 75 15 W
[TEMPERATURE DATA] [PRECIPITATION DATA] SYMBOLS USED IN COLUMN 16
AVERAGE MONTHLY: 34.2 TOTAL FOR MONTH: 4.64 1 = FOG OR MIST
DPTR FM NORMAL: -1.5 DPTR FM NORMAL: 1.99 2 = FOG REDUCING VISIBILITY
HIGHEST: 56 ON 24 GRTST 24HR 1.00 ON 28-28 TO 1/4 MILE OR LESS
LOWEST: 20 ON 8 3 = THUNDER
SNOW, ICE PELLETS, HAIL 4 = ICE PELLETS
TOTAL MONTH: 14.3 INCHES 5 = HAIL
GRTST 24HR 3.8 ON 1- 1 6 = FREEZING RAIN OR DRIZZLE
GRTST DEPTH: 6 ON 2 7 = DUSTSTORM OR SANDSTORM:
VSBY 1/2 MILE OR LESS
8 = SMOKE OR HAZE
[NO. OF DAYS WITH] [WEATHER - DAYS WITH] 9 = BLOWING SNOW
X = TORNADO
MAX 32 OR BELOW: 5 0.01 INCH OR MORE: 15
MAX 90 OR ABOVE: 0 0.10 INCH OR MORE: 9
MIN 32 OR BELOW: 22 0.50 INCH OR MORE: 5
MIN 0 OR BELOW: 0 1.00 INCH OR MORE: 1
[HDD (BASE 65) ]
TOTAL THIS MO. 858 CLEAR (SCALE 0-3) 4
DPTR FM NORMAL 39 PTCLDY (SCALE 4-7) 10
TOTAL FM JUL 1 3161 CLOUDY (SCALE 8-10) 14
DPTR FM NORMAL -321
[CDD (BASE 65) ]
TOTAL THIS MO. 0
DPTR FM NORMAL 0 [PRESSURE DATA]
TOTAL FM JAN 1 0 HIGHEST SLP 30.60 ON 21
DPTR FM NORMAL 0 LOWEST SLP 29.43 ON 2
[REMARKS]
#FINAL-02-21#