000
CXUS53 KUNR 211902
CF6PHP
PRELIMINARY LOCAL CLIMATOLOGICAL DATA (WS FORM: F-6)
STATION: PHILIP SD
MONTH: JANUARY
YEAR: 2023
LATITUDE: 44 3 N
LONGITUDE: 101 36 W
TEMPERATURE IN F: :PCPN: SNOW: WIND :SUNSHINE: SKY :PK WND
================================================================================
1 2 3 4 5 6A 6B 7 8 9 10 11 12 13 14 15 16 17 18
12Z AVG MX 2MIN
DY MAX MIN AVG DEP HDD CDD WTR SNW DPTH SPD SPD DIR MIN PSBL S-S WX SPD DR
================================================================================
1 45 26 36 14 29 0 0.00 M M 5.3 13 260 M M 2 15 270
2 34 29 32 10 33 0 0.02 M M 3.4 10 360 M M 10 1 14 70
3 36 19 28 6 37 0 0.00 M M 6.5 14 350 M M 3 19 360
4 37 13 25 3 40 0 0.00 M M 8.2 17 320 M M 0 21 320
5 38 15 27 5 38 0 0.00 M M 6.7 16 250 M M 0 20 260
6 28 12 20 -2 45 0 0.00 M M 5.8 14 60 M M 4 1 17 60
7 39 14 27 5 38 0 0.00 M M 3.6 12 270 M M 5 12 14 270
8 44 19 32 10 33 0 0.00 M M 6.2 12 260 M M 0 16 170
9 52 21 37 15 28 0 0.00 M M 9.7 24 300 M M 0 32 300
10 39 18 29 7 36 0 0.00 M M 3.8 13 290 M M 1 16 300
11 39 19 29 7 36 0 0.00 M M 7.3 14 320 M M 2 1 18 340
12 29 23 26 4 39 0 0.00 M M 3.7 10 340 M M 10 12 13 310
13 46 16 31 9 34 0 0.00 M M 2.3 9 160 M M 4 12 10 160
14 62 27 45 23 20 0 0.00 M M 7.1 23 240 M M 0 30 250
15 46 20 33 11 32 0 0.00 M M 3.0 8 360 M M 2 9 10
16 35 29 32 10 33 0 0.02 M M 6.5 13 350 M M 10 1 15 360
17 32 26 29 7 36 0 0.00 M M 5.6 12 40 M M 10 1 14 350
18 27 24 26 4 39 0 0.04 M M 6.1 12 90 M M 10 1 14 40
19 37 23 30 8 35 0 0.00 M M 5.8 13 260 M M 6 1 16 260
20 41 19 30 8 35 0 0.00 M M 7.0 14 260 M M 2 16 260
21 40 17 29 7 36 0 0.00 M M 8.7 23 310 M M 4 29 300
22 42 12 27 5 38 0 0.00 M M 6.7 15 290 M M 1 21 300
23 41 27 34 12 31 0 0.00 M M 10.5 24 330 M M 4 32 320
24 45 21 33 11 32 0 0.00 M M 13.9 29 310 M M 3 36 310
25 33 22 28 6 37 0 0.02 M M 9.7 28 320 M M 10 1 38 320
26 41 23 32 10 33 0 T M M 13.0 28 310 M M 7 1 40 320
27 39 22 31 8 34 0 0.08 M M 12.7 31 310 M M 7 1 44 300
28 22 -7 8 -15 57 0 0.09 M M 11.7 21 70 M M 10 19 27 80
29 6 -10 -2 -25 67 0 T M M 8.2 18 310 M M 4 1 23 300
30 3 -20 -8 -31 73 0 0.00 M M 6.7 15 260 M M 0 21 270
31 20 -6 7 -16 58 0 0.00 M M 10.6 20 240 M M 0 25 240
================================================================================
SM 1118 513 1192 0 0.27 M 226.0 M 131
================================================================================
AV 36.1 16.5 7.3 FASTST M M 4 MAX(MPH)
MISC ----> 31 310 44 300
================================================================================
NOTES:
# LAST OF SEVERAL OCCURRENCES
COLUMN 17 PEAK WIND IN M.P.H.
PRELIMINARY LOCAL CLIMATOLOGICAL DATA (WS FORM: F-6) , PAGE 2
STATION: PHILIP SD
MONTH: JANUARY
YEAR: 2023
LATITUDE: 44 3 N
LONGITUDE: 101 36 W
[TEMPERATURE DATA] [PRECIPITATION DATA] SYMBOLS USED IN COLUMN 16
AVERAGE MONTHLY: 26.3 TOTAL FOR MONTH: 0.27 1 = FOG OR MIST
DPTR FM NORMAL: 4.2 DPTR FM NORMAL: -0.16 2 = FOG REDUCING VISIBILITY
HIGHEST: 62 ON 14 GRTST 24HR 0.24 ON 27-28 TO 1/4 MILE OR LESS
LOWEST: -20 ON 30 3 = THUNDER
SNOW, ICE PELLETS, HAIL 4 = ICE PELLETS
TOTAL MONTH: M 5 = HAIL
GRTST 24HR M ON M 6 = FREEZING RAIN OR DRIZZLE
GRTST DEPTH: M ON M 7 = DUSTSTORM OR SANDSTORM:
VSBY 1/2 MILE OR LESS
8 = SMOKE OR HAZE
[NO. OF DAYS WITH] [WEATHER - DAYS WITH] 9 = BLOWING SNOW
X = TORNADO
MAX 32 OR BELOW: 8 0.01 INCH OR MORE: 6
MAX 90 OR ABOVE: 0 0.10 INCH OR MORE: 0
MIN 32 OR BELOW: 31 0.50 INCH OR MORE: 0
MIN 0 OR BELOW: 4 1.00 INCH OR MORE: 0
[HDD (BASE 65) ]
TOTAL THIS MO. 1192 CLEAR (SCALE 0-3) 14
DPTR FM NORMAL -136 PTCLDY (SCALE 4-7) 10
TOTAL FM JUL 1 4217 CLOUDY (SCALE 8-10) 7
DPTR FM NORMAL 43
[CDD (BASE 65) ]
TOTAL THIS MO. 0
DPTR FM NORMAL 0 [PRESSURE DATA]
TOTAL FM JAN 1 0 HIGHEST SLP 30.60 ON 29
DPTR FM NORMAL 0 LOWEST SLP 29.47 ON 15
[REMARKS]
#FINAL-01-23#