000
CXUS53 KILX 010900
CF6PIA
PRELIMINARY LOCAL CLIMATOLOGICAL DATA (WS FORM: F-6)
STATION: PEORIA IL
MONTH: MAY
YEAR: 2023
LATITUDE: 40 40 N
LONGITUDE: 89 41 W
TEMPERATURE IN F: :PCPN: SNOW: WIND :SUNSHINE: SKY :PK WND
================================================================================
1 2 3 4 5 6A 6B 7 8 9 10 11 12 13 14 15 16 17 18
12Z AVG MX 2MIN
DY MAX MIN AVG DEP HDD CDD WTR SNW DPTH SPD SPD DIR MIN PSBL S-S WX SPD DR
================================================================================
1 63 44 54 -4 11 0 0.00 0.0 0 14.3 26 310 M M 5 43 310
2 63 42 53 -6 12 0 0.00 0.0 0 11.3 25 290 M M 4 43 310
3 66 39 53 -6 12 0 0.00 0.0 0 4.8 13 10 M M 0 19 320
4 75 41 58 -2 7 0 0.00 0.0 0 4.1 13 170 M M 0 19 170
5 78 50 64 4 1 0 0.00 0.0 0 12.4 24 190 M M 1 32 190
6 76 60 68 8 0 3 0.16 0.0 0 11.7 28 240 M M 8 13 39 220
7 84 61 73 13 0 8 0.99 0.0 0 9.4 36 90 M M 5 13 55 100
8 72 55 64 3 1 0 0.39 0.0 0 7.0 18 130 M M 8 13 34 310
9 74 52 63 2 2 0 0.00 0.0 0 6.9 15 70 M M 2 21 80
10 78 53 66 4 0 1 0.00 0.0 0 7.3 15 150 M M 0 21 140
11 81 58 70 8 0 5 T 0.0 0 6.8 15 150 M M 2 24 140
12 80 67 74 12 0 9 0.02 0.0 0 5.2 10 140 M M 7 18 15 140
13 78 64 71 9 0 6 T 0.0 0 7.3 16 50 M M 5 1238 22 70
14 75 57 66 3 0 1 0.15 0.0 0 13.4 25 60 M M 7 1 39 80
15 71 54 63 0 2 0 0.00 0.0 0 6.6 15 50 M M 7 21 60
16 78 57 68 4 0 3 0.06 0.0 0 3.4 13 290 M M 4 19 290
17 76 51 64 0 1 0 0.00 0.0 0 10.5 20 70 M M 0 25 70
18 80 50 65 1 0 0 0.00 0.0 0 6.8 14 180 M M 1 8 20 100
19 72 54 63 -1 2 0 0.06 0.0 0 6.9 14 300 M M 3 138 24 300
20 73 48 61 -4 4 0 0.00 0.0 0 4.6 13 40 M M 0 22 20
21 80 48 64 -1 1 0 0.00 0.0 0 1.9 8 270 M M 0 12 200
22 83 51 67 1 0 2 0.00 0.0 0 1.8 12 120 M M 0 16 90
23 84 54 69 3 0 4 0.00 0.0 0 2.1 13 180 M M 0 17 180
24 88 56 72 6 0 7 0.00 0.0 0 7.2 21 70 M M 0 29 60
25 74 53 64 -2 1 0 0.00 0.0 0 13.5 20 60 M M 0 30 50
26 78 45 62 -5 3 0 0.00 0.0 0 10.2 18 70 M M 0 26 80
27 83 49 66 -1 0 1 0.00 0.0 0 7.5 15 70 M M 0 19 50
28 84 57 71 3 0 6 0.00 0.0 0 4.0 12 40 M M 0 15 60
29 88 54 71 3 0 6 0.00 0.0 0 3.6 9 290 M M 0 14 90
30 92 57 75 7 0 10 0.00 0.0 0 2.5 12 190 M M 1 16 180
31 91 63 77 9 0 12 0.00 0.0 0 3.1 10 100 M M 1 16 210
================================================================================
SM 2418 1644 60 84 1.83 0.0 218.1 M 71
================================================================================
AV 78.0 53.0 7.0 FASTST M M 2 MAX(MPH)
MISC ----> 36 90 55 100
================================================================================
NOTES:
# LAST OF SEVERAL OCCURRENCES
COLUMN 17 PEAK WIND IN M.P.H.
PRELIMINARY LOCAL CLIMATOLOGICAL DATA (WS FORM: F-6) , PAGE 2
STATION: PEORIA IL
MONTH: MAY
YEAR: 2023
LATITUDE: 40 40 N
LONGITUDE: 89 41 W
[TEMPERATURE DATA] [PRECIPITATION DATA] SYMBOLS USED IN COLUMN 16
AVERAGE MONTHLY: 65.5 TOTAL FOR MONTH: 1.83 1 = FOG OR MIST
DPTR FM NORMAL: 2.0 DPTR FM NORMAL: -2.86 2 = FOG REDUCING VISIBILITY
HIGHEST: 92 ON 30 GRTST 24HR 1.27 ON 7- 8 TO 1/4 MILE OR LESS
LOWEST: 39 ON 3 3 = THUNDER
SNOW, ICE PELLETS, HAIL 4 = ICE PELLETS
TOTAL MONTH: 0.0 INCH 5 = HAIL
GRTST 24HR 0.0 6 = FREEZING RAIN OR DRIZZLE
GRTST DEPTH: 0 7 = DUSTSTORM OR SANDSTORM:
VSBY 1/2 MILE OR LESS
8 = SMOKE OR HAZE
[NO. OF DAYS WITH] [WEATHER - DAYS WITH] 9 = BLOWING SNOW
X = TORNADO
MAX 32 OR BELOW: 0 0.01 INCH OR MORE: 7
MAX 90 OR ABOVE: 2 0.10 INCH OR MORE: 4
MIN 32 OR BELOW: 0 0.50 INCH OR MORE: 1
MIN 0 OR BELOW: 0 1.00 INCH OR MORE: 0
[HDD (BASE 65) ]
TOTAL THIS MO. 60 CLEAR (SCALE 0-3) 21
DPTR FM NORMAL -75 PTCLDY (SCALE 4-7) 10
TOTAL FM JUL 1 5058 CLOUDY (SCALE 8-10) 0
DPTR FM NORMAL -543
[CDD (BASE 65) ]
TOTAL THIS MO. 84
DPTR FM NORMAL -4 [PRESSURE DATA]
TOTAL FM JAN 1 95 HIGHEST SLP 30.34 ON 26
DPTR FM NORMAL -7 LOWEST SLP 29.54 ON 1
[REMARKS]
#FINAL-05-23#