000
CXUS53 KILX 010900
CF6PIA
PRELIMINARY LOCAL CLIMATOLOGICAL DATA (WS FORM: F-6)
STATION: PEORIA IL
MONTH: APRIL
YEAR: 2022
LATITUDE: 40 40 N
LONGITUDE: 89 41 W
TEMPERATURE IN F: :PCPN: SNOW: WIND :SUNSHINE: SKY :PK WND
================================================================================
1 2 3 4 5 6A 6B 7 8 9 10 11 12 13 14 15 16 17 18
12Z AVG MX 2MIN
DY MAX MIN AVG DEP HDD CDD WTR SNW DPTH SPD SPD DIR MIN PSBL S-S WX SPD DR
================================================================================
1 48 33 41 -7 24 0 T T 0 5.8 13 310 M M 4 19 290
2 46 32 39 -9 26 0 0.05 0.0 0 8.7 22 300 M M 5 33 320
3 59 30 45 -3 20 0 T 0.0 0 4.0 10 150 M M 3 16 270
4 51 37 44 -5 21 0 T 0.0 0 7.5 21 270 M M 7 28 260
5 55 34 45 -4 20 0 0.28 0.0 0 8.6 16 170 M M 6 18 26 140
6 57 43 50 1 15 0 0.32 0.0 0 15.2 29 280 M M 8 1 43 280
7 44 37 41 -9 24 0 0.05 0.0 0 14.5 25 260 M M 9 39 270
8 40 34 37 -13 28 0 0.02 T 0 8.4 20 300 M M 10 18 33 330
9 54 31 43 -7 22 0 0.00 0.0 0 5.3 15 280 M M 2 23 270
10 69 33 51 0 14 0 0.00 0.0 0 14.3 29 140 M M 1 8 42 170
11 65 41 53 2 12 0 0.03 0.0 0 5.0 22 300 M M 4 38 33 300
12 70 38 54 2 11 0 0.00 0.0 0 14.4 28 190 M M 4 41 190
13 70 35 53 1 12 0 0.43 0.0 0 11.6 25 270 M M 6 13 37 290
14 56 32 44 -8 21 0 0.00 0.0 0 13.9 39 240 M M 1 55 230
15 58 40 49 -4 16 0 T 0.0 0 6.9 21 300 M M 5 36 270
16 51 34 43 -10 22 0 0.00 0.0 0 8.3 20 310 M M 1 30 270
17 49 32 41 -13 24 0 0.06 T 0 9.5 16 110 M M 4 1 24 20
18 44 34 39 -15 26 0 0.01 T 0 11.1 26 290 M M 8 1 43 300
19 53 29 41 -13 24 0 0.00 0.0 0 6.6 14 230 M M 3 19 240
20 52 45 49 -6 16 0 0.48 0.0 0 14.0 23 200 M M 10 1 34 180
21 72 50 61 6 4 0 0.04 0.0 0 5.8 17 220 M M 5 1 23 220
22 81 53 67 12 0 2 0.13 0.0 0 12.8 24 180 M M 6 33 170
23 83 64 74 18 0 9 T 0.0 0 18.8 29 180 M M 0 41 180
24 72 56 64 8 1 0 0.13 0.0 0 12.0 24 230 M M 7 32 240
25 56 40 48 -8 17 0 0.00 0.0 0 11.5 23 280 M M 8 32 280
26 56 32 44 -13 21 0 0.00 0.0 0 7.7 18 300 M M 1 28 260
27 67 37 52 -5 13 0 0.00 0.0 0 12.1 28 70 M M 1 39 70
28 64 40 52 -5 13 0 0.01 0.0 0 9.6 18 90 M M 9 26 100
29 67 55 61 3 4 0 0.03 0.0 0 12.1 22 110 M M 7 3 33 110
30 77 54 66 8 0 1 0.29 0.0 0 15.7 30 240 M M 5 3 51 250
================================================================================
SM 1786 1185 471 12 2.36 T 311.7 M 150
================================================================================
AV 59.5 39.5 10.4 FASTST M M 5 MAX(MPH)
MISC ----> 39 240 55 230
================================================================================
NOTES:
# LAST OF SEVERAL OCCURRENCES
COLUMN 17 PEAK WIND IN M.P.H.
PRELIMINARY LOCAL CLIMATOLOGICAL DATA (WS FORM: F-6) , PAGE 2
STATION: PEORIA IL
MONTH: APRIL
YEAR: 2022
LATITUDE: 40 40 N
LONGITUDE: 89 41 W
[TEMPERATURE DATA] [PRECIPITATION DATA] SYMBOLS USED IN COLUMN 16
AVERAGE MONTHLY: 49.5 TOTAL FOR MONTH: 2.36 1 = FOG OR MIST
DPTR FM NORMAL: -3.4 DPTR FM NORMAL: -1.63 2 = FOG REDUCING VISIBILITY
HIGHEST: 83 ON 23 GRTST 24HR 0.60 ON 5- 6 TO 1/4 MILE OR LESS
LOWEST: 29 ON 19 3 = THUNDER
SNOW, ICE PELLETS, HAIL 4 = ICE PELLETS
TOTAL MONTH: T 5 = HAIL
GRTST 24HR T ON 1- 1 6 = FREEZING RAIN OR DRIZZLE
GRTST DEPTH: 0 7 = DUSTSTORM OR SANDSTORM:
VSBY 1/2 MILE OR LESS
8 = SMOKE OR HAZE
[NO. OF DAYS WITH] [WEATHER - DAYS WITH] 9 = BLOWING SNOW
X = TORNADO
MAX 32 OR BELOW: 0 0.01 INCH OR MORE: 16
MAX 90 OR ABOVE: 0 0.10 INCH OR MORE: 7
MIN 32 OR BELOW: 7 0.50 INCH OR MORE: 0
MIN 0 OR BELOW: 0 1.00 INCH OR MORE: 0
[HDD (BASE 65) ]
TOTAL THIS MO. 471 CLEAR (SCALE 0-3) 8
DPTR FM NORMAL 95 PTCLDY (SCALE 4-7) 17
TOTAL FM JUL 1 5302 CLOUDY (SCALE 8-10) 5
DPTR FM NORMAL -163
[CDD (BASE 65) ]
TOTAL THIS MO. 12
DPTR FM NORMAL 0 [PRESSURE DATA]
TOTAL FM JAN 1 12 HIGHEST SLP 30.39 ON 26
DPTR FM NORMAL -2 LOWEST SLP 29.46 ON 5
[REMARKS]
#FINAL-04-22#