000
CXUS53 KILX 011500
CLMPIA
CLIMATE REPORT
NATIONAL WEATHER SERVICE LINCOLN IL
1000 AM CDT FRI SEP 01 2023
...................................
...THE PEORIA IL CLIMATE SUMMARY FOR THE MONTH OF AUGUST 2023...
CLIMATE NORMAL PERIOD 1991 TO 2020
CLIMATE RECORD PERIOD 1883 TO 2023
WEATHER OBSERVED NORMAL DEPART LAST YEAR`S
VALUE DATE(S) VALUE FROM VALUE
NORMAL
..............................................................
TEMPERATURE (F)
RECORD
HIGH 106 08/18/1936
LOW 41 08/28/1986
08/31/1915
08/26/1910
HIGHEST 99 08/24 84 15 93
LOWEST 52 08/31 63 -11 56
AVG. MAXIMUM 84.6 84.6 -0.0 85.2
AVG. MINIMUM 65.6 64.4 1.2 65.5
MEAN 75.1 74.5 0.6 75.4
DAYS MAX >= 90 7 5.8 1.2 4
DAYS MAX <= 32 0 0.0 0.0 0
DAYS MIN <= 32 0 0.0 0.0 0
DAYS MIN <= 0 0 0.0 0.0 0
PRECIPITATION (INCHES)
RECORD
MAXIMUM 8.61 1965
MINIMUM 0.25 1992
TOTALS 5.84 3.31 2.53 3.45
DAILY AVG. 0.21 0.11 0.10 0.11
DAYS >= .01 7 8.4 -1.4 8
DAYS >= .10 5 5.9 -0.9 6
DAYS >= .50 4 2.7 1.3 4
DAYS >= 1.00 2 0.8 1.2 0
GREATEST
24 HR. TOTAL 3.29 08/05 TO 08/05 0.99
SNOWFALL (INCHES)
RECORDS
TOTAL 0.0 MM
TOTALS 0.0 0.0 0.0 0.0
SINCE 7/1 0.0 0.0 0.0 MM
DAYS >= 1.0 0 0.0 0.0 0
GREATEST
SNOW DEPTH 0 0
24 HR TOTAL MM MM
DEGREE DAYS
HEATING TOTAL 0 3 -3 0
SINCE 7/1 0 1 -1 MM
COOLING TOTAL 298 297 1 331
SINCE 1/1 1036 997 39 MM
..............................................................
WIND (MPH)
AVERAGE WIND SPEED 5.8
HIGHEST WIND SPEED/DIRECTION 33/280 DATE 08/11
HIGHEST GUST SPEED/DIRECTION 49/280 DATE 08/11
SKY COVER
POSSIBLE SUNSHINE (PERCENT) MM
AVERAGE SKY COVER 0.28
NUMBER OF DAYS FAIR 19
NUMBER OF DAYS PC 7
NUMBER OF DAYS CLOUDY 4
AVERAGE RH (PERCENT) 75
WEATHER CONDITIONS. NUMBER OF DAYS WITH
THUNDERSTORM 7 MIXED PRECIP 0
HEAVY RAIN 5 RAIN 6
LIGHT RAIN 12 FREEZING RAIN 0
LT FREEZING RAIN 0 HAIL 0
HEAVY SNOW 0 SNOW 0
LIGHT SNOW 0 SLEET 0
FOG 12 FOG W/VIS <= 1/4 MILE 1
HAZE 1
- INDICATES NEGATIVE NUMBERS.
R INDICATES RECORD WAS SET OR TIED.
MM INDICATES DATA IS MISSING.
T INDICATES TRACE AMOUNT.
&&
RECORDS SET DURING AUGUST 2023:
* RECORD DAILY RAINFALL OF 3.29" ON AUG 5TH.
* RECORD DAILY WARM LOW OF 77F ON AUG 23RD.
* RECORD DAILY WARM LOW OF 78F ON AUG 24TH.
* RECORD DAILY WARM LOW OF 79F ON AUG 25TH.
$$
ERWIN