000
CXUS55 KPIH 012351
CF6PIH
PRELIMINARY LOCAL CLIMATOLOGICAL DATA (WS FORM: F-6)
STATION: POCATELLO
MONTH: DECEMBER
YEAR: 2021
LATITUDE: 42 55 N
LONGITUDE: 112 36 W
TEMPERATURE IN F: :PCPN: SNOW: WIND :SUNSHINE: SKY :PK WND
================================================================================
1 2 3 4 5 6A 6B 7 8 9 10 11 12 13 14 15 16 17 18
12Z AVG MX 2MIN
DY MAX MIN AVG DEP HDD CDD WTR SNW DPTH SPD SPD DIR MIN PSBL S-S WX SPD DR
================================================================================
1 51 23 37 8 28 0 0.00 0.0 0 3.4 12 250 M M 3 14 240
2 61 23 42 13 23 0 0.00 0.0 0 6.1 16 210 M M 0 21 210
3 54 25 40 12 25 0 0.00 0.0 0 4.6 13 250 M M 1 16 250
4 57 20 39 11 26 0 0.00 0.0 0 10.8 28 230 M M 0 1 36 220
5 49 31 40 12 25 0 0.00 0.0 0 26.0 40 250 M M 1 50 240
6 41 28 35 8 30 0 0.01 T 0 10.3 22 220 M M 7 1 31 200
7 41 32 37 10 28 0 0.00 0.0 0 11.6 23 250 M M 10 1 28 240
8 47 27 37 10 28 0 T 0.0 0 14.8 25 240 M M 6 38 240
9 37 23 30 4 35 0 0.00 0.0 0 18.6 31 240 M M 6 39 250
10 34 22 28 2 37 0 T T 0 17.1 24 260 M M 6 8 31 260
11 35 27 31 5 34 0 0.00 0.0 0 21.2 37 180 M M 7 48 180
12 45 35 40 14 25 0 T T 0 22.3 39 170 M M 8 53 170
13 49 37 43 17 22 0 0.01 T 0 21.1 39 180 M M 9 52 170
14 48 27 38 12 27 0 0.22 2.4 0 26.5 46 170 M M 9 14 68 170
15 27 17 22 -3 43 0 0.00 0.0 2 17.4 29 230 M M 5 38 230
16 32 25 29 4 36 0 0.05 0.4 1 17.2 29 180 M M 9 18 38 190
17 30 20 25 0 40 0 T T 1 15.1 30 240 M M 7 18 38 240
18 31 9 20 -5 45 0 0.00 0.0 1 5.7 14 350 M M 7 1 16 340
19 33 9 21 -4 44 0 0.00 0.0 1 M M M M M 2 M M
20 46 19 33 8 32 0 0.00 0.0 1 9.6 21 190 M M 3 28 200
21 46 19 33 8 32 0 0.00 0.0 T 7.2 21 200 M M 0 26 200
22 42 17 30 5 35 0 0.00 0.0 T 6.9 20 190 M M 6 26 190
23 43 33 38 13 27 0 0.38 0.4 T 17.1 36 180 M M 9 1 48 180
24 39 28 34 9 31 0 0.13 1.3 0 16.8 33 250 M M 9 18 43 250
25 38 26 32 7 33 0 0.05 0.7 1 11.9 30 230 M M 10 18 39 220
26 38 22 30 5 35 0 0.11 1.1 1 23.0 41 260 M M 8 1289 53 260
27 29 15 22 -3 43 0 0.13 1.3 2 18.1 36 180 M M 9 18 49 170
28 19 14 17 -8 48 0 T T 3 15.0 26 230 M M 8 32 230
29 27 19 23 -2 42 0 0.02 0.3 3 19.5 31 180 M M 10 18 40 180
30 31 21 26 1 39 0 0.16 3.1 2 16.8 28 240 M M 10 12 33 240
31 26 14 20 -5 45 0 0.02 0.9 4 19.6 29 240 M M 9 18 36 240
================================================================================
SM 1226 707 1043 0 1.29 11.9 451.3 M 194
================================================================================
AV 39.5 22.8 15.0 FASTST M M 6 MAX(MPH)
MISC ----> 46 170 68 170
================================================================================
NOTES:
# LAST OF SEVERAL OCCURRENCES
COLUMN 17 PEAK WIND IN M.P.H.
14-15TH: POWER OUTAGE STARTING AROUND 2300 MST ON THE 14TH AND
CONTINUING INTO THE 15TH AT 0430 MST. PIH PWSI1 COOP EQUIP
LOCATED 1.4 MILES SW OF ASOS(10-7211) WAS USED FOR LOW TEMP
ON THE 14TH AND THE HIGH AND LOW TEMP ON THE 15TH.
PRELIMINARY LOCAL CLIMATOLOGICAL DATA (WS FORM: F-6) , PAGE 2
STATION: POCATELLO
MONTH: DECEMBER
YEAR: 2021
LATITUDE: 42 55 N
LONGITUDE: 112 36 W
[TEMPERATURE DATA] [PRECIPITATION DATA] SYMBOLS USED IN COLUMN 16
AVERAGE MONTHLY: 31.2 TOTAL FOR MONTH: 1.29 1 = FOG OR MIST
DPTR FM NORMAL: 5.4 DPTR FM NORMAL: 0.16 2 = FOG REDUCING VISIBILITY
HIGHEST: 61 ON 2 GRTST 24HR 0.42 ON 23-24 TO 1/4 MILE OR LESS
LOWEST: 9 ON 19,18 3 = THUNDER
SNOW, ICE PELLETS, HAIL 4 = ICE PELLETS
TOTAL MONTH: 11.9 INCHES 5 = HAIL
GRTST 24HR 3.1 ON 30-30 6 = FREEZING RAIN OR DRIZZLE
GRTST DEPTH: 4 ON 31 7 = DUSTSTORM OR SANDSTORM:
VSBY 1/2 MILE OR LESS
8 = SMOKE OR HAZE
[NO. OF DAYS WITH] [WEATHER - DAYS WITH] 9 = BLOWING SNOW
X = TORNADO
MAX 32 OR BELOW: 9 0.01 INCH OR MORE: 12
MAX 90 OR ABOVE: 0 0.10 INCH OR MORE: 6
MIN 32 OR BELOW: 28 0.50 INCH OR MORE: 0
MIN 0 OR BELOW: 0 1.00 INCH OR MORE: 0
[HDD (BASE 65) ]
TOTAL THIS MO. 1043 CLEAR (SCALE 0-3) 7
DPTR FM NORMAL -172 PTCLDY (SCALE 4-7) 13
TOTAL FM JUL 1 2483 CLOUDY (SCALE 8-10) 11
DPTR FM NORMAL -411
[CDD (BASE 65) ]
TOTAL THIS MO. 0
DPTR FM NORMAL 0 [PRESSURE DATA]
TOTAL FM JAN 1 663 HIGHEST SLP 30.52 ON 18
DPTR FM NORMAL 233 LOWEST SLP 29.31 ON 26
[REMARKS]
2ND: HIGH TEMPERATURE OF 61 BREAKS THE OLD RECORD OF 57 SET IN 1939.
4TH: HIGH TEMPERATURE OF 57 TIES THE OLD RECORD OF 57 SET IN 1946.
#FINAL-12-21#