000
CXUS53 KAPX 010730
CF6PLN
PRELIMINARY LOCAL CLIMATOLOGICAL DATA (WS FORM: F-6)
STATION: PELLSTON
MONTH: JUNE
YEAR: 2021
LATITUDE: 45 34 N
LONGITUDE: 84 48 W
TEMPERATURE IN F: :PCPN: SNOW: WIND :SUNSHINE: SKY :PK WND
================================================================================
1 2 3 4 5 6A 6B 7 8 9 10 11 12 13 14 15 16 17 18
12Z AVG MX 2MIN
DY MAX MIN AVG DEP HDD CDD WTR SNW DPTH SPD SPD DIR MIN PSBL S-S WX SPD DR
================================================================================
1 75 38 57 -1 8 0 0.00 M M 3.4 13 280 M M 0 1 19 300
2 79 40 60 2 5 0 T M M 3.3 15 240 M M 3 21 230
3 85 47 66 7 0 1 0.00 M M 6.9 22 280 M M 4 30 290
4 86 52 69 10 0 4 0.00 M M 4.0 16 280 M M 1 1 20 290
5 86 67 77 18 0 12 0.06 M M 8.2 21 280 M M 1 3 33 260
6 91 70 81 21 0 16 T M M 10.1 23 240 M M 0 3 35 230
7 89 66 78 18 0 13 T M M 8.8 18 240 M M 0 26 250
8 93 60 77 17 0 12 T M M 3.7 16 330 M M 2 1 22 320
9 84 62 73 13 0 8 0.00 M M 8.1 20 80 M M 1 1 28 70
10 86 59 73 12 0 8 0.00 M M 6.8 16 20 M M 1 21 30
11 71 58 65 4 0 0 0.90 M M 9.8 18 50 M M 9 13 25 70
12 79 56 68 7 0 3 0.06 M M 3.6 14 40 M M 5 13 16 80
13 82 53 68 6 0 3 0.15 M M 7.5 20 330 M M 2 1 27 290
14 77 53 65 3 0 0 T M M 9.1 20 330 M M 3 26 330
15 74 47 61 -1 4 0 0.00 M M 7.8 20 340 M M 0 1 26 320
16 74 39 57 -5 8 0 0.00 M M 4.0 15 320 M M 0 20 10
17 83 40 62 0 3 0 0.00 M M 7.1 17 220 M M 1 26 220
18 82 53 68 5 0 3 0.36 M M 8.7 22 250 M M 4 1 36 230
19 72 47 60 -3 5 0 0.00 M M 5.2 15 310 M M 0 20 310
20 77 48 63 0 2 0 0.13 M M 3.1 13 290 M M 6 1 17 290
21 62 41 52 -11 13 0 0.58 M M 12.4 25 290 M M 8 1 43 280
22 65 36 51 -13 14 0 0.03 M M 5.4 17 290 M M 6 13 23 290
23 80 39 60 -4 5 0 0.00 M M 7.1 17 200 M M 3 28 190
24 71 64 68 4 0 3 0.08 M M 7.5 18 200 M M 7 13 34 230
25 77 66 72 8 0 7 0.09 M M 3.2 13 20 M M 10 1 15 20
26 71 63 67 3 0 2 0.70 M M 4.1 10 10 M M 10 12 13 10
27 70 62 66 2 0 1 0.45 M M 4.4 20 70 M M 10 18 25 60
28 80 58 69 4 0 4 T M M 3.9 10 290 M M 3 1 15 270
29 76 64 70 5 0 5 0.39 M M 3.0 12 260 M M 9 1 21 260
30 78 61 70 5 0 5 0.00 M M 6.1 14 290 M M 6 1 22 290
================================================================================
SM 2355 1609 67 110 3.98 M 186.3 M 115
================================================================================
AV 78.5 53.6 6.2 FASTST M M 4 MAX(MPH)
MISC ----> 25 290 43 280
================================================================================
NOTES:
# LAST OF SEVERAL OCCURRENCES
COLUMN 17 PEAK WIND IN M.P.H.
PRELIMINARY LOCAL CLIMATOLOGICAL DATA (WS FORM: F-6) , PAGE 2
STATION: PELLSTON
MONTH: JUNE
YEAR: 2021
LATITUDE: 45 34 N
LONGITUDE: 84 48 W
[TEMPERATURE DATA] [PRECIPITATION DATA] SYMBOLS USED IN COLUMN 16
AVERAGE MONTHLY: 66.1 TOTAL FOR MONTH: 3.98 1 = FOG OR MIST
DPTR FM NORMAL: 4.2 DPTR FM NORMAL: 1.41 2 = FOG REDUCING VISIBILITY
HIGHEST: 93 ON 8 GRTST 24HR 1.02 ON 26-27 TO 1/4 MILE OR LESS
LOWEST: 36 ON 22 3 = THUNDER
SNOW, ICE PELLETS, HAIL 4 = ICE PELLETS
TOTAL MONTH: M 5 = HAIL
GRTST 24HR M ON M 6 = FREEZING RAIN OR DRIZZLE
GRTST DEPTH: M ON M 7 = DUSTSTORM OR SANDSTORM:
VSBY 1/2 MILE OR LESS
8 = SMOKE OR HAZE
[NO. OF DAYS WITH] [WEATHER - DAYS WITH] 9 = BLOWING SNOW
X = TORNADO
MAX 32 OR BELOW: 0 0.01 INCH OR MORE: 13
MAX 90 OR ABOVE: 2 0.10 INCH OR MORE: 8
MIN 32 OR BELOW: 0 0.50 INCH OR MORE: 3
MIN 0 OR BELOW: 0 1.00 INCH OR MORE: 0
[HDD (BASE 65) ]
TOTAL THIS MO. 67 CLEAR (SCALE 0-3) 15
DPTR FM NORMAL -75 PTCLDY (SCALE 4-7) 10
TOTAL FM JUL 1 7622 CLOUDY (SCALE 8-10) 5
DPTR FM NORMAL -768
[CDD (BASE 65) ]
TOTAL THIS MO. 110
DPTR FM NORMAL 60 [PRESSURE DATA]
TOTAL FM JAN 1 140 HIGHEST SLP 30.21 ON 1
DPTR FM NORMAL 76 LOWEST SLP 29.32 ON 21
[REMARKS]
#FINAL-06-21#