000
CXUS56 KLOX 011655
CF6PRB
PRELIMINARY LOCAL CLIMATOLOGICAL DATA (WS FORM: F-6)
STATION: PASO ROBLES AIRPORT CA
MONTH: APRIL
YEAR: 2020
LATITUDE: 35 40 N
LONGITUDE: 120 38 W
TEMPERATURE IN F: :PCPN: SNOW: WIND :SUNSHINE: SKY :PK WND
================================================================================
1 2 3 4 5 6A 6B 7 8 9 10 11 12 13 14 15 16 17 18
12Z AVG MX 2MIN
DY MAX MIN AVG DEP HDD CDD WTR SNW DPTH SPD SPD DIR MIN PSBL S-S WX SPD DR
================================================================================
1 71 46 59 5 6 0 0.00 0.0 0 12.6 18 320 M M 2 25 320
2 68 36 52 -2 13 0 0.00 0.0 0 5.3 20 330 M M 0 25 340
3 69 35 52 -3 13 0 0.00 0.0 0 7.3 16 300 M M 0 21 320
4 65 37 51 -4 14 0 T M 0 7.0 20 190 M M 3 24 210
5 56 46 51 -4 14 0 0.93 M 0 11.0 24 190 M M 10 1 31 190
6 57 39 48 -7 17 0 0.02 M 0 7.1 17 240 M M 5 22 200
7 64 35 50 -5 15 0 0.23 M 0 3.5 13 180 M M 5 12 16 170
8 56 47 52 -3 13 0 0.02 M 0 6.5 15 210 M M 8 19 210
9 58 47 53 -2 12 0 0.26 M 0 5.5 12 170 M M 7 1 16 140
10 70 41 56 0 9 0 0.00 0.0 0 4.8 15 320 M M 5 12 18 320
11 72 46 59 3 6 0 0.00 0.0 0 4.7 16 200 M M 3 1 20 200
12 56 50 53 -3 12 0 0.00 0.0 0 7.6 15 210 M M 10 19 230
13 66 48 57 1 8 0 0.00 0.0 0 5.0 16 210 M M 6 1 19 220
14 76 47 62 6 3 0 0.00 0.0 0 2.3 10 310 M M 4 12 13 310
15 80 40 60 4 5 0 0.00 0.0 0 3.7 12 200 M M 0 15 200
16 68 43 56 -1 9 0 0.00 0.0 0 7.8 21 210 M M 2 12 26 210
17 66 49 58 1 7 0 0.04 M 0 8.5 20 210 M M 6 26 210
18 63 46 55 -2 10 0 0.00 0.0 0 4.4 14 210 M M 7 18 210
19 70 42 56 -1 9 0 0.00 0.0 0 6.0 18 200 M M 2 23 200
20 67 48 58 0 7 0 T M 0 7.1 15 310 M M 9 21 320
21 74 45 60 2 5 0 0.00 0.0 0 8.0 17 330 M M 1 23 320
22 82 46 64 6 1 0 0.00 0.0 0 8.4 23 330 M M 3 12 28 330
23 84 49 67 9 0 2 0.00 0.0 0 10.0 29 330 M M 1 12 34 330
24 91 45 68 9 0 3 0.00 0.0 0 4.3 14 340 M M 0 17 340
25 92 47 70 11 0 5 0.00 0.0 0 6.7 17 320 M M 0 22 330
26 87 50 69 10 0 4 0.00 0.0 0 9.3 21 330 M M 0 8 26 330
27 86 43 65 6 0 0 0.00 0.0 0 8.0 21 320 M M 0 25 330
28 93 48 71 11 0 6 0.00 0.0 0 4.8 16 300 M M 0 20 300
29 86 52 69 9 0 4 0.00 0.0 0 9.6 24 330 M M 0 28 330
30 88 52 70 10 0 5 0.00 0.0 0 14.7 30 320 M M 2 1 37 330
================================================================================
SM 2181 1345 208 29 1.50 0.0 211.5 M 101
================================================================================
AV 72.7 44.8 7.1 FASTST M M 3 MAX(MPH)
MISC ----> # 30 320 # 37 330
================================================================================
NOTES:
# LAST OF SEVERAL OCCURRENCES
COLUMN 17 PEAK WIND IN M.P.H.
PRELIMINARY LOCAL CLIMATOLOGICAL DATA (WS FORM: F-6) , PAGE 2
STATION: PASO ROBLES AIRPORT CA
MONTH: APRIL
YEAR: 2020
LATITUDE: 35 40 N
LONGITUDE: 120 38 W
[TEMPERATURE DATA] [PRECIPITATION DATA] SYMBOLS USED IN COLUMN 16
AVERAGE MONTHLY: 58.8 TOTAL FOR MONTH: 1.50 1 = FOG OR MIST
DPTR FM NORMAL: 1.9 DPTR FM NORMAL: 0.82 2 = FOG REDUCING VISIBILITY
HIGHEST: 93 ON 28 GRTST 24HR 0.93 ON 5- 5 TO 1/4 MILE OR LESS
LOWEST: 35 ON 7, 3 3 = THUNDER
SNOW, ICE PELLETS, HAIL 4 = ICE PELLETS
TOTAL MONTH: 0.0 INCH 5 = HAIL
GRTST 24HR 0.0 6 = FREEZING RAIN OR DRIZZLE
GRTST DEPTH: 0 7 = DUSTSTORM OR SANDSTORM:
VSBY 1/2 MILE OR LESS
8 = SMOKE OR HAZE
[NO. OF DAYS WITH] [WEATHER - DAYS WITH] 9 = BLOWING SNOW
X = TORNADO
MAX 32 OR BELOW: 0 0.01 INCH OR MORE: 6
MAX 90 OR ABOVE: 3 0.10 INCH OR MORE: 3
MIN 32 OR BELOW: 0 0.50 INCH OR MORE: 1
MIN 0 OR BELOW: 0 1.00 INCH OR MORE: 0
[HDD (BASE 65) ]
TOTAL THIS MO. 208 CLEAR (SCALE 0-3) 16
DPTR FM NORMAL -45 PTCLDY (SCALE 4-7) 10
TOTAL FM JUL 1 2418 CLOUDY (SCALE 8-10) 4
DPTR FM NORMAL -294
[CDD (BASE 65) ]
TOTAL THIS MO. 29
DPTR FM NORMAL 20 [PRESSURE DATA]
TOTAL FM JAN 1 29 HIGHEST SLP 30.29 ON 22
DPTR FM NORMAL 20 LOWEST SLP 29.67 ON 5
[REMARKS]
#FINAL-04-20#