000
CXUS56 KFGZ 010910
CF6PRC
PRELIMINARY LOCAL CLIMATOLOGICAL DATA (WS FORM: F-6)
STATION: PRESCOTT AZ AIRPORT
MONTH: JUNE
YEAR: 2022
LATITUDE: 34 39 N
LONGITUDE: 112 26 W
TEMPERATURE IN F: :PCPN: SNOW: WIND :SUNSHINE: SKY :PK WND
================================================================================
1 2 3 4 5 6A 6B 7 8 9 10 11 12 13 14 15 16 17 18
12Z AVG MX 2MIN
DY MAX MIN AVG DEP HDD CDD WTR SNW DPTH SPD SPD DIR MIN PSBL S-S WX SPD DR
================================================================================
1 84 45 65 -2 0 0 0.00 M M 7.1 18 240 M M 0 23 240
2 86 50 68 0 0 3 0.00 M M 8.0 20 250 M M 0 26 230
3 85 54 70 2 0 5 0.00 M M 9.7 22 230 M M 0 31 230
4 81 52 67 -1 0 2 0.00 M M 10.5 25 230 M M 0 33 220
5 86 55 71 2 0 6 0.00 M M 8.9 22 250 M M 0 27 230
6 87 59 73 4 0 8 0.00 M M 7.7 18 210 M M 0 31 190
7 91 59 75 6 0 10 0.00 M M 7.3 18 240 M M 0 30 210
8 93 59 76 6 0 11 0.00 M M 7.8 18 230 M M 0 23 240
9 91 60 76 6 0 11 0.00 M M 9.8 21 220 M M 0 29 230
10 94 63 79 9 0 14 0.00 M M 7.9 26 240 M M 1 43 180
11 96 63 80 9 0 15 0.00 M M 8.8 25 230 M M 0 31 240
12 93 71 82 11 0 17 0.00 M M 14.2 33 240 M M 0 46 240
13 88 62 75 4 0 10 0.00 M M 12.7 32 230 M M 0 42 230
14 87 55 71 -1 0 6 0.00 M M 7.9 17 230 M M 0 23 220
15 93 53 73 1 0 8 0.00 M M 6.8 17 280 M M 0 23 310
16 94 57 76 4 0 11 0.00 M M 8.2 23 220 M M 0 37 210
17 89 70 80 8 0 15 0.00 M M 12.3 26 210 M M 0 35 210
18 83 65 74 1 0 9 0.00 M M 15.3 28 200 M M 2 40 200
19 81 52 67 -6 0 2 0.00 M M 11.6 28 230 M M 0 35 240
20 86 46 66 -7 0 1 0.00 M M 5.9 16 220 M M 0 21 220
21 90 52 71 -3 0 6 0.00 M M 6.9 17 230 M M 1 27 170
22 88 64 76 2 0 11 0.00 M M 5.1 18 290 M M 3 23 280
23 90 58 74 0 0 9 0.13 M M 10.1 32 240 M M 2 3 39 230
24 85 62 74 0 0 9 0.14 M M 8.4 28 320 M M 5 3 34 320
25 89 58 74 0 0 9 0.03 M M 6.1 25 40 M M 2 3 31 40
26 88 59 74 -1 0 9 0.00 M M 7.0 23 240 M M 2 3 30 240
27 90 56 73 -2 0 8 0.00 M M 4.7 14 210 M M 1 27 100
28 92 63 78 3 0 13 T M M 5.7 18 250 M M 2 3 23 250
29 90 62 76 1 0 11 0.39 M M 8.4 32 140 M M 4 13 39 150
30 87 61 74 -1 0 9 0.03 M M 8.3 26 300 M M 2 3 30 300
================================================================================
SM 2657 1745 0 258 0.72 M 259.1 M 27
================================================================================
AV 88.6 58.2 8.6 FASTST M M 1 MAX(MPH)
MISC ----> 33 240 46 240
================================================================================
NOTES:
# LAST OF SEVERAL OCCURRENCES
COLUMN 17 PEAK WIND IN M.P.H.
PRELIMINARY LOCAL CLIMATOLOGICAL DATA (WS FORM: F-6) , PAGE 2
STATION: PRESCOTT AZ AIRPORT
MONTH: JUNE
YEAR: 2022
LATITUDE: 34 39 N
LONGITUDE: 112 26 W
[TEMPERATURE DATA] [PRECIPITATION DATA] SYMBOLS USED IN COLUMN 16
AVERAGE MONTHLY: 73.4 TOTAL FOR MONTH: 0.72 1 = FOG OR MIST
DPTR FM NORMAL: 1.7 DPTR FM NORMAL: 0.37 2 = FOG REDUCING VISIBILITY
HIGHEST: 96 ON 11 GRTST 24HR 0.42 ON 29-30 TO 1/4 MILE OR LESS
LOWEST: 45 ON 1 3 = THUNDER
SNOW, ICE PELLETS, HAIL 4 = ICE PELLETS
TOTAL MONTH: M 5 = HAIL
GRTST 24HR M ON M 6 = FREEZING RAIN OR DRIZZLE
GRTST DEPTH: M ON M 7 = DUSTSTORM OR SANDSTORM:
VSBY 1/2 MILE OR LESS
8 = SMOKE OR HAZE
[NO. OF DAYS WITH] [WEATHER - DAYS WITH] 9 = BLOWING SNOW
X = TORNADO
MAX 32 OR BELOW: 0 0.01 INCH OR MORE: 5
MAX 90 OR ABOVE: 13 0.10 INCH OR MORE: 3
MIN 32 OR BELOW: 0 0.50 INCH OR MORE: 0
MIN 0 OR BELOW: 0 1.00 INCH OR MORE: 0
[HDD (BASE 65) ]
TOTAL THIS MO. 0 CLEAR (SCALE 0-3) 28
DPTR FM NORMAL -14 PTCLDY (SCALE 4-7) 2
TOTAL FM JUL 1 3961 CLOUDY (SCALE 8-10) 0
DPTR FM NORMAL -93
[CDD (BASE 65) ]
TOTAL THIS MO. 258
DPTR FM NORMAL 42 [PRESSURE DATA]
TOTAL FM JAN 1 305 HIGHEST SLP M ON M
DPTR FM NORMAL 43 LOWEST SLP 29.63 ON 13
[REMARKS]
#FINAL-06-22#