000
CXUS56 KFGZ 010910
CF6PRC
PRELIMINARY LOCAL CLIMATOLOGICAL DATA (WS FORM: F-6)
STATION: PRESCOTT AZ AIRPORT
MONTH: MARCH
YEAR: 2022
LATITUDE: 34 39 N
LONGITUDE: 112 26 W
TEMPERATURE IN F: :PCPN: SNOW: WIND :SUNSHINE: SKY :PK WND
================================================================================
1 2 3 4 5 6A 6B 7 8 9 10 11 12 13 14 15 16 17 18
12Z AVG MX 2MIN
DY MAX MIN AVG DEP HDD CDD WTR SNW DPTH SPD SPD DIR MIN PSBL S-S WX SPD DR
================================================================================
1 68 27 48 3 17 0 0.00 M M 5.4 16 30 M M 0 19 20
2 72 28 50 5 15 0 0.00 M M 6.0 12 190 M M 0 15 130
3 71 35 53 8 12 0 0.00 M M 7.4 23 150 M M 1 29 200
4 54 36 45 0 20 0 0.03 M M 9.4 26 240 M M 6 1 33 250
5 47 29 38 -8 27 0 0.03 M M 13.3 28 220 M M 6 1 35 240
6 45 20 33 -13 32 0 0.04 M M 6.6 16 320 M M 4 12 23 330
7 46 23 35 -11 30 0 0.01 M M 7.5 23 20 M M 3 1 31 260
8 49 18 34 -12 31 0 0.00 M M 2.9 10 330 M M 0 14 340
9 56 25 41 -5 24 0 0.00 M M 8.4 23 250 M M 0 28 250
10 49 29 39 -8 26 0 0.04 M M 9.9 25 360 M M 8 1 31 350
11 51 20 36 -11 29 0 0.00 M M 7.4 17 340 M M 0 21 350
12 62 23 43 -4 22 0 0.00 M M 5.0 12 190 M M 0 16 290
13 62 26 44 -3 21 0 0.00 M M 10.1 32 230 M M 0 42 220
14 63 29 46 -2 19 0 0.00 M M 3.9 13 330 M M 0 22 340
15 71 30 51 3 14 0 0.00 M M 6.7 16 250 M M 0 22 290
16 65 41 53 5 12 0 0.00 M M 10.7 25 320 M M 1 31 330
17 63 36 50 2 15 0 0.00 M M 9.0 17 320 M M 0 22 320
18 65 29 47 -1 18 0 0.00 M M 7.2 17 340 M M 0 21 300
19 65 31 48 0 17 0 0.00 M M 8.3 22 220 M M 0 29 240
20 55 35 45 -4 20 0 0.03 M M 10.6 25 310 M M 4 31 320
21 60 30 45 -4 20 0 0.00 M M 15.0 28 350 M M 0 36 350
22 64 36 50 1 15 0 0.00 M M 14.0 25 10 M M 0 31 360
23 67 32 50 1 15 0 0.00 M M 6.8 22 320 M M 0 29 310
24 75 33 54 4 11 0 0.00 M M 7.0 17 330 M M 0 27 340
25 79 39 59 9 6 0 0.00 M M 6.0 16 250 M M 0 19 250
26 79 41 60 10 5 0 0.00 M M 7.3 20 220 M M 0 24 240
27 73 40 57 7 8 0 0.00 M M 10.0 22 220 M M 0 29 220
28 64 45 55 5 10 0 T M M 12.8 29 160 M M 6 8 40 190
29 49 36 43 -7 22 0 0.32 M M 8.8 25 260 M M 8 138 31 250
30 63 36 50 0 15 0 0.00 M M 7.1 20 280 M M 2 25 290
31 63 44 54 3 11 0 0.00 M M 7.7 17 230 M M 1 24 190
================================================================================
SM 1915 982 559 0 0.50 M 258.2 M 50
================================================================================
AV 61.8 31.7 8.3 FASTST M M 2 MAX(MPH)
MISC ----> 32 230 42 220
================================================================================
NOTES:
# LAST OF SEVERAL OCCURRENCES
COLUMN 17 PEAK WIND IN M.P.H.
PRELIMINARY LOCAL CLIMATOLOGICAL DATA (WS FORM: F-6) , PAGE 2
STATION: PRESCOTT AZ AIRPORT
MONTH: MARCH
YEAR: 2022
LATITUDE: 34 39 N
LONGITUDE: 112 26 W
[TEMPERATURE DATA] [PRECIPITATION DATA] SYMBOLS USED IN COLUMN 16
AVERAGE MONTHLY: 46.7 TOTAL FOR MONTH: 0.50 1 = FOG OR MIST
DPTR FM NORMAL: -1.1 DPTR FM NORMAL: -0.46 2 = FOG REDUCING VISIBILITY
HIGHEST: 79 ON 26,25 GRTST 24HR 0.32 ON 28-29 TO 1/4 MILE OR LESS
LOWEST: 18 ON 8 3 = THUNDER
SNOW, ICE PELLETS, HAIL 4 = ICE PELLETS
TOTAL MONTH: M 5 = HAIL
GRTST 24HR M ON M 6 = FREEZING RAIN OR DRIZZLE
GRTST DEPTH: M ON M 7 = DUSTSTORM OR SANDSTORM:
VSBY 1/2 MILE OR LESS
8 = SMOKE OR HAZE
[NO. OF DAYS WITH] [WEATHER - DAYS WITH] 9 = BLOWING SNOW
X = TORNADO
MAX 32 OR BELOW: 0 0.01 INCH OR MORE: 7
MAX 90 OR ABOVE: 0 0.10 INCH OR MORE: 1
MIN 32 OR BELOW: 17 0.50 INCH OR MORE: 0
MIN 0 OR BELOW: 0 1.00 INCH OR MORE: 0
[HDD (BASE 65) ]
TOTAL THIS MO. 559 CLEAR (SCALE 0-3) 23
DPTR FM NORMAL 26 PTCLDY (SCALE 4-7) 8
TOTAL FM JUL 1 3589 CLOUDY (SCALE 8-10) 0
DPTR FM NORMAL 28
[CDD (BASE 65) ]
TOTAL THIS MO. 0
DPTR FM NORMAL 0 [PRESSURE DATA]
TOTAL FM JAN 1 0 HIGHEST SLP M ON M
DPTR FM NORMAL 0 LOWEST SLP 29.61 ON 29
[REMARKS]
#FINAL-03-22#