000
CXUS56 KPDT 012314
CLMPSC
CLIMATE REPORT
NATIONAL WEATHER SERVICE PENDLETON, OR
314 PM PST FRI MAR 01 2024
...................................
...THE PASCO WA CLIMATE SUMMARY FOR THE MONTH OF FEBRUARY 2024...
CLIMATE NORMAL PERIOD 1991 TO 2020
CLIMATE RECORD PERIOD 1894 TO 2024
WEATHER OBSERVED NORMAL DEPART LAST YEAR`S
VALUE DATE(S) VALUE FROM VALUE DATE(S)
NORMAL
................................................................
TEMPERATURE (F)
RECORD
HIGH 74 02/21/1995
02/25/1986
LOW -23 02/03/1950
HIGHEST 62 02/29 57 02/18
02/20
LOWEST 22 02/17 10 02/24
AVG. MAXIMUM 51.2 48.6 2.6 48.5
AVG. MINIMUM 33.1 28.2 4.9 26.9
MEAN 42.2 38.4 3.8 37.7
DAYS MAX >= 90 0 0.0 0.0 0
DAYS MAX <= 32 0 1.3 -1.3 1
DAYS MIN <= 32 14 19.9 -5.9 18
DAYS MIN <= 0 0 0.1 -0.1 0
PRECIPITATION (INCHES)
RECORD
MAXIMUM 3.57 1940
MINIMUM T 1967
TOTALS 0.47 0.63 -0.16 0.24
DAILY AVG. 0.02 NAN NAN 0.01
DAYS >= .01 10 7.8 2.2 2
DAYS >= .10 0 2.2 -2.2 1
DAYS >= .50 0 0.0 0.0 0
DAYS >= 1.00 0 0.0 0.0 0
GREATEST
24 HR. TOTAL 0.13 02/04 TO 02/05 0.23 02/05 TO 02/05
DEGREE DAYS
HEATING TOTAL 654 745 -91 756
SINCE 7/1 3696 3908 -212
COOLING TOTAL 0 0 0 0
SINCE 1/1 0 0 0
................................................................
WIND (MPH)
AVERAGE WIND SPEED 6.4
RESULTANT WIND SPEED/DIRECTION 3/270
HIGHEST WIND SPEED/DIRECTION 38/240 DATE 02/25
HIGHEST GUST SPEED/DIRECTION 58/240 DATE 02/25
AVERAGE RH (PERCENT) 73
WEATHER CONDITIONS. NUMBER OF DAYS WITH
THUNDERSTORM 0 MIXED PRECIP 0
HEAVY RAIN 0 RAIN 0
LIGHT RAIN 13 FREEZING RAIN 0
LT FREEZING RAIN 0 HAIL 0
HEAVY SNOW 0 SNOW 0
LIGHT SNOW 2 SLEET 0
FOG 12 FOG W/VIS <= 1/4 MILE 5
HAZE 3
- INDICATES NEGATIVE NUMBERS.
R INDICATES RECORD WAS SET OR TIED.
MM INDICATES DATA IS MISSING.
T INDICATES TRACE AMOUNT.
$$