000
CXUS51 KALY 011542
CLMPSF
CLIMATE REPORT
NATIONAL WEATHER SERVICE ALBANY NY
1142 AM EDT MON MAY 01 2023
...................................
...THE PITTSFIELD MA CLIMATE SUMMARY FOR THE MONTH OF APRIL 2023...
CLIMATE NORMAL PERIOD: 1991 TO 2020
CLIMATE RECORD PERIOD: 9999 TO 9999
WEATHER OBSERVED NORMAL DEPART LAST YEAR`S
VALUE DATE(S) VALUE FROM VALUE DATE(S)
NORMAL
................................................................
TEMPERATURE (F)
HIGHEST 86 04/14 75 04/14
LOWEST 21 04/03 26 04/05
04/21
AVG. MAXIMUM 59.9 55.2 4.7 54.7
AVG. MINIMUM 37.3 33.8 3.5 33.8
MEAN 48.6 44.5 4.1 44.3
DAYS MAX >= 90 0 0.0 0.0 0
DAYS MAX <= 32 0 0.4 -0.4 0
DAYS MIN <= 32 10 13.9 -3.9 12
DAYS MIN <= 0 0 0.0 0.0 0
PRECIPITATION (INCHES)
TOTALS 3.53 3.38 0.15 4.64
DAILY AVG. 0.12 0.15
DAYS >= .01 11 15
DAYS >= .10 7 11
DAYS >= .50 2 4
DAYS >= 1.00 1 0
GREATEST
24 HR. TOTAL 1.58 04/22 TO 04/23
DEGREE DAYS
HEATING TOTAL 491 617 -126 616
SINCE 7/1 5999 6827 -828 6408
COOLING TOTAL 7 2 5 0
SINCE 1/1 7 2 5 0
................................................................
WIND (MPH)
AVERAGE WIND SPEED 7.3
HIGHEST WIND SPEED/DIRECTION 43/270 DATE 04/01
HIGHEST GUST SPEED/DIRECTION 57/260 DATE 04/01
SKY COVER
AVERAGE SKY COVER 0.49
AVERAGE RH (PERCENT) 63
WEATHER CONDITIONS. NUMBER OF DAYS WITH
THUNDERSTORM 0 MIXED PRECIP 0
HEAVY RAIN 2 RAIN 4
LIGHT RAIN 13 FREEZING RAIN 0
LT FREEZING RAIN 0 HAIL 0
HEAVY SNOW 0 SNOW 0
LIGHT SNOW 0 SLEET 0
FOG 15 FOG W/VIS <= 1/4 MILE 3
HAZE 1
- INDICATES NEGATIVE NUMBERS.
R INDICATES RECORD WAS SET OR TIED.
MM INDICATES DATA IS MISSING.
T INDICATES TRACE AMOUNT.
$$