000
CXUS56 KSGX 011145
CF6PSP
PRELIMINARY LOCAL CLIMATOLOGICAL DATA (WS FORM: F-6)
STATION: PALM SPRINGS INTL AIRPORT CA
MONTH: JANUARY
YEAR: 2024
LATITUDE: 33 49 N
LONGITUDE: 116 30 W
TEMPERATURE IN F: :PCPN: SNOW: WIND :SUNSHINE: SKY :PK WND
================================================================================
1 2 3 4 5 6A 6B 7 8 9 10 11 12 13 14 15 16 17 18
12Z AVG MX 2MIN
DY MAX MIN AVG DEP HDD CDD WTR SNW DPTH SPD SPD DIR MIN PSBL S-S WX SPD DR
================================================================================
1 68 46 57 -1 8 0 0.00 M M 5.7 12 340 M M 0 14 300
2 73 44 59 1 6 0 0.00 M M 3.3 13 340 M M 0 14 330
3 62 47 55 -3 10 0 0.04 M M 3.9 10 140 M M 2 3 13 140
4 70 41 56 -2 9 0 0.00 M M 3.9 12 350 M M 0 14 340
5 71 42 57 -1 8 0 0.00 M M 5.6 22 30 M M 0 38 30
6 66 39 53 -5 12 0 0.00 M M 4.6 13 120 M M 0 18 340
7 64 47 56 -2 9 0 0.01 M M 12.2 29 320 M M 2 41 280
8 63 39 51 -7 14 0 0.00 M M 6.1 14 220 M M 0 19 220
9 62 39 51 -8 14 0 0.00 M M 3.8 12 320 M M 0 14 320
10 63 37 50 -9 15 0 0.00 M M 3.1 10 110 M M 0 13 110
11 65 44 55 -4 10 0 0.00 M M 9.2 41 340 M M 1 78 53 320
12 63 38 51 -8 14 0 0.00 M M 4.8 9 330 M M 0 14 340
13 65 40 53 -6 12 0 0.00 M M 3.5 10 350 M M 0 13 320
14 67 43 55 -4 10 0 0.00 M M 3.7 13 120 M M 0 15 120
15 73 45 59 0 6 0 0.00 M M 3.7 10 330 M M 0 13 310
16 75 46 61 2 4 0 0.00 M M 3.7 10 330 M M 0 11 330
17 69 51 60 1 5 0 0.00 M M 2.7 9 90 M M 0 11 130
18 75 47 61 2 4 0 0.00 M M 1.9 9 330 M M 0 14 290
19 74 53 64 5 1 0 0.00 M M 4.4 9 350 M M 0 11 340
20 68 54 61 2 4 0 0.01 M M 3.0 14 310 M M 4 18 310
21 67 53 60 1 5 0 T M M 4.0 10 110 M M 5 8 14 120
22 59 52 56 -4 9 0 0.81 M M 3.5 17 330 M M 8 138 19 320
23 70 47 59 -1 6 0 0.00 M M 1.8 8 330 M M 1 9 200
24 68 48 58 -2 7 0 0.00 M M 2.0 8 120 M M 0 9 140
25 71 49 60 0 5 0 0.00 M M 2.4 9 180 M M 1 8 13 130
26 75 47 61 1 4 0 0.00 M M 4.3 13 360 M M 0 17 300
27 78 48 63 3 2 0 0.00 M M 3.9 9 260 M M 0 12 260
28 80 58 69 9 0 4 0.00 M M 4.3 10 230 M M 0 12 240
29 81 53 67 7 0 2 0.00 M M 4.6 10 320 M M 0 15 300
30 82 53 68 8 0 3 0.00 M M 4.6 10 320 M M 0 14 100
31 73 52 63 3 2 0 0.00 M M 2.8 13 340 M M 0 13 340
================================================================================
SM 2160 1442 215 9 0.87 M 131.0 M 24
================================================================================
AV 69.7 46.5 4.2 FASTST M M 1 MAX(MPH)
MISC ----> 41 340 53 320
================================================================================
NOTES:
# LAST OF SEVERAL OCCURRENCES
COLUMN 17 PEAK WIND IN M.P.H.
PRELIMINARY LOCAL CLIMATOLOGICAL DATA (WS FORM: F-6) , PAGE 2
STATION: PALM SPRINGS INTL AIRPORT CA
MONTH: JANUARY
YEAR: 2024
LATITUDE: 33 49 N
LONGITUDE: 116 30 W
[TEMPERATURE DATA] [PRECIPITATION DATA] SYMBOLS USED IN COLUMN 16
AVERAGE MONTHLY: 58.1 TOTAL FOR MONTH: 0.87 1 = FOG OR MIST
DPTR FM NORMAL: -0.9 DPTR FM NORMAL: -0.27 2 = FOG REDUCING VISIBILITY
HIGHEST: 82 ON 30 GRTST 24HR 1.96 ON 22-23 TO 1/4 MILE OR LESS
LOWEST: 37 ON 10 3 = THUNDER
SNOW, ICE PELLETS, HAIL 4 = ICE PELLETS
TOTAL MONTH: 0.0 INCH 5 = HAIL
GRTST 24HR M ON M 6 = FREEZING RAIN OR DRIZZLE
GRTST DEPTH: 0 7 = DUSTSTORM OR SANDSTORM:
VSBY 1/2 MILE OR LESS
8 = SMOKE OR HAZE
[NO. OF DAYS WITH] [WEATHER - DAYS WITH] 9 = BLOWING SNOW
X = TORNADO
MAX 32 OR BELOW: 0 0.01 INCH OR MORE: 4
MAX 90 OR ABOVE: 0 0.10 INCH OR MORE: 1
MIN 32 OR BELOW: 0 0.50 INCH OR MORE: 1
MIN 0 OR BELOW: 0 1.00 INCH OR MORE: 0
[HDD (BASE 65) ]
TOTAL THIS MO. 215 CLEAR (SCALE 0-3) 28
DPTR FM NORMAL 18 PTCLDY (SCALE 4-7) 2
TOTAL FM JUL 1 356 CLOUDY (SCALE 8-10) 1
DPTR FM NORMAL -146
[CDD (BASE 65) ]
TOTAL THIS MO. 9
DPTR FM NORMAL -4 [PRESSURE DATA]
TOTAL FM JAN 1 9 HIGHEST SLP 30.35 ON 27
DPTR FM NORMAL -4 LOWEST SLP 29.65 ON 11
[REMARKS]
#FINAL-01-24#