000
CXUS56 KOTX 010910
CF6PUW
PRELIMINARY LOCAL CLIMATOLOGICAL DATA (WS FORM: F-6)
STATION: PULLMAN_MOSCOW AIRPORT
MONTH: OCTOBER
YEAR: 2021
LATITUDE: 46 44 N
LONGITUDE: 117 7 W
TEMPERATURE IN F: :PCPN: SNOW: WIND :SUNSHINE: SKY :PK WND
================================================================================
1 2 3 4 5 6A 6B 7 8 9 10 11 12 13 14 15 16 17 18
12Z AVG MX 2MIN
DY MAX MIN AVG DEP HDD CDD WTR SNW DPTH SPD SPD DIR MIN PSBL S-S WX SPD DR
================================================================================
1 64 40 52 -2 13 0 T M M 2.6 12 280 M M 3 1 16 340
2 68 39 54 0 11 0 0.00 M M 2.0 10 280 M M 0 13 230
3 70 41 56 2 9 0 0.00 M M 2.5 13 240 M M 0 16 230
4 76 45 61 8 4 0 0.00 M M 4.9 17 30 M M 1 8 25 280
5 76 47 62 9 3 0 0.00 M M 6.2 16 270 M M 0 8 21 270
6 51 37 44 -8 21 0 0.06 M M 6.6 20 260 M M 6 18 25 270
7 58 31 45 -7 20 0 0.00 M M 2.8 8 190 M M 1 11 190
8 53 36 45 -6 20 0 T M M 3.4 12 260 M M 5 8 15 250
9 58 29 44 -7 21 0 0.00 M M 5.4 17 250 M M 1 8 25 230
10 57 36 47 -4 18 0 0.01 M M 11.1 26 270 M M 6 37 270
11 51 26 39 -11 26 0 0.00 M M 4.9 15 320 M M 2 21 310
12 50 19 35 -15 30 0 0.00 M M 3.0 13 280 M M 1 8 18 280
13 43 34 39 -10 26 0 0.08 M M 3.6 17 250 M M 9 1 21 250
14 50 31 41 -8 24 0 0.01 M M 4.1 15 270 M M 5 20 270
15 59 39 49 0 16 0 T M M 7.2 14 130 M M 7 18 130
16 71 43 57 9 8 0 0.00 M M 10.5 18 130 M M 0 22 140
17 73 44 59 11 6 0 0.00 M M 8.1 18 100 M M 0 22 100
18 59 35 47 0 18 0 0.00 M M 4.6 16 280 M M 0 8 21 280
19 66 30 48 1 17 0 0.00 M M 5.1 15 110 M M 0 18 20 90
20 57 47 52 5 13 0 0.07 M M 9.3 25 240 M M 6 31 240
21 68 47 58 12 7 0 0.00 M M 13.0 21 100 M M 3 24 90
22 61 45 53 7 12 0 0.18 M M 6.8 22 100 M M 9 1 25 100
23 54 40 47 1 18 0 0.03 M M 6.6 18 240 M M 7 1 25 240
24 50 41 46 1 19 0 0.32 M M 17.4 28 90 M M 7 1 34 90
25 53 41 47 2 18 0 0.08 M M 5.9 15 230 M M 7 1 20 250
26 52 39 46 1 19 0 0.06 M M 10.3 22 230 M M 8 1 28 240
27 51 42 47 3 18 0 0.00 M M 13.5 26 240 M M 6 34 240
28 58 42 50 6 15 0 0.10 M M 8.9 17 100 M M 10 1 21 100
29 56 34 45 1 20 0 0.59 M M 6.9 17 280 M M 7 1 23 310
30 50 30 40 -3 25 0 0.00 M M 2.9 12 20 M M 2 12 13 30
31 48 26 37 -6 28 0 0.00 M M 1.6 10 270 M M 0 1 13 280
================================================================================
SM 1811 1156 523 0 1.59 M 201.7 M 119
================================================================================
AV 58.4 37.3 6.5 FASTST M M 4 MAX(MPH)
MISC ----> 28 90 37 270
================================================================================
NOTES:
# LAST OF SEVERAL OCCURRENCES
COLUMN 17 PEAK WIND IN M.P.H.
PRELIMINARY LOCAL CLIMATOLOGICAL DATA (WS FORM: F-6) , PAGE 2
STATION: PULLMAN_MOSCOW AIRPORT
MONTH: OCTOBER
YEAR: 2021
LATITUDE: 46 44 N
LONGITUDE: 117 7 W
[TEMPERATURE DATA] [PRECIPITATION DATA] SYMBOLS USED IN COLUMN 16
AVERAGE MONTHLY: 47.9 TOTAL FOR MONTH: 1.59 1 = FOG OR MIST
DPTR FM NORMAL: -0.5 DPTR FM NORMAL: -0.00 2 = FOG REDUCING VISIBILITY
HIGHEST: 76 ON 5, 4 GRTST 24HR 0.64 ON 28-29 TO 1/4 MILE OR LESS
LOWEST: 19 ON 12 3 = THUNDER
SNOW, ICE PELLETS, HAIL 4 = ICE PELLETS
TOTAL MONTH: M 5 = HAIL
GRTST 24HR M ON M 6 = FREEZING RAIN OR DRIZZLE
GRTST DEPTH: M ON M 7 = DUSTSTORM OR SANDSTORM:
VSBY 1/2 MILE OR LESS
8 = SMOKE OR HAZE
[NO. OF DAYS WITH] [WEATHER - DAYS WITH] 9 = BLOWING SNOW
X = TORNADO
MAX 32 OR BELOW: 0 0.01 INCH OR MORE: 12
MAX 90 OR ABOVE: 0 0.10 INCH OR MORE: 4
MIN 32 OR BELOW: 8 0.50 INCH OR MORE: 1
MIN 0 OR BELOW: 0 1.00 INCH OR MORE: 0
[HDD (BASE 65) ]
TOTAL THIS MO. 523 CLEAR (SCALE 0-3) 15
DPTR FM NORMAL 8 PTCLDY (SCALE 4-7) 12
TOTAL FM JUL 1 747 CLOUDY (SCALE 8-10) 4
DPTR FM NORMAL -56
[CDD (BASE 65) ]
TOTAL THIS MO. 0
DPTR FM NORMAL -1 [PRESSURE DATA]
TOTAL FM JAN 1 557 HIGHEST SLP M ON M
DPTR FM NORMAL 274 LOWEST SLP 29.33 ON 24
[REMARKS]
#FINAL-10-21#