000
CXUS56 KOTX 010841
CLMPUW
CLIMATE REPORT
NATIONAL WEATHER SERVICE SPOKANE WA
141 AM PDT FRI SEP 01 2023
...................................
...THE PULLMAN_MOSCOW AIRPORT CLIMATE SUMMARY FOR THE MONTH OF AUGUST 2023...
CLIMATE NORMAL PERIOD 1991 TO 2020
CLIMATE RECORD PERIOD 9999 TO 9999
WEATHER OBSERVED NORMAL DEPART LAST YEAR`S
VALUE DATE(S) VALUE FROM VALUE DATE(S)
NORMAL
................................................................
TEMPERATURE (F)
RECORD
HIGH 110 08/04/1961
LOW 32 08/24/1908
HIGHEST 100 08/15 MM MM 101 08/31
LOWEST 41 08/24 MM MM 43 08/06
08/28
AVG. MAXIMUM 83.1 83.4 -0.3 88.4
AVG. MINIMUM 53.7 50.4 3.3 54.0
MEAN 68.4 66.9 1.5 71.2
DAYS MAX >= 90 10 8.3 1.7 15
DAYS MAX <= 32 0 0.0 0.0 0
DAYS MIN <= 32 0 0.0 0.0 0
DAYS MIN <= 0 0 0.0 0.0 0
PRECIPITATION (INCHES)
RECORD
MAXIMUM 3.81 1989
MINIMUM 0.00 1955
TOTALS 0.69 0.49 0.20 0.10
DAILY AVG. 0.02 0.02 0.00 0.00
DAYS >= .01 7 3.5 3.5 MM
DAYS >= .10 3 1.4 1.6 MM
DAYS >= .50 0 0.1 -0.1 MM
DAYS >= 1.00 0 0.0 0.0 MM
GREATEST
24 HR. TOTAL 0.31 08/22 TO 08/22 0.08
DEGREE DAYS
HEATING TOTAL 29 50 -21 12
SINCE 7/1 45 98 -53 MM
COOLING TOTAL 142 109 33 212
SINCE 1/1 330 250 80 MM
................................................................
WIND (MPH)
AVERAGE WIND SPEED 5.3
HIGHEST WIND SPEED/DIRECTION 26/240 DATE 08/18
26/270 08/29
HIGHEST GUST SPEED/DIRECTION 35/230 DATE 08/18
35/270 08/29
SKY COVER
POSSIBLE SUNSHINE (PERCENT) MM
AVERAGE SKY COVER 0.22
NUMBER OF DAYS FAIR 23
NUMBER OF DAYS PC 6
NUMBER OF DAYS CLOUDY 2
AVERAGE RH (PERCENT) 50
WEATHER CONDITIONS. NUMBER OF DAYS WITH
THUNDERSTORM 2 MIXED PRECIP 0
HEAVY RAIN 0 RAIN 3
LIGHT RAIN 9 FREEZING RAIN 0
LT FREEZING RAIN 0 HAIL 0
HEAVY SNOW 0 SNOW 0
LIGHT SNOW 0 SLEET 0
FOG 9 FOG W/VIS <= 1/4 MILE 0
HAZE 23
- INDICATES NEGATIVE NUMBERS.
R INDICATES RECORD WAS SET OR TIED.
MM INDICATES DATA IS MISSING.
T INDICATES TRACE AMOUNT.
$$