000
CXUS51 KBOX 010910
CF6PVD
PRELIMINARY LOCAL CLIMATOLOGICAL DATA (WS FORM: F-6)
STATION: PROVIDENCE RI
MONTH: FEBRUARY
YEAR: 2022
LATITUDE: 41 43 N
LONGITUDE: 71 26 W
TEMPERATURE IN F: :PCPN: SNOW: WIND :SUNSHINE: SKY :PK WND
================================================================================
1 2 3 4 5 6A 6B 7 8 9 10 11 12 13 14 15 16 17 18
12Z AVG MX 2MIN
DY MAX MIN AVG DEP HDD CDD WTR SNW DPTH SPD SPD DIR MIN PSBL S-S WX SPD DR
================================================================================
1 34 6 20 -10 45 0 0.00 0.0 14 6.8 13 10 M M 6 15 10
2 44 31 38 8 27 0 T 0.0 14 1.4 8 30 M M 10 128 9 350
3 47 36 42 12 23 0 0.05 0.0 11 4.1 9 150 M M 10 128 12 230
4 54 25 40 10 25 0 1.43 0.4 1 13.4 22 20 M M 10 146 28 210
5 27 17 22 -8 43 0 0.01 T 0 11.2 22 320 M M 5 1 28 310
6 28 11 20 -10 45 0 0.00 0.0 0 5.8 14 150 M M 3 17 150
7 41 22 32 1 33 0 0.97 T 0 3.9 12 70 M M 10 14 12 70
8 45 32 39 8 26 0 0.38 0.0 0 9.8 22 290 M M 8 12 28 290
9 45 26 36 5 29 0 0.00 0.0 0 7.0 15 260 M M 1 20 260
10 54 26 40 9 25 0 0.00 0.0 0 7.0 23 250 M M 4 12 31 240
11 55 26 41 10 24 0 0.00 0.0 0 8.4 22 190 M M 2 27 190
12 63 40 52 21 13 0 0.00 0.0 0 10.5 26 270 M M 4 35 270
13 40 25 33 1 32 0 0.34 5.1 0 7.9 16 20 M M 10 1 20 30
14 26 13 20 -12 45 0 0.07 2.1 7 11.0 24 310 M M 5 1 32 310
15 27 8 18 -14 47 0 0.00 0.0 4 7.0 16 260 M M 1 20 250
16 47 10 29 -3 36 0 0.00 0.0 2 10.5 26 190 M M 6 32 190
17 62 45 54 22 11 0 0.16 0.0 0 17.8 30 190 M M 8 1 39 240
18 61 24 43 11 22 0 0.62 0.0 0 19.7 41 220 M M 6 1 62 220
19 42 16 29 -4 36 0 0.01 0.3 0 13.2 29 260 M M 3 12 42 300
20 35 16 26 -7 39 0 0.00 0.0 0 10.9 23 290 M M 2 31 290
21 54 33 44 11 21 0 0.00 0.0 0 8.8 20 230 M M 4 28 210
22 57 30 44 11 21 0 0.74 0.0 0 9.5 32 210 M M 9 128 45 190
23 69 33 51 17 14 0 T 0.0 0 15.5 32 220 M M 7 45 220
24 33 27 30 -4 35 0 0.00 0.0 0 9.1 17 360 M M 7 24 360
25 36 21 29 -5 36 0 1.04 2.5 2 10.2 18 50 M M 9 146 24 340
26 34 18 26 -8 39 0 0.00 0.0 2 6.5 14 220 M M 2 19 230
27 42 19 31 -3 34 0 0.00 0.0 1 11.1 25 300 M M 2 37 320
28 32 21 27 -8 38 0 T T 1 10.0 21 20 M M 2 27 30
================================================================================
SM 1234 657 864 0 5.82 10.4 268.0 M 156
================================================================================
AV 44.1 23.5 9.6 FASTST M M 6 MAX(MPH)
MISC ----> 41 220 62 220
================================================================================
NOTES:
# LAST OF SEVERAL OCCURRENCES
COLUMN 17 PEAK WIND IN M.P.H.
PRELIMINARY LOCAL CLIMATOLOGICAL DATA (WS FORM: F-6) , PAGE 2
STATION: PROVIDENCE RI
MONTH: FEBRUARY
YEAR: 2022
LATITUDE: 41 43 N
LONGITUDE: 71 26 W
[TEMPERATURE DATA] [PRECIPITATION DATA] SYMBOLS USED IN COLUMN 16
AVERAGE MONTHLY: 33.8 TOTAL FOR MONTH: 5.82 1 = FOG OR MIST
DPTR FM NORMAL: 1.8 DPTR FM NORMAL: 2.38 2 = FOG REDUCING VISIBILITY
HIGHEST: 69 ON 23 GRTST 24HR 1.45 ON 3- 4 TO 1/4 MILE OR LESS
LOWEST: 6 ON 1 3 = THUNDER
SNOW, ICE PELLETS, HAIL 4 = ICE PELLETS
TOTAL MONTH: 10.4 INCHES 5 = HAIL
GRTST 24HR 5.1 ON 13-13 6 = FREEZING RAIN OR DRIZZLE
GRTST DEPTH: 15 ON M 7 = DUSTSTORM OR SANDSTORM:
VSBY 1/2 MILE OR LESS
8 = SMOKE OR HAZE
[NO. OF DAYS WITH] [WEATHER - DAYS WITH] 9 = BLOWING SNOW
X = TORNADO
MAX 32 OR BELOW: 5 0.01 INCH OR MORE: 12
MAX 90 OR ABOVE: 0 0.10 INCH OR MORE: 8
MIN 32 OR BELOW: 23 0.50 INCH OR MORE: 5
MIN 0 OR BELOW: 0 1.00 INCH OR MORE: 2
[HDD (BASE 65) ]
TOTAL THIS MO. 864 CLEAR (SCALE 0-3) 9
DPTR FM NORMAL -60 PTCLDY (SCALE 4-7) 12
TOTAL FM JUL 1 3591 CLOUDY (SCALE 8-10) 7
DPTR FM NORMAL -351
[CDD (BASE 65) ]
TOTAL THIS MO. 0
DPTR FM NORMAL 0 [PRESSURE DATA]
TOTAL FM JAN 1 0 HIGHEST SLP 30.79 ON 16
DPTR FM NORMAL 0 LOWEST SLP 29.30 ON 18
[REMARKS]
#FINAL-02-22#