952
CXUS53 KMKX 010910
CF6RAC
PRELIMINARY LOCAL CLIMATOLOGICAL DATA (WS FORM: F-6)
STATION: RACINE WI
MONTH: FEBRUARY
YEAR: 2021
LATITUDE: 42 45 N
LONGITUDE: 87 49 W
TEMPERATURE IN F: :PCPN: SNOW: WIND :SUNSHINE: SKY :PK WND
================================================================================
1 2 3 4 5 6A 6B 7 8 9 10 11 12 13 14 15 16 17 18
12Z AVG MX 2MIN
DY MAX MIN AVG DEP HDD CDD WTR SNW DPTH SPD SPD DIR MIN PSBL S-S WX SPD DR
================================================================================
1 33 21 27 4 38 0 0.00 M M 9.2 18 360 M M 5 23 10
2 32 20 26 3 39 0 0.00 M M 8.5 16 360 M M 5 21 10
3 34 14 24 1 41 0 0.00 M M 5.8 15 180 M M 0 23 180
4 36 24 30 7 35 0 0.14 M M 14.0 25 300 M M 7 128 42 290
5 24 5 15 -8 50 0 T M M 14.9 25 270 M M 6 8 42 270
6 10 1 6 -17 59 0 T M M 9.5 15 260 M M 4 8 23 290
7 3 -9 -3 -27 68 0 0.00 M M 8.3 15 290 M M 3 23 270
8 12 -1 6 -18 59 0 T M M 5.4 10 320 M M 9 8 16 330
9 12 -3 5 -19 60 0 0.00 M M 5.6 12 330 M M 0 15 350
10 14 0 7 -17 58 0 0.00 M M 6.6 13 330 M M 6 18 310
11 19 1 10 -14 55 0 0.05 M M 10.4 18 10 M M 6 18 25 10
12 14 5 10 -15 55 0 0.01 M M 9.3 16 290 M M 6 18 24 280
13 10 -4 3 -22 62 0 0.01 M M 10.2 16 300 M M 8 18 25 310
14 2 -8 -3 -28 68 0 0.00 M M 9.4 17 300 M M 6 25 310
15 10 -3 4 -21 61 0 M M M 13.6 23 360 M M 9 128 37 340
16 21 8 15 -11 50 0 0.31 M M 9.2 17 330 M M 9 128 23 330
17 24 7 16 -10 49 0 T M M 4.6 10 110 M M 8 16 130
18 26 10 18 -8 47 0 0.00 M M 5.1 13 100 M M 8 17 100
19 21 9 15 -12 50 0 0.00 M M 8.4 16 250 M M 4 8 24 250
20 24 4 14 -13 51 0 0.00 M M 5.4 12 230 M M 1 18 15 210
21 35 18 27 0 38 0 0.08 M M 12.3 23 170 M M 5 18 39 170
22 39 29 34 6 31 0 T M M 12.9 24 240 M M 7 18 36 230
23 45 35 40 12 25 0 0.00 M M 9.2 17 270 M M 3 32 260
24 43 30 37 9 28 0 0.00 M M 8.9 18 320 M M 2 1 29 310
25 40 24 32 3 33 0 0.00 M M 8.1 15 300 M M 0 22 290
26 38 20 29 0 36 0 0.00 M M 9.4 20 170 M M 2 18 27 160
27 47 30 39 10 26 0 T M M 7.2 14 230 M M 1 18 20 240
28 45 32 39 9 26 0 0.00 M M 11.3 26 250 M M 5 12 40 250
================================================================================
SM 713 319 1298 0 0.60 M 252.7 M 135
================================================================================
AV 25.5 11.4 9.0 FASTST M M 5 MAX(MPH)
MISC ----> 26 250 # 42 290
================================================================================
NOTES:
# LAST OF SEVERAL OCCURRENCES
COLUMN 17 PEAK WIND IN M.P.H.
PRELIMINARY LOCAL CLIMATOLOGICAL DATA (WS FORM: F-6) , PAGE 2
STATION: RACINE WI
MONTH: FEBRUARY
YEAR: 2021
LATITUDE: 42 45 N
LONGITUDE: 87 49 W
[TEMPERATURE DATA] [PRECIPITATION DATA] SYMBOLS USED IN COLUMN 16
AVERAGE MONTHLY: 18.4 TOTAL FOR MONTH: 0.60 1 = FOG OR MIST
DPTR FM NORMAL: -7.2 DPTR FM NORMAL: -0.60 2 = FOG REDUCING VISIBILITY
HIGHEST: 47 ON 27 GRTST 24HR 0.31 ON 15-16 TO 1/4 MILE OR LESS
LOWEST: -9 ON 7 3 = THUNDER
SNOW, ICE PELLETS, HAIL 4 = ICE PELLETS
TOTAL MONTH: M 5 = HAIL
GRTST 24HR M ON M 6 = FREEZING RAIN OR DRIZZLE
GRTST DEPTH: M ON M 7 = DUSTSTORM OR SANDSTORM:
VSBY 1/2 MILE OR LESS
8 = SMOKE OR HAZE
[NO. OF DAYS WITH] [WEATHER - DAYS WITH] 9 = BLOWING SNOW
X = TORNADO
MAX 32 OR BELOW: 17 0.01 INCH OR MORE: 6
MAX 90 OR ABOVE: 0 0.10 INCH OR MORE: 2
MIN 32 OR BELOW: 27 0.50 INCH OR MORE: 0
MIN 0 OR BELOW: 7 1.00 INCH OR MORE: 0
[HDD (BASE 65) ]
TOTAL THIS MO. 1298 CLEAR (SCALE 0-3) 9
DPTR FM NORMAL 195 PTCLDY (SCALE 4-7) 16
TOTAL FM JUL 1 4707 CLOUDY (SCALE 8-10) 3
DPTR FM NORMAL -238
[CDD (BASE 65) ]
TOTAL THIS MO. 0
DPTR FM NORMAL 0 [PRESSURE DATA]
TOTAL FM JAN 1 0 HIGHEST SLP 30.58 ON 14
DPTR FM NORMAL 0 LOWEST SLP 29.25 ON 4
[REMARKS]
#FINAL-02-21#