000
CXUS56 KSGX 011145
CF6RAL
PRELIMINARY LOCAL CLIMATOLOGICAL DATA (WS FORM: F-6)
STATION: RIVERSIDE MUNI AIRPORT CA
MONTH: JANUARY
YEAR: 2024
LATITUDE: 33 57 N
LONGITUDE: 117 27 W
TEMPERATURE IN F: :PCPN: SNOW: WIND :SUNSHINE: SKY :PK WND
================================================================================
1 2 3 4 5 6A 6B 7 8 9 10 11 12 13 14 15 16 17 18
12Z AVG MX 2MIN
DY MAX MIN AVG DEP HDD CDD WTR SNW DPTH SPD SPD DIR MIN PSBL S-S WX SPD DR
================================================================================
1 66 43 55 0 10 0 0.00 M M 4.3 14 30 M M 0 1 18 30
2 65 41 53 -2 12 0 0.00 M M 3.1 9 270 M M 0 12 270
3 60 45 53 -2 12 0 0.29 M M 5.1 17 250 M M 6 1 21 250
4 65 39 52 -3 13 0 0.00 M M 3.1 13 360 M M 0 23 360
5 65 39 52 -3 13 0 0.00 M M 4.0 10 150 M M 0 18 360
6 65 41 53 -2 12 0 0.00 M M 4.0 15 280 M M 0 23 20
7 59 41 50 -5 15 0 0.08 M M 5.2 21 250 M M 2 1 31 250
8 60 39 50 -6 15 0 0.00 M M 9.5 18 30 M M 0 31 30
9 62 35 49 -7 16 0 0.00 M M 2.7 9 260 M M 0 11 40
10 60 36 48 -8 17 0 0.00 M M 3.6 13 270 M M 3 15 250
11 62 42 52 -4 13 0 T M M 7.4 28 40 M M 2 42 30
12 63 34 49 -7 16 0 0.00 M M 3.3 10 270 M M 0 16 260
13 65 36 51 -5 14 0 0.00 M M 3.5 13 260 M M 0 16 280
14 61 39 50 -6 15 0 0.00 M M 2.1 9 270 M M 0 13 280
15 68 40 54 -2 11 0 0.00 M M 3.3 8 260 M M 0 18 10 270
16 73 40 57 1 8 0 0.00 M M 3.3 14 270 M M 0 18 17 270
17 63 47 55 -1 10 0 0.00 M M 2.6 12 270 M M 7 128 16 270
18 69 48 59 3 6 0 0.00 M M 2.4 13 270 M M 3 18 15 270
19 70 47 59 3 6 0 0.00 M M 3.5 16 270 M M 1 20 280
20 59 52 56 0 9 0 0.34 M M 1.8 12 60 M M 9 18 15 50
21 63 52 58 2 7 0 0.14 M M 2.4 13 270 M M 9 1 16 270
22 60 52 56 0 9 0 0.63 M M 4.3 17 120 M M 10 1 22 150
23 65 50 58 2 7 0 0.19 M M 2.2 15 260 M M 6 18 18 250
24 59 49 54 -2 11 0 T M M 2.5 8 270 M M 9 12 240
25 64 49 57 1 8 0 0.01 M M 3.0 14 270 M M 6 18 17 270
26 73 45 59 3 6 0 0.00 M M 6.9 17 20 M M 0 1 28 20
27 79 49 64 8 1 0 0.00 M M 6.0 14 360 M M 0 22 360
28 81 54 68 12 0 3 0.00 M M 5.0 15 280 M M 0 19 270
29 81 46 64 8 1 0 0.00 M M 2.7 10 260 M M 0 15 270
30 78 45 62 6 3 0 0.00 M M 3.1 10 270 M M 0 14 290
31 74 50 62 6 3 0 0.00 M M 3.5 17 270 M M 0 20 260
================================================================================
SM 2057 1365 299 3 1.68 M 119.4 M 73
================================================================================
AV 66.4 44.0 3.9 FASTST M M 2 MAX(MPH)
MISC ----> 28 40 42 30
================================================================================
NOTES:
# LAST OF SEVERAL OCCURRENCES
COLUMN 17 PEAK WIND IN M.P.H.
PRELIMINARY LOCAL CLIMATOLOGICAL DATA (WS FORM: F-6) , PAGE 2
STATION: RIVERSIDE MUNI AIRPORT CA
MONTH: JANUARY
YEAR: 2024
LATITUDE: 33 57 N
LONGITUDE: 117 27 W
[TEMPERATURE DATA] [PRECIPITATION DATA] SYMBOLS USED IN COLUMN 16
AVERAGE MONTHLY: 55.2 TOTAL FOR MONTH: 1.68 1 = FOG OR MIST
DPTR FM NORMAL: -0.4 DPTR FM NORMAL: -0.61 2 = FOG REDUCING VISIBILITY
HIGHEST: 81 ON 29,28 GRTST 24HR 1.96 ON 22-23 TO 1/4 MILE OR LESS
LOWEST: 34 ON 12 3 = THUNDER
SNOW, ICE PELLETS, HAIL 4 = ICE PELLETS
TOTAL MONTH: 0.0 INCH 5 = HAIL
GRTST 24HR M ON M 6 = FREEZING RAIN OR DRIZZLE
GRTST DEPTH: 0 7 = DUSTSTORM OR SANDSTORM:
VSBY 1/2 MILE OR LESS
8 = SMOKE OR HAZE
[NO. OF DAYS WITH] [WEATHER - DAYS WITH] 9 = BLOWING SNOW
X = TORNADO
MAX 32 OR BELOW: 0 0.01 INCH OR MORE: 7
MAX 90 OR ABOVE: 0 0.10 INCH OR MORE: 5
MIN 32 OR BELOW: 0 0.50 INCH OR MORE: 1
MIN 0 OR BELOW: 0 1.00 INCH OR MORE: 0
[HDD (BASE 65) ]
TOTAL THIS MO. 299 CLEAR (SCALE 0-3) 23
DPTR FM NORMAL 3 PTCLDY (SCALE 4-7) 4
TOTAL FM JUL 1 568 CLOUDY (SCALE 8-10) 4
DPTR FM NORMAL -230
[CDD (BASE 65) ]
TOTAL THIS MO. 3
DPTR FM NORMAL -3 [PRESSURE DATA]
TOTAL FM JAN 1 3 HIGHEST SLP 30.29 ON 8
DPTR FM NORMAL -3 LOWEST SLP 29.67 ON 22
[REMARKS]
#FINAL-01-24#