000
CXUS54 KFWD 072138
CF6RBD
PRELIMINARY LOCAL CLIMATOLOGICAL DATA (WS FORM: F-6)
STATION: DALLAS EXECUTIVE
MONTH: APRIL
YEAR: 2022
LATITUDE: 32 40 N
LONGITUDE: 96 52 W
TEMPERATURE IN F: :PCPN: SNOW: WIND :SUNSHINE: SKY :PK WND
================================================================================
1 2 3 4 5 6A 6B 7 8 9 10 11 12 13 14 15 16 17 18
12Z AVG MX 2MIN
DY MAX MIN AVG DEP HDD CDD WTR SNW DPTH SPD SPD DIR MIN PSBL S-S WX SPD DR
================================================================================
1 74 44 59 -4 6 0 0.04 M M 10.9 25 320 M M 0 31 300
2 77 48 63 0 2 0 0.05 M M 7.0 16 60 M M 1 8 23 340
3 83 55 69 6 0 4 0.00 M M 12.2 24 170 M M 0 34 170
4 81 57 69 6 0 4 1.03 M M 12.1 29 300 M M 7 13 37 310
5 93 56 75 11 0 10 0.01 M M 10.2 21 180 M M 2 1 32 180
6 76 53 65 1 0 0 0.00 M M 17.5 33 360 M M 0 46 340
7 69 46 58 -6 7 0 0.00 M M 15.3 35 320 M M 4 53 340
8 67 46 57 -7 8 0 0.00 M M 12.7 29 300 M M 1 42 300
9 85 47 66 2 0 1 0.00 M M 13.5 24 180 M M 0 37 170
10 83 61 72 7 0 7 T M M 21.8 31 180 M M 1 45 170
11 85 69 77 12 0 12 T M M 17.2 26 180 M M 6 38 230
12 81 65 73 8 0 8 0.05 M M 16.0 30 180 M M 7 3 41 180
13 80 58 69 4 0 4 0.55 M M 17.7 29 310 M M 4 13 45 190
14 74 50 62 -3 3 0 0.00 M M 9.6 18 110 M M 0 25 120
15 80 54 67 1 0 2 0.00 M M 12.4 21 180 M M 5 8 31 180
16 80 57 69 3 0 4 0.00 M M 11.2 21 180 M M 8 18 28 180
17 77 56 67 1 0 2 0.00 M M 8.3 17 360 M M 6 24 300
18 73 51 62 -4 3 0 0.00 M M 10.2 17 60 M M 2 26 30
19 73 50 62 -4 3 0 T M M 14.1 24 170 M M 3 36 170
20 87 64 76 10 0 11 T M M 18.8 31 190 M M 6 18 46 200
21 82 71 77 10 0 12 0.00 M M 14.7 24 160 M M 8 35 170
22 85 69 77 10 0 12 0.00 M M 18.5 29 170 M M 6 43 150
23 83 68 76 9 0 11 0.00 M M 20.1 31 170 M M 8 45 170
24 84 60 72 5 0 7 0.32 M M 13.9 29 170 M M 9 1 38 180
25 67 57 62 -6 3 0 1.07 M M 11.2 20 360 M M 6 13 27 30
26 73 47 60 -8 5 0 0.00 M M 7.8 15 90 M M 0 22 60
27 77 52 65 -3 0 0 0.00 M M 9.4 17 160 M M 4 24 170
28 82 60 71 3 0 6 0.00 M M 12.9 23 170 M M 4 34 170
29 81 68 75 6 0 10 0.00 M M 17.2 26 180 M M 7 41 180
30 84 61 73 4 0 8 0.00 M M 11.1 24 190 M M 3 37 220
================================================================================
SM 2376 1700 40 135 3.12 M 405.5 M 118
================================================================================
AV 79.2 56.7 13.5 FASTST M M 4 MAX(MPH)
MISC ----> 35 320 53 340
================================================================================
NOTES:
# LAST OF SEVERAL OCCURRENCES
COLUMN 17 PEAK WIND IN M.P.H.
PRELIMINARY LOCAL CLIMATOLOGICAL DATA (WS FORM: F-6) , PAGE 2
STATION: DALLAS EXECUTIVE
MONTH: APRIL
YEAR: 2022
LATITUDE: 32 40 N
LONGITUDE: 96 52 W
[TEMPERATURE DATA] [PRECIPITATION DATA] SYMBOLS USED IN COLUMN 16
AVERAGE MONTHLY: 67.9 TOTAL FOR MONTH: 3.12 1 = FOG OR MIST
DPTR FM NORMAL: 2.2 DPTR FM NORMAL: -0.58 2 = FOG REDUCING VISIBILITY
HIGHEST: 93 ON 5 GRTST 24HR 1.39 ON 24-25 TO 1/4 MILE OR LESS
LOWEST: 44 ON 1 3 = THUNDER
SNOW, ICE PELLETS, HAIL 4 = ICE PELLETS
TOTAL MONTH: M 5 = HAIL
GRTST 24HR M ON M 6 = FREEZING RAIN OR DRIZZLE
GRTST DEPTH: M ON M 7 = DUSTSTORM OR SANDSTORM:
VSBY 1/2 MILE OR LESS
8 = SMOKE OR HAZE
[NO. OF DAYS WITH] [WEATHER - DAYS WITH] 9 = BLOWING SNOW
X = TORNADO
MAX 32 OR BELOW: 0 0.01 INCH OR MORE: 8
MAX 90 OR ABOVE: 1 0.10 INCH OR MORE: 4
MIN 32 OR BELOW: 0 0.50 INCH OR MORE: 3
MIN 0 OR BELOW: 0 1.00 INCH OR MORE: 2
[HDD (BASE 65) ]
TOTAL THIS MO. 40 CLEAR (SCALE 0-3) 11
DPTR FM NORMAL -39 PTCLDY (SCALE 4-7) 16
TOTAL FM JUL 1 1871 CLOUDY (SCALE 8-10) 3
DPTR FM NORMAL -212
[CDD (BASE 65) ]
TOTAL THIS MO. 135
DPTR FM NORMAL 35 [PRESSURE DATA]
TOTAL FM JAN 1 166 HIGHEST SLP 30.39 ON 26
DPTR FM NORMAL 14 LOWEST SLP 29.39 ON 5
[REMARKS]
#FINAL-04-22#