000
CXUS51 KPHI 151937
CF6RDG
PRELIMINARY LOCAL CLIMATOLOGICAL DATA (WS FORM: F-6)
STATION: READING PA
MONTH: SEPTEMBER
YEAR: 2020
LATITUDE: 40 22 N
LONGITUDE: 75 58 W
TEMPERATURE IN F: :PCPN: SNOW: WIND :SUNSHINE: SKY :PK WND
================================================================================
1 2 3 4 5 6A 6B 7 8 9 10 11 12 13 14 15 16 17 18
12Z AVG MX 2MIN
DY MAX MIN AVG DEP HDD CDD WTR SNW DPTH SPD SPD DIR MIN PSBL S-S WX SPD DR
================================================================================
1 77 65 71 -1 0 6 T 0.0 0 3.9 12 130 M M 10 1 17 130
2 83 71 77 6 0 12 0.16 0.0 0 7.2 13 200 M M 9 1 17 200
3 84 70 77 6 0 12 0.43 0.0 0 1.6 21 300 M M 5 1 27 290
4 85 62 74 3 0 9 0.00 0.0 0 6.6 17 310 M M 3 1 22 280
5 80 56 68 -2 0 3 0.00 0.0 0 3.0 13 280 M M 0 16 240
6 84 58 71 1 0 6 0.00 0.0 0 4.1 14 220 M M 1 20 200
7 84 61 73 3 0 8 0.00 0.0 0 4.9 15 170 M M 0 21 170
8 86 61 74 4 0 9 0.00 0.0 0 2.4 9 180 M M 1 18 14 150
9 85 66 76 7 0 11 0.08 0.0 0 4.1 10 150 M M 4 1 13 160
10 82 74 78 9 0 13 0.37 0.0 0 1.2 10 140 M M 9 18 13 150
11 78 67 73 4 0 8 T 0.0 0 7.2 14 350 M M 10 12 18 350
12 73 59 66 -2 0 1 0.00 0.0 0 5.3 12 150 M M 7 19 130
13 80 54 67 -1 0 2 T 0.0 0 3.6 16 210 M M 6 23 220
14 75 56 66 -2 0 1 0.00 0.0 0 9.1 21 350 M M 1 25 340
15 67 46 57 -10 8 0 0.00 0.0 0 2.1 10 340 M M 0 13 20
16 73 45 59 -8 6 0 0.00 0.0 0 3.3 15 210 M M 0 1 19 210
17 75 52 64 -2 1 0 T 0.0 0 1.0 7 270 M M 0 18 10 250
18 73 52 63 -3 2 0 0.00 0.0 0 10.4 20 10 M M 4 26 340
19 65 44 55 -11 10 0 0.00 0.0 0 4.1 16 10 M M 0 22 350
20 64 40 52 -13 13 0 0.00 0.0 0 5.2 16 20 M M 0 20 10
21 67 38 53 -12 12 0 0.00 0.0 0 3.4 14 40 M M 0 19 10
22 75 38 57 -8 8 0 0.00 0.0 0 5.1 18 330 M M 0 1 30 310
23 84 55 70 6 0 5 0.00 0.0 0 7.1 21 270 M M 0 26 270
24 75 55 65 1 0 0 0.00 0.0 0 1.8 8 230 M M 0 1 10 220
25 79 54 67 4 0 2 0.00 0.0 0 2.8 12 190 M M 1 1 15 210
26 69 58 64 1 1 0 0.45 0.0 0 2.3 8 360 M M 9 1 9 10
27 77 67 72 9 0 7 0.07 0.0 0 2.3 8 150 M M 10 1 11 160
28 83 66 75 13 0 10 0.01 0.0 0 6.3 15 160 M M 6 1 21 170
29 80 58 69 7 0 4 2.05 0.0 0 7.2 18 320 M M 9 13 20 310
30 71 56 64 3 1 0 0.38 0.0 0 9.0 18 270 M M 4 1 26 260
================================================================================
SM 2313 1704 62 129 4.00 0.0 137.6 M 109
================================================================================
AV 77.1 56.8 4.6 FASTST M M 4 MAX(MPH)
MISC ----> # 21 300 30 310
================================================================================
NOTES:
# LAST OF SEVERAL OCCURRENCES
COLUMN 17 PEAK WIND IN M.P.H.
PRELIMINARY LOCAL CLIMATOLOGICAL DATA (WS FORM: F-6) , PAGE 2
STATION: READING PA
MONTH: SEPTEMBER
YEAR: 2020
LATITUDE: 40 22 N
LONGITUDE: 75 58 W
[TEMPERATURE DATA] [PRECIPITATION DATA] SYMBOLS USED IN COLUMN 16
AVERAGE MONTHLY: 67.0 TOTAL FOR MONTH: 4.00 1 = FOG OR MIST
DPTR FM NORMAL: 0.0 DPTR FM NORMAL: -0.88 2 = FOG REDUCING VISIBILITY
HIGHEST: 86 ON 8 GRTST 24HR 2.05 ON 29-29 TO 1/4 MILE OR LESS
LOWEST: 38 ON 22,21 3 = THUNDER
SNOW, ICE PELLETS, HAIL 4 = ICE PELLETS
TOTAL MONTH: 0.0 INCH 5 = HAIL
GRTST 24HR 0.0 6 = FREEZING RAIN OR DRIZZLE
GRTST DEPTH: 0 7 = DUSTSTORM OR SANDSTORM:
VSBY 1/2 MILE OR LESS
8 = SMOKE OR HAZE
[NO. OF DAYS WITH] [WEATHER - DAYS WITH] 9 = BLOWING SNOW
X = TORNADO
MAX 32 OR BELOW: 0 0.01 INCH OR MORE: 9
MAX 90 OR ABOVE: 0 0.10 INCH OR MORE: 6
MIN 32 OR BELOW: 0 0.50 INCH OR MORE: 1
MIN 0 OR BELOW: 0 1.00 INCH OR MORE: 1
[HDD (BASE 65) ]
TOTAL THIS MO. 62 CLEAR (SCALE 0-3) 15
DPTR FM NORMAL 2 PTCLDY (SCALE 4-7) 8
TOTAL FM JUL 1 62 CLOUDY (SCALE 8-10) 7
DPTR FM NORMAL 0
[CDD (BASE 65) ]
TOTAL THIS MO. 129
DPTR FM NORMAL 14 [PRESSURE DATA]
TOTAL FM JAN 1 1297 HIGHEST SLP M ON M
DPTR FM NORMAL 258 LOWEST SLP 29.50 ON 30
[REMARKS]
#FINAL-09-20#