000
CXUS56 KBOI 011002
CF6REO
PRELIMINARY LOCAL CLIMATOLOGICAL DATA (WS FORM: F-6)
STATION: ROME OR
MONTH: MAY
YEAR: 2021
LATITUDE: 42 35 N
LONGITUDE: 117 52 W
TEMPERATURE IN F: :PCPN: SNOW: WIND :SUNSHINE: SKY :PK WND
================================================================================
1 2 3 4 5 6A 6B 7 8 9 10 11 12 13 14 15 16 17 18
12Z AVG MX 2MIN
DY MAX MIN AVG DEP HDD CDD WTR SNW DPTH SPD SPD DIR MIN PSBL S-S WX SPD DR
================================================================================
1 73 46 60 9 5 0 0.00 M M 9.7 32 310 M M 0 45 300
2 63 41 52 1 13 0 0.03 M M 10.1 20 310 M M 0 31 330
3 68 29 49 -3 16 0 0.00 M M 5.8 15 360 M M 0 22 340
4 71 43 57 5 8 0 0.00 M M 6.9 14 340 M M 0 22 340
5 80 31 56 4 9 0 0.00 M M 6.4 17 180 M M 0 23 170
6 89 41 65 12 0 0 0.00 M M 11.0 31 240 M M 0 45 220
7 66 43 55 2 10 0 0.00 M M 11.5 28 330 M M 0 39 330
8 64 27 46 -7 19 0 0.00 M M 7.8 20 320 M M 0 27 340
9 62 36 49 -5 16 0 0.00 M M 7.9 18 360 M M 0 24 360
10 64 31 48 -6 17 0 0.00 M M 6.9 17 350 M M 0 25 360
11 73 29 51 -3 14 0 0.00 M M 3.8 14 90 M M 0 21 360
12 84 34 59 4 6 0 0.00 M M 6.2 23 240 M M 0 35 270
13 86 44 65 10 0 0 0.00 M M 6.7 20 290 M M 0 28 280
14 81 44 63 8 2 0 0.00 M M 8.2 20 60 M M 0 27 70
15 78 49 64 8 1 0 0.00 M M 9.7 22 20 M M 0 31 10
16 83 47 65 9 0 0 0.00 M M 7.0 20 60 M M 0 26 30
17 87 47 67 11 0 2 0.00 M M 10.3 23 310 M M 0 33 310
18 79 51 65 9 0 0 0.00 M M 10.2 21 10 M M 0 31 270
19 54 41 48 -9 17 0 0.12 M M 10.2 22 360 M M 0 28 340
20 44 36 40 -17 25 0 0.49 M M 10.0 22 280 M M 0 30 290
21 46 38 42 -15 23 0 0.08 M M 9.7 20 350 M M 0 26 10
22 44 36 40 -18 25 0 0.35 M M 3.5 16 360 M M 0 22 360
23 60 37 49 -9 16 0 0.16 M M 9.1 18 230 M M 0 23 260
24 72 46 59 1 6 0 0.00 M M 9.5 20 260 M M 0 26 240
25 64 42 53 -5 12 0 0.35 M M 8.5 23 180 M M 0 32 170
26 70 37 54 -4 11 0 0.00 M M 4.3 10 110 M M 0 15 120
27 80 41 61 2 4 0 0.00 M M 8.9 23 240 M M 0 30 230
28 73 47 60 1 5 0 0.00 M M 7.7 15 20 M M 0 20 20
29 77 41 59 0 6 0 0.00 M M 7.1 17 40 M M 0 21 10
30 83 41 62 3 3 0 0.00 M M 5.3 15 360 M M 0 21 30
31 87 47 67 7 0 2 0.00 M M 5.1 13 20 M M 0 19 30
================================================================================
SM 2205 1243 289 4 1.58 M 245.0 M 0
================================================================================
AV 71.1 40.1 7.9 FASTST M M 0 MAX(MPH)
MISC ----> 32 310 # 45 300
================================================================================
NOTES:
# LAST OF SEVERAL OCCURRENCES
COLUMN 17 PEAK WIND IN M.P.H.
PRELIMINARY LOCAL CLIMATOLOGICAL DATA (WS FORM: F-6) , PAGE 2
STATION: ROME OR
MONTH: MAY
YEAR: 2021
LATITUDE: 42 35 N
LONGITUDE: 117 52 W
[TEMPERATURE DATA] [PRECIPITATION DATA] SYMBOLS USED IN COLUMN 16
AVERAGE MONTHLY: 55.6 TOTAL FOR MONTH: 1.58 1 = FOG OR MIST
DPTR FM NORMAL: 0.0 DPTR FM NORMAL: 0.34 2 = FOG REDUCING VISIBILITY
HIGHEST: 89 ON 6 GRTST 24HR 0.57 ON 19-20 TO 1/4 MILE OR LESS
LOWEST: 27 ON 8 3 = THUNDER
SNOW, ICE PELLETS, HAIL 4 = ICE PELLETS
TOTAL MONTH: M 5 = HAIL
GRTST 24HR M ON M 6 = FREEZING RAIN OR DRIZZLE
GRTST DEPTH: M ON M 7 = DUSTSTORM OR SANDSTORM:
VSBY 1/2 MILE OR LESS
8 = SMOKE OR HAZE
[NO. OF DAYS WITH] [WEATHER - DAYS WITH] 9 = BLOWING SNOW
X = TORNADO
MAX 32 OR BELOW: 0 0.01 INCH OR MORE: 7
MAX 90 OR ABOVE: 0 0.10 INCH OR MORE: 5
MIN 32 OR BELOW: 5 0.50 INCH OR MORE: 0
MIN 0 OR BELOW: 0 1.00 INCH OR MORE: 0
[HDD (BASE 65) ]
TOTAL THIS MO. 289 CLEAR (SCALE 0-3) 31
DPTR FM NORMAL -18 PTCLDY (SCALE 4-7) 0
TOTAL FM JUL 1 5690 CLOUDY (SCALE 8-10) 0
DPTR FM NORMAL -351
[CDD (BASE 65) ]
TOTAL THIS MO. 4
DPTR FM NORMAL -13 [PRESSURE DATA]
TOTAL FM JAN 1 7 HIGHEST SLP M ON M
DPTR FM NORMAL -10 LOWEST SLP 29.69 ON 17
[REMARKS]
#FINAL-05-21#