000
CXUS56 KBOI 011002
CF6REO
PRELIMINARY LOCAL CLIMATOLOGICAL DATA (WS FORM: F-6)
STATION: ROME OR
MONTH: OCTOBER
YEAR: 2020
LATITUDE: 42 35 N
LONGITUDE: 117 52 W
TEMPERATURE IN F: :PCPN: SNOW: WIND :SUNSHINE: SKY :PK WND
================================================================================
1 2 3 4 5 6A 6B 7 8 9 10 11 12 13 14 15 16 17 18
12Z AVG MX 2MIN
DY MAX MIN AVG DEP HDD CDD WTR SNW DPTH SPD SPD DIR MIN PSBL S-S WX SPD DR
================================================================================
1 89 38 64 10 1 0 0.00 M M 5.6 12 10 M M 0 16 40
2 89 42 66 13 0 1 0.00 M M 4.6 12 90 M M 0 18 360
3 89 39 64 11 1 0 0.00 M M 4.2 13 190 M M 0 18 200
4 91 43 67 15 0 2 0.00 M M 6.1 20 20 M M 0 25 220
5 83 36 60 8 5 0 0.00 M M 4.7 10 190 M M 0 14 290
6 84 37 61 10 4 0 0.00 M M 5.0 12 150 M M 0 14 150
7 85 37 61 10 4 0 0.00 M M 4.9 13 180 M M 0 16 170
8 84 37 61 10 4 0 0.00 M M 6.4 18 280 M M 0 26 250
9 81 33 57 7 8 0 0.00 M M 4.9 14 160 M M 0 17 150
10 66 46 56 6 9 0 0.18 M M 11.8 30 220 M M 0 44 230
11 62 34 48 -2 17 0 0.00 M M 9.2 21 290 M M 0 27 290
12 70 48 59 10 6 0 0.00 M M 12.9 24 240 M M 0 32 250
13 76 42 59 10 6 0 0.00 M M 13.0 30 270 M M 0 43 260
14 66 41 54 6 11 0 0.00 M M 5.3 15 20 M M 0 21 50
15 60 32 46 -2 19 0 0.00 M M 5.4 13 150 M M 0 15 30
16 77 31 54 6 11 0 0.00 M M 7.5 20 310 M M 0 26 310
17 77 47 62 15 3 0 0.00 M M 6.8 18 310 M M 0 27 300
18 76 35 56 9 9 0 0.00 M M 9.1 22 250 M M 0 27 250
19 73 39 56 9 9 0 0.00 M M 6.8 15 260 M M 0 22 270
20 73 43 58 12 7 0 0.00 M M 6.7 14 330 M M 0 18 50
21 65 36 51 5 14 0 0.00 M M 8.7 23 350 M M 0 33 360
22 48 20 34 -12 31 0 0.00 M M 6.2 14 30 M M 0 18 30
23 60 19 40 -5 25 0 0.00 M M 4.7 16 160 M M 0 22 170
24 62 31 47 2 18 0 0.00 M M 14.1 28 350 M M 0 35 350
25 40 12 26 -19 39 0 0.00 M M 9.4 22 10 M M 0 29 10
26 50 7 29 -15 36 0 0.00 M M 5.9 12 150 M M 0 13 280
27 65 23 44 0 21 0 0.00 M M 6.3 13 160 M M 0 15 160
28 70 30 50 6 15 0 0.00 M M 6.3 13 170 M M 0 17 170
29 74 30 52 9 13 0 0.00 M M 6.3 16 150 M M 0 20 160
30 79 34 57 14 8 0 0.00 M M 10.2 25 260 M M 0 34 270
31 61 28 45 2 20 0 0.00 M M 6.3 14 50 M M 0 18 50
================================================================================
SM 2225 1050 374 3 0.18 M 225.3 M 0
================================================================================
AV 71.8 33.9 7.3 FASTST M M 0 MAX(MPH)
MISC ----> # 30 220 44 230
================================================================================
NOTES:
# LAST OF SEVERAL OCCURRENCES
COLUMN 17 PEAK WIND IN M.P.H.
PRELIMINARY LOCAL CLIMATOLOGICAL DATA (WS FORM: F-6) , PAGE 2
STATION: ROME OR
MONTH: OCTOBER
YEAR: 2020
LATITUDE: 42 35 N
LONGITUDE: 117 52 W
[TEMPERATURE DATA] [PRECIPITATION DATA] SYMBOLS USED IN COLUMN 16
AVERAGE MONTHLY: 52.8 TOTAL FOR MONTH: 0.18 1 = FOG OR MIST
DPTR FM NORMAL: 5.0 DPTR FM NORMAL: -0.56 2 = FOG REDUCING VISIBILITY
HIGHEST: 91 ON 4 GRTST 24HR 0.18 ON 10-10 TO 1/4 MILE OR LESS
LOWEST: 7 ON 26 3 = THUNDER
SNOW, ICE PELLETS, HAIL 4 = ICE PELLETS
TOTAL MONTH: M 5 = HAIL
GRTST 24HR M ON M 6 = FREEZING RAIN OR DRIZZLE
GRTST DEPTH: M ON M 7 = DUSTSTORM OR SANDSTORM:
VSBY 1/2 MILE OR LESS
8 = SMOKE OR HAZE
[NO. OF DAYS WITH] [WEATHER - DAYS WITH] 9 = BLOWING SNOW
X = TORNADO
MAX 32 OR BELOW: 0 0.01 INCH OR MORE: 1
MAX 90 OR ABOVE: 1 0.10 INCH OR MORE: 1
MIN 32 OR BELOW: 11 0.50 INCH OR MORE: 0
MIN 0 OR BELOW: 0 1.00 INCH OR MORE: 0
[HDD (BASE 65) ]
TOTAL THIS MO. 374 CLEAR (SCALE 0-3) 31
DPTR FM NORMAL -159 PTCLDY (SCALE 4-7) 0
TOTAL FM JUL 1 458 CLOUDY (SCALE 8-10) 0
DPTR FM NORMAL -299
[CDD (BASE 65) ]
TOTAL THIS MO. 3
DPTR FM NORMAL 2 [PRESSURE DATA]
TOTAL FM JAN 1 835 HIGHEST SLP M ON M
DPTR FM NORMAL 328 LOWEST SLP 29.73 ON 10
[REMARKS]
#FINAL-10-20#