000
CXUS53 KGRB 161453
CF6RHI
PRELIMINARY LOCAL CLIMATOLOGICAL DATA (WS FORM: F-6)
STATION: RHINELANDER WI
MONTH: FEBRUARY
YEAR: 2024
LATITUDE: 45 37 N
LONGITUDE: 89 27 W
TEMPERATURE IN F: :PCPN: SNOW: WIND :SUNSHINE: SKY :PK WND
================================================================================
1 2 3 4 5 6A 6B 7 8 9 10 11 12 13 14 15 16 17 18
12Z AVG MX 2MIN
DY MAX MIN AVG DEP HDD CDD WTR SNW DPTH SPD SPD DIR MIN PSBL S-S WX SPD DR
================================================================================
1 39 25 32 19 33 0 0.00 0.0 2 5.7 12 60 M M 4 19 40
2 42 22 32 19 33 0 0.00 0.0 1 5.3 10 70 M M 4 15 70
3 42 18 30 17 35 0 0.00 0.0 1 2.5 9 220 M M 2 1 11 230
4 52 15 34 21 31 0 0.00 0.0 1 1.8 8 330 M M 0 12 290
5 45 24 35 21 30 0 0.00 0.0 1 0.7 5 160 M M 6 9 160
6 48 22 35 21 30 0 0.00 0.0 1 4.6 14 210 M M 2 18 210
7 45 30 38 24 27 0 T 0.0 1 5.5 14 150 M M 2 18 22 180
8 51 35 43 29 22 0 0.02 0.0 0 10.1 14 160 M M 2 8 32 180
9 38 25 32 18 33 0 0.04 0.2 T 13.8 31 230 M M 10 1 30 250
10 26 20 23 8 42 0 T 0.0 T 11.0 29 270 M M M 18 270
11 36 17 27 12 38 0 0.00 0.0 0 M 29 270 M M M 21 270
12 34 26 30 15 35 0 T T 0 7.6 16 270 M M 10 23 280
13 27 15 21 6 44 0 T 0.3 T 5.5 7 280 M M 10 1 16 320
14 43 18 31 15 34 0 0.11 2.4 2 M 16 260 M M M 23 230
15 30 13 22 6 43 0 0.17 3.1 5 8.9 18 280 M M 9 18 28 290
16 16 -4 6 -10 59 0 T T 5 7.7 17 270 M M 4 24 280
17 22 -7 8 -9 57 0 T T 5 11.9 25 260 M M 0 36 230
18 30 7 19 2 46 0 0.00 0.0 5 7.6 18 310 M M 3 29 290
19 39 1 20 3 45 0 0.00 0.0 4 0.9 7 200 M M 0 10 170
20 47 18 33 15 32 0 0.00 0.0 2 5.9 16 190 M M 1 23 200
21 53 23 38 20 27 0 0.00 0.0 T 3.4 14 270 M M 2 128 18 300
22 53 23 38 20 27 0 0.00 0.0 T 5.6 20 270 M M 2 26 260
23 35 6 21 2 44 0 T T T 6.7 14 360 M M 4 22 40
24 31 1 16 -3 49 0 0.00 0.0 T 8.1 18 210 M M 0 27 190
25 49 20 35 15 30 0 0.00 0.0 0 7.5 26 280 M M 3 34 280
26 50 16 33 13 32 0 0.00 0.0 0 6.3 21 160 M M 1 34 160
27 65 15 40 19 25 0 T T 0 6.0 20 340 M M 2 1 32 320
28 16 1 9 -12 56 0 0.04 0.8 T 11.3 23 270 M M 5 8 37 300
29 32 -5 14 -7 51 0 0.00 0.0 T 5.9 16 200 M M 3 25 220
================================================================================
SM 1136 440 1090 0 0.38 6.8 177.8 M 91
================================================================================
AV 39.2 15.2 6.6 FASTST M M 4 MAX(MPH)
MISC ----> 31 230 37 300
================================================================================
NOTES:
# LAST OF SEVERAL OCCURRENCES
COLUMN 17 PEAK WIND IN M.P.H.
PRELIMINARY LOCAL CLIMATOLOGICAL DATA (WS FORM: F-6) , PAGE 2
STATION: RHINELANDER WI
MONTH: FEBRUARY
YEAR: 2024
LATITUDE: 45 37 N
LONGITUDE: 89 27 W
[TEMPERATURE DATA] [PRECIPITATION DATA] SYMBOLS USED IN COLUMN 16
AVERAGE MONTHLY: 27.2 TOTAL FOR MONTH: 0.38 1 = FOG OR MIST
DPTR FM NORMAL: 10.9 DPTR FM NORMAL: -0.84 2 = FOG REDUCING VISIBILITY
HIGHEST: 65 ON 27 GRTST 24HR 0.17 ON 15-15 TO 1/4 MILE OR LESS
LOWEST: -7 ON 17 3 = THUNDER
SNOW, ICE PELLETS, HAIL 4 = ICE PELLETS
TOTAL MONTH: 6.8 INCHES 5 = HAIL
GRTST 24HR 3.1 ON 15-15 6 = FREEZING RAIN OR DRIZZLE
GRTST DEPTH: 5 ON 18,17 7 = DUSTSTORM OR SANDSTORM:
VSBY 1/2 MILE OR LESS
8 = SMOKE OR HAZE
[NO. OF DAYS WITH] [WEATHER - DAYS WITH] 9 = BLOWING SNOW
X = TORNADO
MAX 32 OR BELOW: 9 0.01 INCH OR MORE: 5
MAX 90 OR ABOVE: 0 0.10 INCH OR MORE: 2
MIN 32 OR BELOW: 28 0.50 INCH OR MORE: 0
MIN 0 OR BELOW: 3 1.00 INCH OR MORE: 0
[HDD (BASE 65) ]
TOTAL THIS MO. 1090 CLEAR (SCALE 0-3) 16
DPTR FM NORMAL -274 PTCLDY (SCALE 4-7) 6
TOTAL FM JUL 1 5492 CLOUDY (SCALE 8-10) 7
DPTR FM NORMAL -1056
[CDD (BASE 65) ]
TOTAL THIS MO. 0
DPTR FM NORMAL 0 [PRESSURE DATA]
TOTAL FM JAN 1 0 HIGHEST SLP 30.41 ON 29
DPTR FM NORMAL 0 LOWEST SLP 29.20 ON 27
[REMARKS]
#FINAL-02-24#