000
CXUS56 KSGX 011045
CF6RIV
PRELIMINARY LOCAL CLIMATOLOGICAL DATA (WS FORM: F-6)
STATION: RIVERSIDE/MARCH ARB CA
MONTH: OCTOBER
YEAR: 2022
LATITUDE: 33 53 N
LONGITUDE: 117-15 E
TEMPERATURE IN F: :PCPN: SNOW: WIND :SUNSHINE: SKY :PK WND
================================================================================
1 2 3 4 5 6A 6B 7 8 9 10 11 12 13 14 15 16 17 18
12Z AVG MX 2MIN
DY MAX MIN AVG DEP HDD CDD WTR SNW DPTH SPD SPD DIR MIN PSBL S-S WX SPD DR
================================================================================
1 82 59 71 M 0 6 0.00 M M 4.3 12 300 M M 3 1 M M
2 85 59 72 M 0 7 0.00 M M 4.7 10 310 M M 3 1 M M
3 87 61 74 M 0 9 0.00 M M 3.6 14 320 M M 0 M M
4 92 60 76 M 0 11 0.00 M M 4.1 14 310 M M 0 8 M M
5 91 60 76 M 0 11 0.00 M M 3.5 14 290 M M 0 M M
6 87 61 74 M 0 9 0.00 M M 5.6 13 300 M M 4 12 M M
7 95 61 78 M 0 13 T M M 3.8 16 320 M M 1 13 20 320
8 92 62 77 M 0 12 0.00 M M 3.0 14 320 M M 2 3 M M
9 88 61 75 M 0 10 0.00 M M 4.3 14 320 M M 1 M M
10 85 60 73 M 0 8 0.00 M M 4.1 13 310 M M 2 128 M M
11 80 62 71 M 0 6 T M M 4.6 14 330 M M 8 138 20 330
12 82 62 72 M 0 7 T M M 5.4 13 300 M M 6 18 M M
13 81 58 70 M 0 5 0.00 M M 3.3 10 290 M M 3 12 M M
14 76 61 69 M 0 4 0.00 M M 3.5 9 300 M M 6 18 M M
15 66 59 63 M 2 0 0.42 M M 5.7 13 340 M M 10 13 M M
16 69 57 63 M 2 0 0.00 M M 4.3 10 300 M M 7 M M
17 84 53 69 M 0 4 0.00 M M 3.1 10 300 M M 1 1 M M
18 90 57 74 M 0 9 0.00 M M 7.0 18 90 M M 0 25 100
19 91 59 75 M 0 10 0.00 M M 5.8 18 100 M M 2 25 100
20 89 58 74 M 0 9 0.00 M M 2.9 12 300 M M 5 M M
21 84 55 70 M 0 5 0.00 M M 3.2 12 310 M M 2 17 310
22 72 57 65 M 0 0 T M M 6.4 17 180 M M 8 1 21 190
23 70 51 61 M 4 0 0.00 M M 5.2 13 280 M M 2 17 280
24 74 49 62 M 3 0 0.00 M M 4.4 13 50 M M 0 M M
25 78 43 61 M 4 0 0.00 M M 1.8 9 290 M M 0 M M
26 74 46 60 M 5 0 0.00 M M 3.7 9 310 M M 0 M M
27 78 48 63 M 2 0 0.00 M M 2.9 10 90 M M 1 1 M M
28 81 46 64 M 1 0 0.00 M M 2.6 9 300 M M 0 M M
29 81 44 63 M 2 0 0.00 M M 2.8 12 310 M M 0 M M
30 85 44 65 M 0 0 0.00 M M 3.1 13 320 M M 0 M M
31 84 45 65 M 0 0 0.00 M M 1.7 10 300 M M 1 M M
================================================================================
SM 2553 1718 25 155 0.42 M 124.5 M 78
================================================================================
AV 82.4 55.4 4.0 FASTST M M 3 MAX(MPH)
MISC ----> # 18 90 # 25 100
================================================================================
NOTES:
# LAST OF SEVERAL OCCURRENCES
COLUMN 17 PEAK WIND IN M.P.H.
PRELIMINARY LOCAL CLIMATOLOGICAL DATA (WS FORM: F-6) , PAGE 2
STATION: RIVERSIDE/MARCH ARB CA
MONTH: OCTOBER
YEAR: 2022
LATITUDE: 33 53 N
LONGITUDE: 117-15 E
[TEMPERATURE DATA] [PRECIPITATION DATA] SYMBOLS USED IN COLUMN 16
AVERAGE MONTHLY: 68.9 TOTAL FOR MONTH: 0.42 1 = FOG OR MIST
DPTR FM NORMAL: 0.0 DPTR FM NORMAL: M 2 = FOG REDUCING VISIBILITY
HIGHEST: 95 ON 7 GRTST 24HR 0.42 ON 15-15 TO 1/4 MILE OR LESS
LOWEST: 43 ON 25 3 = THUNDER
SNOW, ICE PELLETS, HAIL 4 = ICE PELLETS
TOTAL MONTH: M 5 = HAIL
GRTST 24HR M ON M 6 = FREEZING RAIN OR DRIZZLE
GRTST DEPTH: M ON M 7 = DUSTSTORM OR SANDSTORM:
VSBY 1/2 MILE OR LESS
8 = SMOKE OR HAZE
[NO. OF DAYS WITH] [WEATHER - DAYS WITH] 9 = BLOWING SNOW
X = TORNADO
MAX 32 OR BELOW: 0 0.01 INCH OR MORE: 1
MAX 90 OR ABOVE: 6 0.10 INCH OR MORE: 1
MIN 32 OR BELOW: 0 0.50 INCH OR MORE: 0
MIN 0 OR BELOW: 0 1.00 INCH OR MORE: 0
[HDD (BASE 65) ]
TOTAL THIS MO. 25 CLEAR (SCALE 0-3) 21
DPTR FM NORMAL M PTCLDY (SCALE 4-7) 8
TOTAL FM JUL 1 25 CLOUDY (SCALE 8-10) 2
DPTR FM NORMAL M
[CDD (BASE 65) ]
TOTAL THIS MO. 155
DPTR FM NORMAL M [PRESSURE DATA]
TOTAL FM JAN 1 2162 HIGHEST SLP M ON M
DPTR FM NORMAL M LOWEST SLP M ON M
[REMARKS]
#FINAL-10-22#