000
CXUS55 KRIW 011110
CF6RIW
PRELIMINARY LOCAL CLIMATOLOGICAL DATA (WS FORM: F-6)
STATION: RIVERTON WY
MONTH: NOVEMBER
YEAR: 2021
LATITUDE: 43 2 N
LONGITUDE: 108 27 W
TEMPERATURE IN F: :PCPN: SNOW: WIND :SUNSHINE: SKY :PK WND
================================================================================
1 2 3 4 5 6A 6B 7 8 9 10 11 12 13 14 15 16 17 18
12Z AVG MX 2MIN
DY MAX MIN AVG DEP HDD CDD WTR SNW DPTH SPD SPD DIR MIN PSBL S-S WX SPD DR
================================================================================
1 38 30 34 -4 31 0 0.00 0.0 0 4.2 12 40 M M 10 13 40
2 46 31 39 2 26 0 0.00 0.0 0 1.8 7 260 M M 6 9 230
3 56 30 43 6 22 0 0.00 0.0 0 5.5 13 280 M M 1 15 270
4 56 29 43 7 22 0 0.00 0.0 0 4.8 26 270 M M 0 33 260
5 59 35 47 11 18 0 0.00 0.0 0 8.6 25 280 M M 0 34 280
6 64 31 48 13 17 0 0.00 0.0 0 4.7 15 180 M M 0 20 170
7 57 33 45 10 20 0 0.00 0.0 0 10.5 23 320 M M 3 28 320
8 48 28 38 4 27 0 0.00 0.0 0 6.4 15 310 M M 3 19 300
9 49 23 36 2 29 0 0.00 0.0 0 7.3 23 300 M M 0 33 300
10 50 28 39 6 26 0 0.00 0.0 0 18.4 35 300 M M 0 44 300
11 44 16 30 -3 35 0 0.00 0.0 0 6.3 15 260 M M 2 18 260
12 47 19 33 1 32 0 0.00 0.0 0 5.7 18 250 M M 0 22 250
13 61 37 49 17 16 0 0.00 0.0 0 18.4 45 310 M M 0 61 310
14 60 29 45 13 20 0 0.00 0.0 0 10.2 25 280 M M 0 34 220
15 65 41 53 22 12 0 0.00 0.0 0 10.8 26 200 M M 0 35 200
16 59 26 43 12 22 0 0.00 0.0 0 20.1 44 270 M M 0 58 270
17 37 16 27 -3 38 0 0.00 0.0 0 7.4 15 280 M M 2 21 210
18 37 10 24 -6 41 0 0.00 0.0 0 4.6 12 240 M M 0 13 240
19 53 27 40 11 25 0 0.00 0.0 0 8.6 21 310 M M 1 28 320
20 50 27 39 10 26 0 0.00 0.0 0 11.2 26 300 M M 1 39 310
21 51 22 37 9 28 0 0.00 0.0 0 9.3 24 270 M M 0 33 290
22 52 22 37 9 28 0 0.00 0.0 0 5.1 16 290 M M 0 21 290
23 55 20 38 11 27 0 0.00 0.0 0 8.4 22 320 M M 0 29 320
24 36 22 29 2 36 0 0.04 0.2 T 10.3 23 20 M M 5 1 31 10
25 51 18 35 9 30 0 0.00 0.0 T 8.5 31 280 M M 0 36 280
26 55 30 43 17 22 0 0.00 0.0 0 11.1 28 280 M M 0 38 310
27 46 27 37 12 28 0 0.00 0.0 0 5.8 15 280 M M 1 23 290
28 61 25 43 18 22 0 0.00 0.0 0 9.3 21 290 M M 0 29 300
29 63 35 49 25 16 0 0.00 0.0 0 13.5 31 360 M M 0 45 360
30 52 24 38 14 27 0 0.00 0.0 0 8.7 32 290 M M 0 45 290
================================================================================
SM 1558 791 769 0 0.04 0.2 265.5 M 35
================================================================================
AV 51.9 26.4 8.9 FASTST M M 1 MAX(MPH)
MISC ----> 45 310 61 310
================================================================================
NOTES:
# LAST OF SEVERAL OCCURRENCES
COLUMN 17 PEAK WIND IN M.P.H.
PRELIMINARY LOCAL CLIMATOLOGICAL DATA (WS FORM: F-6) , PAGE 2
STATION: RIVERTON WY
MONTH: NOVEMBER
YEAR: 2021
LATITUDE: 43 2 N
LONGITUDE: 108 27 W
[TEMPERATURE DATA] [PRECIPITATION DATA] SYMBOLS USED IN COLUMN 16
AVERAGE MONTHLY: 39.2 TOTAL FOR MONTH: 0.04 1 = FOG OR MIST
DPTR FM NORMAL: 8.4 DPTR FM NORMAL: -0.30 2 = FOG REDUCING VISIBILITY
HIGHEST: 65 ON 15 GRTST 24HR 0.04 ON 24-24 TO 1/4 MILE OR LESS
LOWEST: 10 ON 18 3 = THUNDER
SNOW, ICE PELLETS, HAIL 4 = ICE PELLETS
TOTAL MONTH: 0.2 INCH 5 = HAIL
GRTST 24HR 0.2 ON 24-24 6 = FREEZING RAIN OR DRIZZLE
GRTST DEPTH: T 7 = DUSTSTORM OR SANDSTORM:
VSBY 1/2 MILE OR LESS
8 = SMOKE OR HAZE
[NO. OF DAYS WITH] [WEATHER - DAYS WITH] 9 = BLOWING SNOW
X = TORNADO
MAX 32 OR BELOW: 0 0.01 INCH OR MORE: 1
MAX 90 OR ABOVE: 0 0.10 INCH OR MORE: 0
MIN 32 OR BELOW: 25 0.50 INCH OR MORE: 0
MIN 0 OR BELOW: 0 1.00 INCH OR MORE: 0
[HDD (BASE 65) ]
TOTAL THIS MO. 769 CLEAR (SCALE 0-3) 27
DPTR FM NORMAL -259 PTCLDY (SCALE 4-7) 2
TOTAL FM JUL 1 1490 CLOUDY (SCALE 8-10) 1
DPTR FM NORMAL -406
[CDD (BASE 65) ]
TOTAL THIS MO. 0
DPTR FM NORMAL 0 [PRESSURE DATA]
TOTAL FM JAN 1 707 HIGHEST SLP 30.50 ON 25
DPTR FM NORMAL 208 LOWEST SLP 29.54 ON 16
[REMARKS]
#FINAL-11-21#