000
CXUS54 KCRP 011300
CF6RKP
PRELIMINARY LOCAL CLIMATOLOGICAL DATA (WS FORM: F-6)
STATION: ROCKPORT
MONTH: AUGUST
YEAR: 2020
LATITUDE: 28 4 N
LONGITUDE: 97 3 W
TEMPERATURE IN F: :PCPN: SNOW: WIND :SUNSHINE: SKY :PK WND
================================================================================
1 2 3 4 5 6A 6B 7 8 9 10 11 12 13 14 15 16 17 18
12Z AVG MX 2MIN
DY MAX MIN AVG DEP HDD CDD WTR SNW DPTH SPD SPD DIR MIN PSBL S-S WX SPD DR
================================================================================
1 94 77 86 0 0 21 T 0.0 0 6.5 28 50 M M 2 138 36 60
2 92 77 85 -1 0 20 0.00 0.0 0 6.2 14 140 M M 2 1 17 130
3 95 75 85 -1 0 20 0.00 0.0 0 5.7 13 140 M M 0 1 17 130
4 94 77 86 0 0 21 0.00 0.0 0 5.6 13 140 M M 0 16 140
5 93 78 86 0 0 21 0.00 0.0 0 8.5 16 140 M M 1 20 140
6 93 81 87 1 0 22 0.00 0.0 0 9.8 16 140 M M 1 21 130
7 94 83 89 3 0 24 0.00 0.0 0 10.7 16 130 M M 0 21 140
8 94 82 88 2 0 23 T 0.0 0 9.1 16 140 M M 2 22 150
9 94 84 89 3 0 24 0.00 0.0 0 10.5 17 150 M M 2 24 140
10 95 83 89 3 0 24 T 0.0 0 10.9 17 140 M M 2 23 150
11 95 83 89 3 0 24 0.00 0.0 0 10.8 16 140 M M 2 23 150
12 95 85 90 4 0 25 0.00 0.0 0 11.6 18 150 M M 3 8 24 140
13 94 82 88 2 0 23 0.00 0.0 0 8.8 16 140 M M 2 22 130
14 95 79 87 1 0 22 0.00 0.0 0 8.5 16 150 M M 1 24 170
15 95 77 86 0 0 21 0.00 0.0 0 8.1 16 150 M M 0 8 23 160
16 95 77 86 0 0 21 0.00 0.0 0 5.8 15 150 M M 1 1 19 140
17 93 77 85 -1 0 20 0.00 0.0 0 6.2 16 360 M M 0 20 10
18 98 77 88 2 0 23 0.00 0.0 0 6.0 18 340 M M 0 25 350
19 101 73 87 1 0 22 0.00 0.0 0 4.6 14 150 M M 0 3 19 140
20 96 76 86 0 0 21 0.00 0.0 0 6.8 16 150 M M 1 3 22 130
21 94 80 87 1 0 22 0.00 0.0 0 8.9 16 150 M M 1 3 24 140
22 93 81 87 1 0 22 0.00 0.0 0 10.1 24 360 M M 1 32 340
23 94 76 85 -1 0 20 0.00 0.0 0 9.2 16 100 M M 0 18 20 100
24 92 77 85 -1 0 20 0.29 0.0 0 11.0 22 100 M M 1 138 29 110
25 97 78 88 2 0 23 0.00 0.0 0 7.9 15 350 M M 0 19 30
26 99 81 90 4 0 25 T 0.0 0 7.2 18 10 M M 6 24 360
27 94 81 88 3 0 23 T 0.0 0 9.5 17 150 M M 3 38 23 140
28 95 85 90 5 0 25 0.00 0.0 0 11.4 18 190 M M 2 8 27 190
29 95 83 89 4 0 24 0.00 0.0 0 9.2 16 140 M M 1 21 140
30 96 82 89 4 0 24 0.00 0.0 0 10.6 20 150 M M 2 8 26 130
31 95 82 89 4 0 24 T 0.0 0 13.1 22 150 M M 3 18 31 150
================================================================================
SM 2939 2469 0 694 0.29 0.0 268.8 M 42
================================================================================
AV 94.8 79.7 8.7 FASTST M M 1 MAX(MPH)
MISC ----> # 28 50 # 36 60
================================================================================
NOTES:
# LAST OF SEVERAL OCCURRENCES
COLUMN 17 PEAK WIND IN M.P.H.
PRELIMINARY LOCAL CLIMATOLOGICAL DATA (WS FORM: F-6) , PAGE 2
STATION: ROCKPORT
MONTH: AUGUST
YEAR: 2020
LATITUDE: 28 4 N
LONGITUDE: 97 3 W
[TEMPERATURE DATA] [PRECIPITATION DATA] SYMBOLS USED IN COLUMN 16
AVERAGE MONTHLY: 87.2 TOTAL FOR MONTH: 0.29 1 = FOG OR MIST
DPTR FM NORMAL: 1.6 DPTR FM NORMAL: -2.24 2 = FOG REDUCING VISIBILITY
HIGHEST: 101 ON 19 GRTST 24HR 0.29 ON 24-24 TO 1/4 MILE OR LESS
LOWEST: 73 ON 19 3 = THUNDER
SNOW, ICE PELLETS, HAIL 4 = ICE PELLETS
TOTAL MONTH: 0.0 INCH 5 = HAIL
GRTST 24HR 0.0 6 = FREEZING RAIN OR DRIZZLE
GRTST DEPTH: 0 7 = DUSTSTORM OR SANDSTORM:
VSBY 1/2 MILE OR LESS
8 = SMOKE OR HAZE
[NO. OF DAYS WITH] [WEATHER - DAYS WITH] 9 = BLOWING SNOW
X = TORNADO
MAX 32 OR BELOW: 0 0.01 INCH OR MORE: 1
MAX 90 OR ABOVE: 31 0.10 INCH OR MORE: 1
MIN 32 OR BELOW: 0 0.50 INCH OR MORE: 0
MIN 0 OR BELOW: 0 1.00 INCH OR MORE: 0
[HDD (BASE 65) ]
TOTAL THIS MO. 0 CLEAR (SCALE 0-3) 30
DPTR FM NORMAL 0 PTCLDY (SCALE 4-7) 1
TOTAL FM JUL 1 0 CLOUDY (SCALE 8-10) 0
DPTR FM NORMAL 0
[CDD (BASE 65) ]
TOTAL THIS MO. 694
DPTR FM NORMAL 54 [PRESSURE DATA]
TOTAL FM JAN 1 3073 HIGHEST SLP 30.10 ON 17
DPTR FM NORMAL 436 LOWEST SLP 29.68 ON 26
[REMARKS]
#FINAL-08-20#