000
CXUS52 KFFC 011010
CF6RMG
PRELIMINARY LOCAL CLIMATOLOGICAL DATA (WS FORM: F-6)
STATION: ROME
MONTH: SEPTEMBER
YEAR: 2021
LATITUDE: 34 20 N
LONGITUDE: 85 10 W
TEMPERATURE IN F: :PCPN: SNOW: WIND :SUNSHINE: SKY :PK WND
================================================================================
1 2 3 4 5 6A 6B 7 8 9 10 11 12 13 14 15 16 17 18
12Z AVG MX 2MIN
DY MAX MIN AVG DEP HDD CDD WTR SNW DPTH SPD SPD DIR MIN PSBL S-S WX SPD DR
================================================================================
1 89 72 81 3 0 16 0.00 M M 7.2 16 330 M M 3 24 340
2 87 66 77 0 0 12 0.00 M M 4.8 12 360 M M 1 16 10
3 85 63 74 -3 0 9 0.00 M M 2.6 10 130 M M 1 17 160
4 85 61 73 -4 0 8 0.00 M M 1.3 8 190 M M 0 13 160
5 89 60 75 -2 0 10 0.00 M M 2.6 12 220 M M 3 1 16 220
6 87 68 78 2 0 13 0.21 M M 3.3 12 20 M M 6 1 18 20
7 87 66 77 1 0 12 0.69 M M 3.2 13 120 M M 6 13 19 120
8 89 70 80 4 0 15 0.54 M M 3.2 16 190 M M 6 123 26 200
9 85 61 73 -3 0 8 T M M 6.8 20 20 M M 3 1 26 20
10 83 56 70 -6 0 5 T M M 2.0 7 290 M M 0 12 110
11 86 59 73 -2 0 8 T M 0 1.5 6 140 M M 1 10 180
12 85 62 74 -1 0 9 0.00 M M 1.4 7 210 M M 0 1 9 220
13 90 65 78 3 0 13 0.00 M M 1.3 8 200 M M 2 1 12 210
14 91 67 79 5 0 14 0.00 M M 1.6 9 250 M M 3 128 15 200
15 80 69 75 1 0 10 0.39 M M 2.4 10 90 M M 6 1 13 100
16 80 69 75 1 0 10 0.09 M M 4.6 9 80 M M 10 18 14 130
17 82 71 77 3 0 12 0.00 M M 3.3 10 140 M M 10 15 170
18 78 73 76 3 0 11 0.83 M M 1.7 6 70 M M 7 13 8 110
19 78 72 75 2 0 10 0.68 M M 2.5 12 60 M M 9 1 14 60
20 76 71 74 1 0 9 2.32 M M 4.2 17 130 M M 9 1 27 120
21 85 71 78 6 0 13 0.11 M M 2.1 13 130 M M 7 1 19 130
22 76 56 66 -6 0 1 0.43 M M 6.1 18 330 M M 6 1 27 360
23 74 51 63 -9 2 0 0.00 M M 5.6 15 340 M M 0 21 350
24 78 49 64 -7 1 0 0.00 M M 2.6 8 80 M M 0 13 280
25 80 51 66 -5 0 1 0.00 M M 1.6 12 360 M M 0 1 15 300
26 83 53 68 -2 0 3 0.00 M M 1.1 8 330 M M 2 18 12 330
27 83 56 70 0 0 5 0.00 M M 1.6 9 260 M M 2 128 13 230
28 86 57 72 2 0 7 0.00 0.0 M 1.2 12 330 M M 2 128 15 320
29 87 61 74 5 0 9 0.00 0.0 M 1.5 13 30 M M 2 18 18 290
30 85 61 73 4 0 8 0.00 M M 2.3 8 140 M M 0 18 11 130
================================================================================
SM 2509 1887 3 261 6.29 0.0 87.2 M 107
================================================================================
AV 83.6 62.9 2.9 FASTST M M 4 MAX(MPH)
MISC ----> 20 20 # 27 120
================================================================================
NOTES:
# LAST OF SEVERAL OCCURRENCES
COLUMN 17 PEAK WIND IN M.P.H.
PRELIMINARY LOCAL CLIMATOLOGICAL DATA (WS FORM: F-6) , PAGE 2
STATION: ROME
MONTH: SEPTEMBER
YEAR: 2021
LATITUDE: 34 20 N
LONGITUDE: 85 10 W
[TEMPERATURE DATA] [PRECIPITATION DATA] SYMBOLS USED IN COLUMN 16
AVERAGE MONTHLY: 73.3 TOTAL FOR MONTH: 6.29 1 = FOG OR MIST
DPTR FM NORMAL: -0.5 DPTR FM NORMAL: 2.87 2 = FOG REDUCING VISIBILITY
HIGHEST: 91 ON 14 GRTST 24HR 2.35 ON 19-20 TO 1/4 MILE OR LESS
LOWEST: 49 ON 24 3 = THUNDER
SNOW, ICE PELLETS, HAIL 4 = ICE PELLETS
TOTAL MONTH: 0.0 INCH 5 = HAIL
GRTST 24HR 0.0 6 = FREEZING RAIN OR DRIZZLE
GRTST DEPTH: 0 7 = DUSTSTORM OR SANDSTORM:
VSBY 1/2 MILE OR LESS
8 = SMOKE OR HAZE
[NO. OF DAYS WITH] [WEATHER - DAYS WITH] 9 = BLOWING SNOW
X = TORNADO
MAX 32 OR BELOW: 0 0.01 INCH OR MORE: 10
MAX 90 OR ABOVE: 2 0.10 INCH OR MORE: 9
MIN 32 OR BELOW: 0 0.50 INCH OR MORE: 5
MIN 0 OR BELOW: 0 1.00 INCH OR MORE: 1
[HDD (BASE 65) ]
TOTAL THIS MO. 3 CLEAR (SCALE 0-3) 19
DPTR FM NORMAL -5 PTCLDY (SCALE 4-7) 7
TOTAL FM JUL 1 3 CLOUDY (SCALE 8-10) 4
DPTR FM NORMAL -3
[CDD (BASE 65) ]
TOTAL THIS MO. 261
DPTR FM NORMAL -10 [PRESSURE DATA]
TOTAL FM JAN 1 1804 HIGHEST SLP 30.29 ON 12
DPTR FM NORMAL 32 LOWEST SLP 29.63 ON 1
[REMARKS]
#FINAL-09-21#