000
CXUS51 KRNK 010939
CF6RNK
PRELIMINARY LOCAL CLIMATOLOGICAL DATA (WS FORM: F-6)
STATION: BLACKSBURG VA
MONTH: OCTOBER
YEAR: 2020
LATITUDE: 37 13 N
LONGITUDE: 80 25 W
TEMPERATURE IN F: :PCPN: SNOW: WIND :SUNSHINE: SKY :PK WND
================================================================================
1 2 3 4 5 6A 6B 7 8 9 10 11 12 13 14 15 16 17 18
12Z AVG MX 2MIN
DY MAX MIN AVG DEP HDD CDD WTR SNW DPTH SPD SPD DIR MIN PSBL S-S WX SPD DR
================================================================================
1 67 47 57 0 8 0 T 0.0 0 2.4 9 310 M M 5 17 300
2 61 38 50 -7 15 0 T 0.0 0 3.9 10 320 M M 3 18 350
3 62 33 48 -8 17 0 0.00 0.0 0 1.7 8 120 M M 4 12 M M
4 66 38 52 -4 13 0 T 0.0 0 1.2 8 120 M M 3 M M
5 64 41 53 -3 12 0 T 0.0 0 3.6 20 310 M M 1 24 310
6 72 38 55 0 10 0 0.00 0.0 0 1.3 8 250 M M 2 12 M M
7 75 45 60 5 5 0 0.00 0.0 0 2.9 10 280 M M 0 1 23 280
8 73 48 61 6 4 0 0.00 0.0 0 5.9 14 320 M M 1 21 300
9 65 42 54 0 11 0 0.00 0.0 0 1.5 7 170 M M 1 M M
10 63 54 59 5 6 0 0.58 0.0 0 0.3 3 320 M M 10 1 M M
11 61 59 60 6 5 0 0.92 0.0 0 6.2 15 80 M M 10 1 23 80
12 65 59 62 9 3 0 0.02 0.0 0 3.1 8 100 M M 10 1 M M
13 66 46 56 3 9 0 T 0.0 0 4.3 14 300 M M 4 1 20 290
14 73 43 58 5 7 0 0.00 0.0 0 0.6 6 160 M M 0 M M
15 75 41 58 6 7 0 T 0.0 0 1.5 7 180 M M 3 M M
16 59 35 47 -5 18 0 0.01 0.0 0 3.3 10 310 M M 6 18 310
17 58 31 45 -7 20 0 0.00 0.0 0 2.1 7 110 M M 0 M M
18 63 32 48 -4 17 0 0.00 0.0 0 2.3 9 100 M M 0 M M
19 72 38 55 4 10 0 0.00 0.0 0 1.0 7 110 M M 0 M M
20 77 42 60 9 5 0 0.00 0.0 0 1.1 6 120 M M 1 12 M M
21 81 46 64 13 1 0 0.00 0.0 0 0.4 5 160 M M 1 M M
22 77 49 63 12 2 0 0.00 0.0 0 1.4 6 120 M M 5 12 M M
23 78 50 64 14 1 0 0.00 0.0 0 1.3 6 130 M M 1 1 M M
24 71 53 62 12 3 0 0.08 0.0 0 1.2 8 310 M M 8 1 M M
25 59 47 53 3 12 0 0.21 0.0 0 6.6 13 100 M M 10 1 M M
26 72 47 60 10 5 0 T 0.0 0 1.3 8 120 M M 7 1 M M
27 69 50 60 11 5 0 0.00 0.0 0 1.2 7 310 M M 6 12 M M
28 65 51 58 9 7 0 0.22 0.0 0 0.4 5 120 M M 9 12 M M
29 73 59 66 17 0 1 1.98 0.0 0 3.9 13 260 M M 8 1 27 230
30 59 32 46 -2 19 0 0.01 0.0 0 10.1 21 300 M M 8 30 300
31 51 29 40 -8 25 0 0.00 0.0 0 2.9 10 150 M M 5 M M
================================================================================
SM 2092 1363 282 1 4.03 0.0 80.9 M 132
================================================================================
AV 67.5 44.0 2.6 FASTST M M 4 MAX(MPH)
MISC ----> 21 300 30 300
================================================================================
NOTES:
# LAST OF SEVERAL OCCURRENCES
COLUMN 17 PEAK WIND IN M.P.H.
PRELIMINARY LOCAL CLIMATOLOGICAL DATA (WS FORM: F-6) , PAGE 2
STATION: BLACKSBURG VA
MONTH: OCTOBER
YEAR: 2020
LATITUDE: 37 13 N
LONGITUDE: 80 25 W
[TEMPERATURE DATA] [PRECIPITATION DATA] SYMBOLS USED IN COLUMN 16
AVERAGE MONTHLY: 55.7 TOTAL FOR MONTH: 4.03 1 = FOG OR MIST
DPTR FM NORMAL: 3.4 DPTR FM NORMAL: 1.25 2 = FOG REDUCING VISIBILITY
HIGHEST: 81 ON 21 GRTST 24HR 1.98 ON 29-29 TO 1/4 MILE OR LESS
LOWEST: 29 ON 31 3 = THUNDER
SNOW, ICE PELLETS, HAIL 4 = ICE PELLETS
TOTAL MONTH: 0.0 INCH 5 = HAIL
GRTST 24HR 0.0 6 = FREEZING RAIN OR DRIZZLE
GRTST DEPTH: 0 7 = DUSTSTORM OR SANDSTORM:
VSBY 1/2 MILE OR LESS
8 = SMOKE OR HAZE
[NO. OF DAYS WITH] [WEATHER - DAYS WITH] 9 = BLOWING SNOW
X = TORNADO
MAX 32 OR BELOW: 0 0.01 INCH OR MORE: 9
MAX 90 OR ABOVE: 0 0.10 INCH OR MORE: 5
MIN 32 OR BELOW: 4 0.50 INCH OR MORE: 3
MIN 0 OR BELOW: 0 1.00 INCH OR MORE: 1
[HDD (BASE 65) ]
TOTAL THIS MO. 282 CLEAR (SCALE 0-3) 15
DPTR FM NORMAL -114 PTCLDY (SCALE 4-7) 11
TOTAL FM JUL 1 407 CLOUDY (SCALE 8-10) 5
DPTR FM NORMAL -121
[CDD (BASE 65) ]
TOTAL THIS MO. 1
DPTR FM NORMAL -3 [PRESSURE DATA]
TOTAL FM JAN 1 807 HIGHEST SLP M ON M
DPTR FM NORMAL 234 LOWEST SLP M ON M
[REMARKS]
#FINAL-10-20#