000
CXUS56 KSGX 011145
CF6RNM
PRELIMINARY LOCAL CLIMATOLOGICAL DATA (WS FORM: F-6)
STATION: RAMONA AIRPORT CA
MONTH: FEBRUARY
YEAR: 2021
LATITUDE: 33 2 N
LONGITUDE: 116 55 W
TEMPERATURE IN F: :PCPN: SNOW: WIND :SUNSHINE: SKY :PK WND
================================================================================
1 2 3 4 5 6A 6B 7 8 9 10 11 12 13 14 15 16 17 18
12Z AVG MX 2MIN
DY MAX MIN AVG DEP HDD CDD WTR SNW DPTH SPD SPD DIR MIN PSBL S-S WX SPD DR
================================================================================
1 67 51 59 9 6 0 T M M 2.5 9 310 M M 7 12 310
2 73 44 59 9 6 0 T M M 3.5 13 300 M M 5 15 310
3 69 37 53 3 12 0 0.00 M M 3.6 13 260 M M 0 12 16 290
4 64 36 50 0 15 0 0.00 M M 3.0 10 270 M M 5 128 17 290
5 68 31 50 0 15 0 0.00 M M 3.6 10 310 M M 1 12 14 290
6 76 31 54 4 11 0 0.00 M M 2.3 12 270 M M 0 1 15 260
7 73 32 53 3 12 0 0.00 M M 3.1 15 270 M M 0 1 17 270
8 66 30 48 -2 17 0 0.00 M M 3.6 13 300 M M 1 12 15 270
9 59 42 51 1 14 0 0.00 M M 4.0 12 310 M M 8 128 14 290
10 60 36 48 -3 17 0 0.00 M M 3.5 14 270 M M 7 12 20 260
11 71 31 51 0 14 0 0.00 M M 3.4 18 270 M M 3 12 23 270
12 58 36 47 -4 18 0 0.09 M M 6.7 24 250 M M 7 12 30 250
13 58 33 46 -5 19 0 0.00 M M 5.0 16 270 M M 7 12 22 250
14 62 35 49 -2 16 0 0.00 M M 3.7 16 270 M M 4 12 19 260
15 60 33 47 -4 18 0 0.00 M M 4.0 9 230 M M 3 1 13 170
16 61 41 51 0 14 0 0.07 M M 4.7 15 250 M M 7 1 18 240
17 64 35 50 -1 15 0 0.00 M M 3.9 16 280 M M 3 1 21 270
18 64 33 49 -2 16 0 0.00 M M 9.4 24 70 M M 0 32 70
19 71 27 49 -2 16 0 0.00 M M 2.9 12 290 M M 0 14 300
20 64 28 46 -5 19 0 0.00 M M 3.5 15 280 M M 0 1 18 280
21 70 29 50 -1 15 0 0.00 M M 11.3 26 90 M M 1 12 33 80
22 78 36 57 6 8 0 0.00 M M 8.1 18 80 M M 0 24 80
23 78 32 55 3 10 0 0.00 M M 3.4 13 290 M M 0 17 260
24 75 29 52 0 13 0 0.00 M M 3.2 13 280 M M 0 1 16 270
25 72 29 51 -1 14 0 0.00 M M 3.8 16 70 M M 0 1 20 80
26 74 26 50 -2 15 0 0.00 M M 3.5 14 270 M M 0 18 280
27 67 25 46 -6 19 0 0.00 M M 3.5 14 290 M M 0 1 17 280
28 67 33 50 -2 15 0 0.00 M M 12.2 24 60 M M 0 12 32 70
================================================================================
SM 1889 941 399 0 0.16 M 128.9 M 69
================================================================================
AV 67.5 33.6 4.6 FASTST M M 2 MAX(MPH)
MISC ----> 26 90 33 80
================================================================================
NOTES:
# LAST OF SEVERAL OCCURRENCES
COLUMN 17 PEAK WIND IN M.P.H.
PRELIMINARY LOCAL CLIMATOLOGICAL DATA (WS FORM: F-6) , PAGE 2
STATION: RAMONA AIRPORT CA
MONTH: FEBRUARY
YEAR: 2021
LATITUDE: 33 2 N
LONGITUDE: 116 55 W
[TEMPERATURE DATA] [PRECIPITATION DATA] SYMBOLS USED IN COLUMN 16
AVERAGE MONTHLY: 50.5 TOTAL FOR MONTH: 0.16 1 = FOG OR MIST
DPTR FM NORMAL: -0.5 DPTR FM NORMAL: -2.95 2 = FOG REDUCING VISIBILITY
HIGHEST: 78 ON 23,22 GRTST 24HR 0.09 ON 12-12 TO 1/4 MILE OR LESS
LOWEST: 25 ON 27 3 = THUNDER
SNOW, ICE PELLETS, HAIL 4 = ICE PELLETS
TOTAL MONTH: M 5 = HAIL
GRTST 24HR M ON M 6 = FREEZING RAIN OR DRIZZLE
GRTST DEPTH: M ON M 7 = DUSTSTORM OR SANDSTORM:
VSBY 1/2 MILE OR LESS
8 = SMOKE OR HAZE
[NO. OF DAYS WITH] [WEATHER - DAYS WITH] 9 = BLOWING SNOW
X = TORNADO
MAX 32 OR BELOW: 0 0.01 INCH OR MORE: 2
MAX 90 OR ABOVE: 0 0.10 INCH OR MORE: 0
MIN 32 OR BELOW: 13 0.50 INCH OR MORE: 0
MIN 0 OR BELOW: 0 1.00 INCH OR MORE: 0
[HDD (BASE 65) ]
TOTAL THIS MO. 399 CLEAR (SCALE 0-3) 17
DPTR FM NORMAL 5 PTCLDY (SCALE 4-7) 11
TOTAL FM JUL 1 1582 CLOUDY (SCALE 8-10) 0
DPTR FM NORMAL -159
[CDD (BASE 65) ]
TOTAL THIS MO. 0
DPTR FM NORMAL 0 [PRESSURE DATA]
TOTAL FM JAN 1 0 HIGHEST SLP 30.32 ON 18
DPTR FM NORMAL -1 LOWEST SLP 29.83 ON 13
[REMARKS]
#FINAL-02-21#