000
CXUS55 KREV 010908
CF6RNO
PRELIMINARY LOCAL CLIMATOLOGICAL DATA (WS FORM: F-6)
STATION: RENO-TAHOE INTL AIRPORT NV
MONTH: MARCH
YEAR: 2023
LATITUDE: 39 30 N
LONGITUDE: 119 47 W
TEMPERATURE IN F: :PCPN: SNOW: WIND :SUNSHINE: SKY :PK WND
================================================================================
1 2 3 4 5 6A 6B 7 8 9 10 11 12 13 14 15 16 17 18
12Z AVG MX 2MIN
DY MAX MIN AVG DEP HDD CDD WTR SNW DPTH SPD SPD DIR MIN PSBL S-S WX SPD DR
================================================================================
1 35 19 27 -17 38 0 T T 2 9.3 20 10 M M 7 18 26 10
2 43 15 29 -15 36 0 0.00 0.0 1 4.1 10 180 M M 5 16 340
3 51 28 40 -4 25 0 0.00 0.0 T 6.2 18 310 M M 5 22 300
4 45 26 36 -8 29 0 0.11 1.2 0 14.1 35 200 M M 7 18 42 180
5 36 23 30 -15 35 0 0.26 2.9 1 11.7 26 160 M M 7 128 32 160
6 39 15 27 -18 38 0 T T 1 3.6 25 190 M M 6 29 190
7 43 23 33 -12 32 0 0.01 0.4 T 5.5 18 290 M M 6 1 24 290
8 41 28 35 -10 30 0 0.01 T 0 11.1 30 180 M M 6 1 36 180
9 53 20 37 -9 28 0 0.12 0.0 0 9.1 35 170 M M 7 41 190
10 53 37 45 -1 20 0 0.30 0.0 0 15.7 38 230 M M 8 1 53 230
11 46 33 40 -6 25 0 0.50 0.4 0 4.0 21 170 M M 10 1 23 170
12 53 35 44 -2 21 0 0.01 0.0 0 6.7 23 190 M M 8 28 200
13 58 40 49 3 16 0 T 0.0 0 6.4 26 190 M M 7 34 170
14 61 42 52 6 13 0 0.21 0.0 0 12.0 41 200 M M 8 53 190
15 52 34 43 -4 22 0 0.00 0.0 0 6.9 21 290 M M 3 25 320
16 50 30 40 -7 25 0 0.00 0.0 0 4.6 15 90 M M 1 22 110
17 54 27 41 -6 24 0 0.00 0.0 0 4.2 14 130 M M 3 19 120
18 60 29 45 -2 20 0 0.00 0.0 0 3.3 10 280 M M 5 14 170
19 48 40 44 -3 21 0 0.05 0.0 0 4.1 25 200 M M 9 31 200
20 54 35 45 -2 20 0 T 0.0 0 10.4 25 290 M M 5 30 300
21 39 30 35 -13 30 0 0.07 0.4 0 4.7 20 90 M M 7 1 24 90
22 51 30 41 -7 24 0 0.02 0.4 0 3.3 13 80 M M 6 58 17 110
23 50 32 41 -7 24 0 T T 0 7.2 28 280 M M 6 37 290
24 46 30 38 -10 27 0 T T 0 13.7 23 290 M M 7 31 280
25 46 28 37 -11 28 0 0.09 2.2 0 6.6 23 20 M M 7 1 30 10
26 43 26 35 -13 30 0 0.03 1.1 3 7.0 15 300 M M 6 18 22 320
27 54 22 38 -10 27 0 0.00 0.0 0 9.3 23 170 M M 4 30 150
28 55 34 45 -3 20 0 0.07 T 0 16.1 44 190 M M 8 1 53 170
29 45 29 37 -12 28 0 0.09 1.1 T 4.4 18 110 M M 7 18 23 110
30 52 29 41 -8 24 0 T T T 9.0 21 300 M M 5 29 280
31 57 28 43 -6 22 0 0.00 0.0 0 6.1 22 280 M M 4 27 290
================================================================================
SM 1513 897 802 0 1.95 10.1 240.4 M 190
================================================================================
AV 48.8 28.9 7.8 FASTST M M 6 MAX(MPH)
MISC ----> 44 190 # 53 230
================================================================================
NOTES:
# LAST OF SEVERAL OCCURRENCES
COLUMN 17 PEAK WIND IN M.P.H.
PRELIMINARY LOCAL CLIMATOLOGICAL DATA (WS FORM: F-6) , PAGE 2
STATION: RENO-TAHOE INTL AIRPORT NV
MONTH: MARCH
YEAR: 2023
LATITUDE: 39 30 N
LONGITUDE: 119 47 W
[TEMPERATURE DATA] [PRECIPITATION DATA] SYMBOLS USED IN COLUMN 16
AVERAGE MONTHLY: 38.9 TOTAL FOR MONTH: 1.95 1 = FOG OR MIST
DPTR FM NORMAL: -7.7 DPTR FM NORMAL: 1.15 2 = FOG REDUCING VISIBILITY
HIGHEST: 61 ON 14 GRTST 24HR 0.50 ON 11-11 TO 1/4 MILE OR LESS
LOWEST: 15 ON 6, 2 3 = THUNDER
SNOW, ICE PELLETS, HAIL 4 = ICE PELLETS
TOTAL MONTH: 12.9 INCHES 5 = HAIL
GRTST 24HR 2.9 ON 5- 5 6 = FREEZING RAIN OR DRIZZLE
GRTST DEPTH: 3 ON 26 7 = DUSTSTORM OR SANDSTORM:
VSBY 1/2 MILE OR LESS
8 = SMOKE OR HAZE
[NO. OF DAYS WITH] [WEATHER - DAYS WITH] 9 = BLOWING SNOW
X = TORNADO
MAX 32 OR BELOW: 0 0.01 INCH OR MORE: 16
MAX 90 OR ABOVE: 0 0.10 INCH OR MORE: 6
MIN 32 OR BELOW: 22 0.50 INCH OR MORE: 1
MIN 0 OR BELOW: 0 1.00 INCH OR MORE: 0
[HDD (BASE 65) ]
TOTAL THIS MO. 802 CLEAR (SCALE 0-3) 2
DPTR FM NORMAL 231 PTCLDY (SCALE 4-7) 25
TOTAL FM JUL 1 4585 CLOUDY (SCALE 8-10) 4
DPTR FM NORMAL 557
[CDD (BASE 65) ]
TOTAL THIS MO. 0
DPTR FM NORMAL 0 [PRESSURE DATA]
TOTAL FM JAN 1 0 HIGHEST SLP M ON M
DPTR FM NORMAL 0 LOWEST SLP 25.60 ON 31
[REMARKS]
...THE RENO-TAHOE INTL AIRPORT NV CLIMATE SUMMARY FOR THE MONTH OF
MARCH 2023...
THE AVERAGE TEMPERATURE FOR MARCH 2023 AT THE RENO-TAHOE
INTERNATIONAL AIRPORT WAS 38.9 DEGREES, WHICH IS 7.7 DEGREES BELOW
NORMAL. THE HIGHEST TEMPERATURE FOR MARCH WAS 61 DEGREES, WHICH
OCCURRED ON THE 14TH. THE LOWEST TEMPERATURE FOR THE MONTH WAS 15
DEGREES, WHICH OCCURRED ON THE 2ND AND 6TH.
FOR MARCH 2023, 1.95 INCHES OF PRECIPITATION WERE RECORDED AT THE
RENO-TAHOE INTERNATIONAL AIRPORT. THIS IS 1.15 INCHES ABOVE NORMAL
FOR THE MONTH. TOTAL SNOWFALL RECORDED FOR THE MONTH WAS 10.1
INCHES, WHICH IS 7.2 INCHES ABOVE NORMAL.
THE AVERAGE WIND SPEED FOR MARCH 2023 WAS 7.8 MPH. THE PEAK WIND
GUST FOR THE MONTH WAS 53 MPH FROM THE SOUTHWEST ON THE 10TH AND
FROM THE SOUTH ON THE 14TH AND 28TH.
#FINAL-03-23#