000
CXUS51 KRNK 010854 RRA
CF6ROA
PRELIMINARY LOCAL CLIMATOLOGICAL DATA (WS FORM: F-6)
STATION: ROANOKE VA
MONTH: MARCH
YEAR: 2020
LATITUDE: 37 19 N
LONGITUDE: 79 58 W
TEMPERATURE IN F: :PCPN: SNOW: WIND :SUNSHINE: SKY :PK WND
================================================================================
1 2 3 4 5 6A 6B 7 8 9 10 11 12 13 14 15 16 17 18
12Z AVG MX 2MIN
DY MAX MIN AVG DEP HDD CDD WTR SNW DPTH SPD SPD DIR MIN PSBL S-S WX SPD DR
================================================================================
1 60 30 45 2 20 0 0.00 0.0 0 7.5 23 320 M M 1 31 320
2 59 32 46 3 19 0 T 0.0 0 4.4 23 210 M M 6 34 210
3 68 44 56 13 9 0 0.13 0.0 0 9.2 26 300 M M 5 1 38 300
4 65 46 56 12 9 0 0.00 0.0 0 9.0 26 300 M M 2 35 300
5 55 40 48 4 17 0 0.00 0.0 0 6.4 18 320 M M 6 24 330
6 51 34 43 -1 22 0 0.02 T 0 10.5 38 320 M M 6 45 320
7 49 32 41 -3 24 0 0.00 0.0 0 12.4 26 310 M M 4 35 320
8 64 25 45 0 20 0 0.00 0.0 0 4.0 12 150 M M 1 20 140
9 70 38 54 9 11 0 0.00 0.0 0 7.3 17 170 M M 4 22 170
10 70 57 64 19 1 0 0.02 0.0 0 8.4 25 270 M M 9 34 250
11 73 52 63 17 2 0 T 0.0 0 6.4 16 250 M M 6 1 22 230
12 69 44 57 11 8 0 0.02 0.0 0 5.4 20 130 M M 5 23 120
13 72 52 62 16 3 0 0.47 0.0 0 10.8 25 320 M M 8 1 36 310
14 62 45 54 7 11 0 0.11 0.0 0 5.4 14 290 M M 7 1 17 290
15 46 41 44 -3 21 0 0.17 0.0 0 5.1 10 140 M M 10 1 13 150
16 50 41 46 -1 19 0 0.00 0.0 0 3.2 10 140 M M 10 13 150
17 68 45 57 9 8 0 0.01 0.0 0 6.0 20 310 M M 8 24 310
18 55 44 50 2 15 0 0.26 0.0 0 5.7 13 150 M M 9 1 15 120
19 77 49 63 15 2 0 T 0.0 0 4.8 16 210 M M 6 1 22 220
20 78 47 63 14 2 0 0.05 0.0 0 10.0 26 260 M M 7 38 270
21 67 47 57 8 8 0 0.02 0.0 0 8.3 20 310 M M 8 1 25 290
22 51 45 48 -1 17 0 0.03 0.0 0 7.4 15 100 M M 10 19 100
23 51 41 46 -4 19 0 0.24 0.0 0 3.4 12 140 M M 9 1 15 130
24 60 47 54 4 11 0 0.59 0.0 0 6.4 18 120 M M 7 1 24 110
25 59 45 52 2 13 0 0.39 0.0 0 5.5 14 120 M M 8 1 18 130
26 64 46 55 5 10 0 T 0.0 0 7.5 18 150 M M 7 22 150
27 86 52 69 18 0 4 0.00 0.0 0 6.4 16 250 M M 3 20 110
28 81 58 70 19 0 5 0.00 0.0 0 7.3 18 140 M M 5 18 22 140
29 85 59 72 20 0 7 T 0.0 0 9.2 36 270 M M 4 50 240
30 74 55 65 13 0 0 0.00 0.0 0 13.8 31 300 M M 4 41 280
31 57 43 50 -2 15 0 0.71 0.0 0 6.5 14 20 M M 9 1 17 10
================================================================================
SM 1996 1376 336 16 3.24 T 223.6 M 194
================================================================================
AV 64.4 44.4 7.2 FASTST M M 6 MAX(MPH)
MISC ----> 38 320 50 240
================================================================================
NOTES:
# LAST OF SEVERAL OCCURRENCES
COLUMN 17 PEAK WIND IN M.P.H.
PRELIMINARY LOCAL CLIMATOLOGICAL DATA (WS FORM: F-6) , PAGE 2
STATION: ROANOKE VA
MONTH: MARCH
YEAR: 2020
LATITUDE: 37 19 N
LONGITUDE: 79 58 W
[TEMPERATURE DATA] [PRECIPITATION DATA] SYMBOLS USED IN COLUMN 16
AVERAGE MONTHLY: 54.4 TOTAL FOR MONTH: 3.24 1 = FOG OR MIST
DPTR FM NORMAL: 7.1 DPTR FM NORMAL: -0.22 2 = FOG REDUCING VISIBILITY
HIGHEST: 86 ON 27 GRTST 24HR 0.98 ON 24-25 TO 1/4 MILE OR LESS
LOWEST: 25 ON 8 3 = THUNDER
SNOW, ICE PELLETS, HAIL 4 = ICE PELLETS
TOTAL MONTH: T 5 = HAIL
GRTST 24HR T ON 6- 6 6 = FREEZING RAIN OR DRIZZLE
GRTST DEPTH: 0 7 = DUSTSTORM OR SANDSTORM:
VSBY 1/2 MILE OR LESS
8 = SMOKE OR HAZE
[NO. OF DAYS WITH] [WEATHER - DAYS WITH] 9 = BLOWING SNOW
X = TORNADO
MAX 32 OR BELOW: 0 0.01 INCH OR MORE: 16
MAX 90 OR ABOVE: 0 0.10 INCH OR MORE: 9
MIN 32 OR BELOW: 4 0.50 INCH OR MORE: 2
MIN 0 OR BELOW: 0 1.00 INCH OR MORE: 0
[HDD (BASE 65) ]
TOTAL THIS MO. 336 CLEAR (SCALE 0-3) 4
DPTR FM NORMAL -216 PTCLDY (SCALE 4-7) 18
TOTAL FM JUL 1 3102 CLOUDY (SCALE 8-10) 9
DPTR FM NORMAL -655
[CDD (BASE 65) ]
TOTAL THIS MO. 16
DPTR FM NORMAL 11 [PRESSURE DATA]
TOTAL FM JAN 1 16 HIGHEST SLP 30.63 ON 8
DPTR FM NORMAL 11 LOWEST SLP 29.59 ON 3
[REMARKS]
#FINAL-03-20#