000
CXUS54 KFWD 010830
CF6RPH
PRELIMINARY LOCAL CLIMATOLOGICAL DATA (WS FORM: F-6)
STATION: GRAHAM
MONTH: JANUARY
YEAR: 2023
LATITUDE: 33 6 N
LONGITUDE: 98 30 W
TEMPERATURE IN F: :PCPN: SNOW: WIND :SUNSHINE: SKY :PK WND
================================================================================
1 2 3 4 5 6A 6B 7 8 9 10 11 12 13 14 15 16 17 18
12Z AVG MX 2MIN
DY MAX MIN AVG DEP HDD CDD WTR SNW DPTH SPD SPD DIR MIN PSBL S-S WX SPD DR
================================================================================
1 79 52 66 24 0 1 0.00 M M 6.3 10 200 M M 0 M M
2 76 53 65 23 0 0 T M M 7.5 16 210 M M 4 18 25 230
3 63 36 50 8 15 0 0.00 M M 6.7 17 300 M M 2 22 280
4 57 28 43 1 22 0 0.00 M M 2.5 8 310 M M 0 M M
5 60 24 42 0 23 0 0.00 M M 1.6 6 120 M M 0 M M
6 74 43 59 17 6 0 0.00 M M 8.1 15 200 M M 1 21 170
7 63 40 52 10 13 0 0.00 M M 7.7 12 350 M M 2 17 360
8 63 29 46 4 19 0 0.00 M M 2.4 7 170 M M 0 M M
9 75 38 57 15 8 0 0.00 M M 4.4 13 210 M M 0 18 210
10 84 38 61 19 4 0 0.00 M M 6.3 17 250 M M 0 24 250
11 86 45 66 24 0 1 0.00 M M 9.4 21 240 M M 0 35 M
12 60 30 45 3 20 0 0.00 M M 14.0 23 310 M M 0 37 320
13 59 25 42 0 23 0 0.00 M M 1.6 6 110 M M 0 M M
14 66 37 52 10 13 0 0.00 M M 8.7 16 160 M M 0 8 24 160
15 68 49 59 17 6 0 0.00 M M 10.3 17 170 M M 4 25 190
16 75 55 65 23 0 0 0.00 M M 8.6 20 270 M M 3 31 M
17 73 46 60 18 5 0 0.00 M M 3.7 8 120 M M 3 M M
18 67 52 60 18 5 0 T M M 10.2 22 250 M M 3 36 240
19 59 39 49 6 16 0 0.00 M M 6.6 13 310 M M 1 17 310
20 60 36 48 5 17 0 0.00 M M 6.3 15 130 M M 6 22 130
21 65 42 54 11 11 0 0.00 M M 10.5 17 320 M M 4 22 260
22 53 29 41 -2 24 0 0.00 M M 7.3 13 300 M M 0 8 20 320
23 55 26 41 -2 24 0 0.00 M M 6.1 10 100 M M 4 18 100
24 46 32 39 -4 26 0 0.15 M M 8.9 15 70 M M 9 1 20 70
25 47 33 40 -3 25 0 0.00 M M 8.9 14 330 M M 5 21 310
26 52 26 39 -4 26 0 0.00 M M 5.0 14 280 M M 0 17 300
27 62 27 45 2 20 0 0.00 M M 6.7 16 190 M M 0 23 210
28 71 45 58 15 7 0 0.00 M M 8.5 18 210 M M 2 23 210
29 52 25 39 -4 26 0 T M M 10.7 18 330 M M 7 1 24 330
30 25 21 23 -20 42 0 T M M 12.4 16 350 M M 10 16 22 360
31 28 22 25 -19 40 0 T M M 10.5 16 350 M M 8 146 20 350
================================================================================
SM 1923 1123 486 2 0.15 M 228.3 M 78
================================================================================
AV 62.0 36.2 7.4 FASTST M M 3 MAX(MPH)
MISC ----> 23 310 37 320
================================================================================
NOTES:
# LAST OF SEVERAL OCCURRENCES
COLUMN 17 PEAK WIND IN M.P.H.
PRELIMINARY LOCAL CLIMATOLOGICAL DATA (WS FORM: F-6) , PAGE 2
STATION: GRAHAM
MONTH: JANUARY
YEAR: 2023
LATITUDE: 33 6 N
LONGITUDE: 98 30 W
[TEMPERATURE DATA] [PRECIPITATION DATA] SYMBOLS USED IN COLUMN 16
AVERAGE MONTHLY: 49.1 TOTAL FOR MONTH: 0.15 1 = FOG OR MIST
DPTR FM NORMAL: 6.6 DPTR FM NORMAL: -1.08 2 = FOG REDUCING VISIBILITY
HIGHEST: 86 ON 11 GRTST 24HR 1.51 ON 24-24 TO 1/4 MILE OR LESS
LOWEST: 21 ON 30 3 = THUNDER
SNOW, ICE PELLETS, HAIL 4 = ICE PELLETS
TOTAL MONTH: M 5 = HAIL
GRTST 24HR M ON M 6 = FREEZING RAIN OR DRIZZLE
GRTST DEPTH: M ON M 7 = DUSTSTORM OR SANDSTORM:
VSBY 1/2 MILE OR LESS
8 = SMOKE OR HAZE
[NO. OF DAYS WITH] [WEATHER - DAYS WITH] 9 = BLOWING SNOW
X = TORNADO
MAX 32 OR BELOW: 2 0.01 INCH OR MORE: 1
MAX 90 OR ABOVE: 0 0.10 INCH OR MORE: 1
MIN 32 OR BELOW: 13 0.50 INCH OR MORE: 0
MIN 0 OR BELOW: 0 1.00 INCH OR MORE: 0
[HDD (BASE 65) ]
TOTAL THIS MO. 486 CLEAR (SCALE 0-3) 20
DPTR FM NORMAL -210 PTCLDY (SCALE 4-7) 8
TOTAL FM JUL 1 1539 CLOUDY (SCALE 8-10) 3
DPTR FM NORMAL -332
[CDD (BASE 65) ]
TOTAL THIS MO. 2
DPTR FM NORMAL 2 [PRESSURE DATA]
TOTAL FM JAN 1 2 HIGHEST SLP M ON M
DPTR FM NORMAL 2 LOWEST SLP M ON M
[REMARKS]
#FINAL-01-23#