000
CXUS54 KFWD 010830
CF6RPH
PRELIMINARY LOCAL CLIMATOLOGICAL DATA (WS FORM: F-6)
STATION: GRAHAM
MONTH: FEBRUARY
YEAR: 2022
LATITUDE: 33 6 N
LONGITUDE: 98 30 W
TEMPERATURE IN F: :PCPN: SNOW: WIND :SUNSHINE: SKY :PK WND
================================================================================
1 2 3 4 5 6A 6B 7 8 9 10 11 12 13 14 15 16 17 18
12Z AVG MX 2MIN
DY MAX MIN AVG DEP HDD CDD WTR SNW DPTH SPD SPD DIR MIN PSBL S-S WX SPD DR
================================================================================
1 71 50 61 17 4 0 0.00 M M 9.0 14 190 M M 6 22 170
2 50 20 35 -9 30 0 0.04 M M 13.9 20 350 M M 10 1 26 340
3 21 17 19 -25 46 0 T M M 13.3 18 340 M M 10 1 25 340
4 32 17 25 -19 40 0 0.00 M M 8.1 14 330 M M 3 1 20 320
5 48 10 29 -15 36 0 0.00 M M 4.3 10 160 M M 0 16 160
6 55 26 41 -3 24 0 0.00 M M 5.2 9 340 M M 0 M M
7 56 28 42 -2 23 0 0.00 M M 4.0 10 290 M M 0 M M
8 68 24 46 1 19 0 0.00 M M 5.4 15 210 M M 0 26 230
9 68 29 49 4 16 0 0.00 M M 2.6 7 280 M M 0 M M
10 70 29 50 5 15 0 0.00 M M 3.2 9 340 M M 3 M M
11 77 31 54 9 11 0 0.00 M M 7.0 16 30 M M 0 27 10
12 52 24 38 -7 27 0 0.00 M M 11.7 22 10 M M 5 33 10
13 64 20 42 -4 23 0 0.00 M M 3.1 10 300 M M 0 M M
14 74 32 53 7 12 0 0.00 M M 4.8 10 170 M M 0 20 160
15 73 46 60 14 5 0 0.00 M M 11.6 16 170 M M 0 30 M
16 75 59 67 21 0 2 0.00 M M 12.2 17 190 M M 3 32 M
17 65 26 46 0 19 0 0.03 M M 14.3 31 290 M M 8 1 38 330
18 53 20 37 -10 28 0 0.00 M M 1.9 6 120 M M 0 M M
19 65 24 45 -2 20 0 0.00 M M 4.1 9 130 M M 0 M M
20 72 44 58 11 7 0 0.00 M M 9.7 17 200 M M 0 26 200
21 77 53 65 17 0 0 0.35 M M 7.8 14 210 M M 3 1 31 300
22 64 27 46 -2 19 0 T M M 13.7 20 340 M M 3 35 280
23 26 18 22 -26 43 0 T M M 12.8 21 350 M M 9 1 26 340
24 28 18 23 -25 42 0 T M M 7.8 10 310 M M 9 1 18 10
25 37 16 27 -22 38 0 0.00 M M 7.1 13 350 M M 4 20 20
26 36 30 33 -16 32 0 0.00 M M 5.9 9 360 M M 10 M M
27 57 21 39 -10 26 0 0.00 M M 4.6 13 10 M M 0 18 10
28 67 20 44 -6 21 0 0.00 M M 2.6 6 130 M M 0 M M
================================================================================
SM 1601 779 626 2 0.42 M 211.6 M 86
================================================================================
AV 57.2 27.8 7.6 FASTST M M 3 MAX(MPH)
MISC ----> 31 290 38 330
================================================================================
NOTES:
# LAST OF SEVERAL OCCURRENCES
COLUMN 17 PEAK WIND IN M.P.H.
PRELIMINARY LOCAL CLIMATOLOGICAL DATA (WS FORM: F-6) , PAGE 2
STATION: GRAHAM
MONTH: FEBRUARY
YEAR: 2022
LATITUDE: 33 6 N
LONGITUDE: 98 30 W
[TEMPERATURE DATA] [PRECIPITATION DATA] SYMBOLS USED IN COLUMN 16
AVERAGE MONTHLY: 42.5 TOTAL FOR MONTH: 0.42 1 = FOG OR MIST
DPTR FM NORMAL: -3.6 DPTR FM NORMAL: -1.45 2 = FOG REDUCING VISIBILITY
HIGHEST: 77 ON 21,11 GRTST 24HR 0.35 ON 21-21 TO 1/4 MILE OR LESS
LOWEST: 10 ON 5 3 = THUNDER
SNOW, ICE PELLETS, HAIL 4 = ICE PELLETS
TOTAL MONTH: M 5 = HAIL
GRTST 24HR M ON M 6 = FREEZING RAIN OR DRIZZLE
GRTST DEPTH: M ON M 7 = DUSTSTORM OR SANDSTORM:
VSBY 1/2 MILE OR LESS
8 = SMOKE OR HAZE
[NO. OF DAYS WITH] [WEATHER - DAYS WITH] 9 = BLOWING SNOW
X = TORNADO
MAX 32 OR BELOW: 4 0.01 INCH OR MORE: 3
MAX 90 OR ABOVE: 0 0.10 INCH OR MORE: 1
MIN 32 OR BELOW: 23 0.50 INCH OR MORE: 0
MIN 0 OR BELOW: 0 1.00 INCH OR MORE: 0
[HDD (BASE 65) ]
TOTAL THIS MO. 626 CLEAR (SCALE 0-3) 18
DPTR FM NORMAL 97 PTCLDY (SCALE 4-7) 5
TOTAL FM JUL 1 1954 CLOUDY (SCALE 8-10) 5
DPTR FM NORMAL -442
[CDD (BASE 65) ]
TOTAL THIS MO. 2
DPTR FM NORMAL 1 [PRESSURE DATA]
TOTAL FM JAN 1 2 HIGHEST SLP M ON M
DPTR FM NORMAL 2 LOWEST SLP M ON M
[REMARKS]
#FINAL-02-22#